438
CXUS56 KLOX 011655
CF6SDB
PRELIMINARY LOCAL CLIMATOLOGICAL DATA (WS FORM: F-6)
STATION: SANDBERG CA
MONTH: SEPTEMBER
YEAR: 2020
LATITUDE: 34 45 N
LONGITUDE: 118 44 W
TEMPERATURE IN F: :PCPN: SNOW: WIND :SUNSHINE: SKY :PK WND
================================================================================
1 2 3 4 5 6A 6B 7 8 9 10 11 12 13 14 15 16 17 18
12Z AVG MX 2MIN
DY MAX MIN AVG DEP HDD CDD WTR SNW DPTH SPD SPD DIR MIN PSBL S-S WX SPD DR
================================================================================
1 89 66 78 5 0 13 0.00 M M 9.3 15 170 M M M 24 160
2 93 68 81 9 0 16 0.00 M M 12.6 28 320 M M M 36 330
3 93 72 83 11 0 18 0.00 M M 12.4 23 320 M M M 31 320
4 101 74 88 16 0 23 0.00 M M 10.3 18 170 M M M 25 140
5 102 83 93 21 0 28 0.00 M M 10.7 25 130 M M M 40 150
6 105 83 94 22 0 29 0.00 M M 10.0 23 320 M M M 34 330
7 95 79 87 15 0 22 0.00 M M 11.4 22 320 M M M 31 340
8 90 66 78 7 0 13 0.00 M M 17.9 32 320 M M M 39 310
9 78 59 69 -2 0 4 0.00 M M 13.9 28 60 M M M 36 60
10 75 63 69 -2 0 4 0.00 M M 6.3 15 310 M M M 18 70
11 79 65 72 1 0 7 0.00 M M 6.0 15 50 M M M 22 60
12 85 68 77 7 0 12 0.00 M M 7.0 18 70 M M M 24 70
13 88 70 79 9 0 14 0.00 M M 6.7 15 160 M M M 23 150
14 87 70 79 9 0 14 0.00 M M 9.4 18 160 M M M 22 150
15 86 69 78 8 0 13 0.00 M M 8.3 17 150 M M M 34 170
16 88 67 78 9 0 13 0.00 M M 9.0 17 160 M M M 22 140
17 89 70 80 11 0 15 0.00 M M 9.4 20 310 M M M 26 160
18 90 63 77 8 0 12 0.00 M M 10.2 22 310 M M M 26 320
19 86 57 72 4 0 7 0.00 M M 10.9 18 310 M M M 24 140
20 85 64 75 7 0 10 0.00 M M 9.1 18 170 M M M 25 140
21 85 66 76 8 0 11 0.00 M M 11.3 22 170 M M M 31 170
22 85 64 75 7 0 10 0.00 M M 11.3 23 330 M M M 30 320
23 84 63 74 7 0 9 0.00 M M 12.4 26 330 M M M 32 320
24 82 62 72 5 0 7 0.00 M M 16.9 28 320 M M M 40 340
25 81 61 71 4 0 6 0.00 0.0 M 17.2 32 320 M M 0 8 40 340
26 77 59 68 2 0 3 0.00 0.0 0 22.4 33 320 M M 1 8 39 310
27 87 63 75 9 0 10 0.00 0.0 0 14.0 30 320 M M 0 37 80
28 87 72 80 14 0 15 0.00 0.0 0 18.4 33 70 M M 0 46 70
29 90 72 81 16 0 16 0.00 0.0 0 12.3 18 70 M M 0 26 60
30 87 72 80 15 0 15 0.00 0.0 0 13.6 25 320 M M 0 30 320
================================================================================
SM 2629 2030 0 389 0.00 0.0 350.6 M 1
================================================================================
AV 87.6 67.7 11.7 FASTST M M 0 MAX(MPH)
MISC ----> # 33 320 # 46 70
================================================================================
NOTES:
# LAST OF SEVERAL OCCURRENCES
COLUMN 17 PEAK WIND IN M.P.H.
PRELIMINARY LOCAL CLIMATOLOGICAL DATA (WS FORM: F-6) , PAGE 2
STATION: SANDBERG CA
MONTH: SEPTEMBER
YEAR: 2020
LATITUDE: 34 45 N
LONGITUDE: 118 44 W
[TEMPERATURE DATA] [PRECIPITATION DATA] SYMBOLS USED IN COLUMN 16
AVERAGE MONTHLY: 77.7 TOTAL FOR MONTH: 0.00 1 = FOG OR MIST
DPTR FM NORMAL: 8.3 DPTR FM NORMAL: -0.17 2 = FOG REDUCING VISIBILITY
HIGHEST: 105 ON 6 GRTST 24HR 0.00 ON 30-30 TO 1/4 MILE OR LESS
LOWEST: 57 ON 19 3 = THUNDER
SNOW, ICE PELLETS, HAIL 4 = ICE PELLETS
TOTAL MONTH: 0.0 INCH 5 = HAIL
GRTST 24HR 0.0 6 = FREEZING RAIN OR DRIZZLE
GRTST DEPTH: 0 7 = DUSTSTORM OR SANDSTORM:
VSBY 1/2 MILE OR LESS
8 = SMOKE OR HAZE
[NO. OF DAYS WITH] [WEATHER - DAYS WITH] 9 = BLOWING SNOW
X = TORNADO
MAX 32 OR BELOW: 0 0.01 INCH OR MORE: 0
MAX 90 OR ABOVE: 9 0.10 INCH OR MORE: 0
MIN 32 OR BELOW: 0 0.50 INCH OR MORE: 0
MIN 0 OR BELOW: 0 1.00 INCH OR MORE: 0
[HDD (BASE 65) ]
TOTAL THIS MO. 0 CLEAR (SCALE 0-3) 6
DPTR FM NORMAL -61 PTCLDY (SCALE 4-7) 0
TOTAL FM JUL 1 0 CLOUDY (SCALE 8-10) 0
DPTR FM NORMAL -78
[CDD (BASE 65) ]
TOTAL THIS MO. 389
DPTR FM NORMAL 200 [PRESSURE DATA]
TOTAL FM JAN 1 1430 HIGHEST SLP 30.05 ON 15
DPTR FM NORMAL 484 LOWEST SLP 29.65 ON 8
[REMARKS]
#FINAL-09-20#