000
CXUS53 KLMK 010710
CF6SDF
PRELIMINARY LOCAL CLIMATOLOGICAL DATA (WS FORM: F-6)
STATION: LOUISVILLE KY
MONTH: JUNE
YEAR: 2023
LATITUDE: 38 10 N
LONGITUDE: 85 44 W
TEMPERATURE IN F: :PCPN: SNOW: WIND :SUNSHINE: SKY :PK WND
================================================================================
1 2 3 4 5 6A 6B 7 8 9 10 11 12 13 14 15 16 17 18
12Z AVG MX 2MIN
DY MAX MIN AVG DEP HDD CDD WTR SNW DPTH SPD SPD DIR MIN PSBL S-S WX SPD DR
================================================================================
1 90 68 79 6 0 14 0.00 0.0 0 3.9 12 100 M M 4 16 90
2 91 69 80 7 0 15 0.00 0.0 0 4.3 15 20 M M 1 20 60
3 93 66 80 7 0 15 0.00 0.0 0 5.8 14 80 M M 4 20 70
4 90 69 80 6 0 15 0.00 0.0 0 6.9 15 10 M M 4 8 25 20
5 87 63 75 1 0 10 0.00 0.0 0 6.9 16 20 M M 3 24 10
6 87 62 75 1 0 10 0.00 0.0 0 6.0 18 270 M M 6 8 21 270
7 77 65 71 -3 0 6 1.11 0.0 0 4.2 14 360 M M 9 18 22 10
8 80 57 69 -6 0 4 0.00 0.0 0 4.3 14 340 M M 2 18 18 30
9 81 57 69 -6 0 4 0.00 0.0 0 4.0 16 260 M M 1 20 270
10 83 57 70 -5 0 5 0.00 0.0 0 4.3 13 220 M M 4 19 160
11 84 64 74 -2 0 9 0.21 0.0 0 9.7 24 210 M M 8 13 34 200
12 72 59 66 -10 0 1 T 0.0 0 10.0 21 340 M M 7 28 350
13 81 55 68 -8 0 3 0.00 0.0 0 12.9 28 260 M M 2 37 250
14 85 65 75 -1 0 10 0.00 0.0 0 10.3 20 280 M M 6 25 280
15 86 67 77 0 0 12 0.00 0.0 0 3.3 12 250 M M 4 8 16 230
16 79 64 72 -5 0 7 0.00 0.0 0 9.0 16 360 M M 1 8 21 10
17 83 62 73 -4 0 8 0.00 0.0 0 3.7 10 30 M M 1 8 15 10
18 85 61 73 -4 0 8 T 0.0 0 6.2 17 160 M M 6 8 28 180
19 79 69 74 -4 0 9 1.00 0.0 0 7.4 14 110 M M 10 13 20 80
20 86 71 79 1 0 14 0.01 0.0 0 10.8 21 60 M M 9 138 29 30
21 81 68 75 -3 0 10 0.28 0.0 0 8.5 18 90 M M 8 13 27 90
22 73 64 69 -9 0 4 0.00 0.0 0 7.3 14 70 M M 9 21 60
23 80 68 74 -4 0 9 T 0.0 0 3.5 13 270 M M 9 18 260
24 90 69 80 2 0 15 0.00 0.0 0 6.3 14 250 M M 5 22 250
25 89 69 79 0 0 14 2.17 T 0 9.9 35 350 M M 6 135 54 340
26 86 69 78 -1 0 13 T 0.0 0 10.9 22 260 M M 4 29 270
27 84 67 76 -3 0 11 0.00 0.0 0 10.0 20 280 M M 3 8 27 290
28 85 65 75 -4 0 10 0.00 0.0 0 3.3 10 140 M M 5 18 17 10
29 81 70 76 -3 0 11 0.21 0.0 0 7.6 28 320 M M 8 138 43 320
30 88 70 79 0 0 14 0.00 0.0 0 6.0 15 140 M M 9 3 21 140
================================================================================
SM 2516 1949 0 290 4.99 T 207.2 M 158
================================================================================
AV 83.9 65.0 6.9 FASTST M M 5 MAX(MPH)
MISC ----> 35 350 54 340
================================================================================
NOTES:
# LAST OF SEVERAL OCCURRENCES
COLUMN 17 PEAK WIND IN M.P.H.
PRELIMINARY LOCAL CLIMATOLOGICAL DATA (WS FORM: F-6) , PAGE 2
STATION: LOUISVILLE KY
MONTH: JUNE
YEAR: 2023
LATITUDE: 38 10 N
LONGITUDE: 85 44 W
[TEMPERATURE DATA] [PRECIPITATION DATA] SYMBOLS USED IN COLUMN 16
AVERAGE MONTHLY: 74.4 TOTAL FOR MONTH: 4.99 1 = FOG OR MIST
DPTR FM NORMAL: -2.0 DPTR FM NORMAL: 0.72 2 = FOG REDUCING VISIBILITY
HIGHEST: 93 ON 3 GRTST 24HR 2.17 ON 25-25 TO 1/4 MILE OR LESS
LOWEST: 55 ON 13 3 = THUNDER
SNOW, ICE PELLETS, HAIL 4 = ICE PELLETS
TOTAL MONTH: T 5 = HAIL
GRTST 24HR T ON 25-25 6 = FREEZING RAIN OR DRIZZLE
GRTST DEPTH: 0 7 = DUSTSTORM OR SANDSTORM:
VSBY 1/2 MILE OR LESS
8 = SMOKE OR HAZE
[NO. OF DAYS WITH] [WEATHER - DAYS WITH] 9 = BLOWING SNOW
X = TORNADO
MAX 32 OR BELOW: 0 0.01 INCH OR MORE: 7
MAX 90 OR ABOVE: 5 0.10 INCH OR MORE: 6
MIN 32 OR BELOW: 0 0.50 INCH OR MORE: 3
MIN 0 OR BELOW: 0 1.00 INCH OR MORE: 3
[HDD (BASE 65) ]
TOTAL THIS MO. 0 CLEAR (SCALE 0-3) 7
DPTR FM NORMAL -3 PTCLDY (SCALE 4-7) 16
TOTAL FM JUL 1 3379 CLOUDY (SCALE 8-10) 7
DPTR FM NORMAL -554
[CDD (BASE 65) ]
TOTAL THIS MO. 290
DPTR FM NORMAL -56 [PRESSURE DATA]
TOTAL FM JAN 1 458 HIGHEST SLP M ON M
DPTR FM NORMAL -101 LOWEST SLP 29.54 ON 11
[REMARKS]
#FINAL-06-23#