000
CXUS56 KSGX 011045
CF6SDM
PRELIMINARY LOCAL CLIMATOLOGICAL DATA (WS FORM: F-6)
STATION: SAN DIEGO/BROWN
MONTH: OCTOBER
YEAR: 2021
LATITUDE: 32 34 N
LONGITUDE: 116 59 W
TEMPERATURE IN F: :PCPN: SNOW: WIND :SUNSHINE: SKY :PK WND
================================================================================
1 2 3 4 5 6A 6B 7 8 9 10 11 12 13 14 15 16 17 18
12Z AVG MX 2MIN
DY MAX MIN AVG DEP HDD CDD WTR SNW DPTH SPD SPD DIR MIN PSBL S-S WX SPD DR
================================================================================
1 93 53 73 5 0 8 0.00 M M 5.5 14 270 M M 0 8 17 270
2 97 58 78 10 0 13 0.00 M M 4.8 14 250 M M 0 20 270
3 93 60 77 9 0 12 0.00 M M 5.5 16 260 M M 0 21 260
4 88 63 76 8 0 11 0.44 M M 5.2 18 200 M M 4 13 23 200
5 77 64 71 3 0 6 0.12 M M 6.5 21 50 M M 5 13 28 50
6 73 65 69 2 0 4 0.00 M M 3.3 14 280 M M 9 17 270
7 73 63 68 1 0 3 0.00 M M 4.0 12 270 M M 7 15 280
8 70 58 64 -3 1 0 0.10 M M 3.9 13 280 M M 7 1 17 290
9 73 55 64 -3 1 0 0.00 M M 4.4 15 280 M M 1 8 20 280
10 82 51 67 0 0 2 0.00 M M 5.5 14 280 M M 0 128 17 300
11 72 50 61 -6 4 0 0.00 M M 9.8 20 210 M M 6 18 26 200
12 70 51 61 -5 4 0 0.00 M M 5.8 17 280 M M 2 23 270
13 74 43 59 -7 6 0 0.00 M M 5.3 14 280 M M 0 8 18 270
14 75 47 61 -5 4 0 0.00 M M 4.7 14 260 M M 0 8 18 280
15 90 50 70 4 0 5 0.00 M M 4.7 14 280 M M 0 8 20 120
16 89 51 70 4 0 5 0.00 M M 4.4 15 250 M M 0 8 19 280
17 77 50 64 -2 1 0 0.00 M M 5.6 14 260 M M 1 17 280
18 68 52 60 -6 5 0 T M M 5.9 15 250 M M 7 19 210
19 68 45 57 -9 8 0 0.00 M M 4.3 13 280 M M 0 8 16 260
20 72 45 59 -7 6 0 0.00 M M 4.0 13 280 M M 0 19 260
21 75 47 61 -4 4 0 0.00 M M 3.9 12 270 M M 1 18 16 250
22 71 56 64 -1 1 0 0.00 M M 3.7 14 280 M M 7 128 18 270
23 69 55 62 -3 3 0 T M M 5.2 14 250 M M 8 18 18 250
24 72 51 62 -3 3 0 0.00 M M 4.4 13 280 M M 3 8 20 290
25 68 49 59 -6 6 0 0.27 M M 6.1 17 190 M M 9 18 22 280
26 69 48 59 -6 6 0 0.00 M M 4.4 14 280 M M 2 1 18 280
27 83 47 65 1 0 0 0.00 M M 4.7 12 280 M M 0 18 15 280
28 88 54 71 7 0 6 0.00 M M 4.9 10 280 M M 0 15 300
29 81 56 69 5 0 4 0.00 M M 4.4 10 280 M M 1 128 14 280
30 69 57 63 -1 2 0 0.00 M M 2.7 12 270 M M 6 128 15 280
31 69 53 61 -3 4 0 0.00 M M 2.4 10 260 M M 4 18 15 270
================================================================================
SM 2388 1647 69 79 0.93 M 149.9 M 90
================================================================================
AV 77.0 53.1 4.8 FASTST M M 3 MAX(MPH)
MISC ----> 21 50 28 50
================================================================================
NOTES:
# LAST OF SEVERAL OCCURRENCES
COLUMN 17 PEAK WIND IN M.P.H.
PRELIMINARY LOCAL CLIMATOLOGICAL DATA (WS FORM: F-6) , PAGE 2
STATION: SAN DIEGO/BROWN
MONTH: OCTOBER
YEAR: 2021
LATITUDE: 32 34 N
LONGITUDE: 116 59 W
[TEMPERATURE DATA] [PRECIPITATION DATA] SYMBOLS USED IN COLUMN 16
AVERAGE MONTHLY: 65.1 TOTAL FOR MONTH: 0.93 1 = FOG OR MIST
DPTR FM NORMAL: -0.9 DPTR FM NORMAL: 0.49 2 = FOG REDUCING VISIBILITY
HIGHEST: 97 ON 2 GRTST 24HR 0.56 ON 4- 5 TO 1/4 MILE OR LESS
LOWEST: 43 ON 13 3 = THUNDER
SNOW, ICE PELLETS, HAIL 4 = ICE PELLETS
TOTAL MONTH: M 5 = HAIL
GRTST 24HR M ON M 6 = FREEZING RAIN OR DRIZZLE
GRTST DEPTH: M ON M 7 = DUSTSTORM OR SANDSTORM:
VSBY 1/2 MILE OR LESS
8 = SMOKE OR HAZE
[NO. OF DAYS WITH] [WEATHER - DAYS WITH] 9 = BLOWING SNOW
X = TORNADO
MAX 32 OR BELOW: 0 0.01 INCH OR MORE: 4
MAX 90 OR ABOVE: 4 0.10 INCH OR MORE: 4
MIN 32 OR BELOW: 0 0.50 INCH OR MORE: 0
MIN 0 OR BELOW: 0 1.00 INCH OR MORE: 0
[HDD (BASE 65) ]
TOTAL THIS MO. 69 CLEAR (SCALE 0-3) 19
DPTR FM NORMAL 23 PTCLDY (SCALE 4-7) 9
TOTAL FM JUL 1 69 CLOUDY (SCALE 8-10) 3
DPTR FM NORMAL 13
[CDD (BASE 65) ]
TOTAL THIS MO. 79
DPTR FM NORMAL 2 [PRESSURE DATA]
TOTAL FM JAN 1 1021 HIGHEST SLP 30.16 ON 27
DPTR FM NORMAL 312 LOWEST SLP 29.72 ON 11
[REMARKS]
#FINAL-10-21#