000
CXUS56 KSGX 011245
CF6SDM
PRELIMINARY LOCAL CLIMATOLOGICAL DATA (WS FORM: F-6)
STATION: SAN DIEGO/BROWN
MONTH: NOVEMBER
YEAR: 2020
LATITUDE: 32 34 N
LONGITUDE: 116 59 W
TEMPERATURE IN F: :PCPN: SNOW: WIND :SUNSHINE: SKY :PK WND
================================================================================
1 2 3 4 5 6A 6B 7 8 9 10 11 12 13 14 15 16 17 18
12Z AVG MX 2MIN
DY MAX MIN AVG DEP HDD CDD WTR SNW DPTH SPD SPD DIR MIN PSBL S-S WX SPD DR
================================================================================
1 85 54 70 8 0 5 0.00 0.0 0 4.2 10 280 M M 0 18 14 280
2 76 51 64 2 1 0 0.00 0.0 0 3.0 12 280 M M 1 128 14 280
3 76 51 64 2 1 0 0.00 0.0 0 2.8 10 270 M M 2 128 15 270
4 81 50 66 5 0 1 0.00 0.0 0 4.5 12 270 M M 1 128 14 270
5 96 54 75 14 0 10 0.00 0.0 0 5.1 14 280 M M 0 18 16 290
6 79 53 66 5 0 1 0.02 0.0 0 7.4 17 210 M M 3 18 23 270
7 62 51 57 -4 8 0 0.21 0.0 0 10.4 31 250 M M 8 1 42 250
8 62 50 56 -4 9 0 0.21 0.0 0 9.3 23 280 M M 8 18 33 290
9 62 44 53 -7 12 0 T M 0 3.9 15 270 M M 3 19 290
10 67 40 54 -6 11 0 0.00 0.0 0 4.5 13 290 M M 0 18 280
11 71 41 56 -4 9 0 0.00 0.0 0 4.6 13 270 M M 0 1 18 280
12 71 43 57 -2 8 0 0.00 0.0 0 4.7 9 270 M M 0 8 13 290
13 69 42 56 -3 9 0 0.00 0.0 0 4.5 13 280 M M 0 18 18 260
14 70 49 60 1 5 0 0.00 0.0 0 4.6 13 270 M M 2 1 16 270
15 86 48 67 8 0 2 0.00 0.0 0 5.7 12 280 M M 0 1 14 290
16 96 52 74 16 0 9 0.00 0.0 0 7.6 15 130 M M 0 8 22 140
17 86 53 70 12 0 5 0.00 0.0 0 4.0 10 280 M M 0 12 13 300
18 69 49 59 1 6 0 0.00 0.0 0 3.8 10 270 M M 4 12 13 280
19 70 45 58 0 7 0 0.00 0.0 0 3.3 12 270 M M 0 18 16 280
20 76 47 62 4 3 0 0.00 0.0 0 3.9 12 280 M M 0 1 15 270
21 75 48 62 5 3 0 0.00 0.0 0 2.9 10 280 M M 0 18 13 280
22 74 48 61 4 4 0 0.00 0.0 0 2.8 9 290 M M 2 128 12 280
23 67 42 55 -2 10 0 0.00 0.0 0 6.4 13 250 M M 6 128 17 260
24 68 46 57 0 8 0 0.00 0.0 0 3.8 12 270 M M 0 1 15 270
25 67 44 56 0 9 0 0.00 0.0 0 4.3 12 280 M M 1 18 18 310
26 66 44 55 -1 10 0 0.00 0.0 0 3.4 12 250 M M 3 18 15 250
27 71 38 55 -1 10 0 0.00 0.0 0 4.3 10 280 M M 0 14 280
28 76 41 59 3 6 0 0.00 0.0 0 4.6 13 270 M M 0 16 280
29 78 38 58 2 7 0 0.00 0.0 0 4.6 10 270 M M 0 14 290
30 78 45 62 6 3 0 0.00 0.0 0 5.4 12 270 M M 0 8 14 270
================================================================================
SM 2230 1401 159 33 0.44 0.0 144.3 M 44
================================================================================
AV 74.3 46.7 4.8 FASTST M M 1 MAX(MPH)
MISC ----> # 31 250 # 42 250
================================================================================
NOTES:
# LAST OF SEVERAL OCCURRENCES
COLUMN 17 PEAK WIND IN M.P.H.
PRELIMINARY LOCAL CLIMATOLOGICAL DATA (WS FORM: F-6) , PAGE 2
STATION: SAN DIEGO/BROWN
MONTH: NOVEMBER
YEAR: 2020
LATITUDE: 32 34 N
LONGITUDE: 116 59 W
[TEMPERATURE DATA] [PRECIPITATION DATA] SYMBOLS USED IN COLUMN 16
AVERAGE MONTHLY: 60.5 TOTAL FOR MONTH: 0.44 1 = FOG OR MIST
DPTR FM NORMAL: 1.8 DPTR FM NORMAL: -0.71 2 = FOG REDUCING VISIBILITY
HIGHEST: 96 ON 16, 5 GRTST 24HR 0.21 ON 8- 8 TO 1/4 MILE OR LESS
LOWEST: 38 ON 29,27 3 = THUNDER
SNOW, ICE PELLETS, HAIL 4 = ICE PELLETS
TOTAL MONTH: 0.0 INCH 5 = HAIL
GRTST 24HR 0.0 6 = FREEZING RAIN OR DRIZZLE
GRTST DEPTH: 0 7 = DUSTSTORM OR SANDSTORM:
VSBY 1/2 MILE OR LESS
8 = SMOKE OR HAZE
[NO. OF DAYS WITH] [WEATHER - DAYS WITH] 9 = BLOWING SNOW
X = TORNADO
MAX 32 OR BELOW: 0 0.01 INCH OR MORE: 3
MAX 90 OR ABOVE: 2 0.10 INCH OR MORE: 2
MIN 32 OR BELOW: 0 0.50 INCH OR MORE: 0
MIN 0 OR BELOW: 0 1.00 INCH OR MORE: 0
[HDD (BASE 65) ]
TOTAL THIS MO. 159 CLEAR (SCALE 0-3) 24
DPTR FM NORMAL -45 PTCLDY (SCALE 4-7) 5
TOTAL FM JUL 1 178 CLOUDY (SCALE 8-10) 1
DPTR FM NORMAL -91
[CDD (BASE 65) ]
TOTAL THIS MO. 33
DPTR FM NORMAL 18 [PRESSURE DATA]
TOTAL FM JAN 1 1179 HIGHEST SLP 30.17 ON 28
DPTR FM NORMAL 556 LOWEST SLP 29.69 ON 6
[REMARKS]
#FINAL-11-20#