000
CXUS54 KFWD 010840
CF6SEP
PRELIMINARY LOCAL CLIMATOLOGICAL DATA (WS FORM: F-6)
STATION: STEPHENVILLE
MONTH: FEBRUARY
YEAR: 2024
LATITUDE: 32 13 N
LONGITUDE: 98 11 W
TEMPERATURE IN F: :PCPN: SNOW: WIND :SUNSHINE: SKY :PK WND
================================================================================
1 2 3 4 5 6A 6B 7 8 9 10 11 12 13 14 15 16 17 18
12Z AVG MX 2MIN
DY MAX MIN AVG DEP HDD CDD WTR SNW DPTH SPD SPD DIR MIN PSBL S-S WX SPD DR
================================================================================
1 74 48 61 16 4 0 0.00 M M 7.0 16 180 M M 1 22 170
2 65 51 58 13 7 0 0.48 M M 9.5 17 150 M M 8 25 160
3 66 47 57 12 8 0 0.00 M M 6.4 18 260 M M 3 25 260
4 65 48 57 12 8 0 0.00 M M 13.3 22 310 M M 5 30 310
5 62 44 53 7 12 0 0.00 M M 13.0 22 330 M M 5 27 340
6 67 37 52 6 13 0 0.00 M M 3.3 10 130 M M 0 M M
7 64 47 56 10 9 0 0.00 M M 10.2 16 170 M M 1 22 180
8 65 51 58 12 7 0 0.00 M M 4.7 12 240 M M 3 M M
9 70 49 60 14 5 0 0.00 M M 4.1 10 230 M M 0 17 220
10 61 52 57 11 8 0 0.94 M M 4.6 14 90 M M 9 18 290
11 52 37 45 -1 20 0 0.65 M M 13.2 17 330 M M 10 25 330
12 55 36 46 -1 19 0 0.00 M M 11.2 18 320 M M 3 29 290
13 66 32 49 2 16 0 0.00 M M 4.1 12 180 M M 0 9 200
14 68 40 54 7 11 0 0.00 M M 6.9 15 200 M M 2 25 180
15 71 50 61 14 4 0 0.00 M M 5.5 9 230 M M 0 M M
16 69 39 54 6 11 0 0.00 M M 11.8 21 360 M M 0 30 360
17 44 32 38 -10 27 0 0.00 M M 13.7 21 350 M M 3 28 350
18 53 27 40 -8 25 0 0.00 M M 3.8 10 340 M M 0 M M
19 71 35 53 5 12 0 0.00 M M 6.1 13 210 M M 0 21 210
20 82 43 63 15 2 0 0.00 M M 6.2 17 180 M M 0 23 180
21 82 50 66 17 0 1 0.00 M M 9.2 17 170 M M 0 24 170
22 81 55 68 19 0 3 0.00 M M 7.9 17 320 M M 0 25 320
23 71 46 59 10 6 0 0.00 M M 7.7 12 320 M M 0 18 10
24 77 41 59 10 6 0 0.00 M M 3.3 8 190 M M 0 16 220
25 85 52 69 19 0 4 0.00 M M 7.6 15 250 M M 0 22 220
26 93 54 74 24 0 9 0.00 M M 6.0 15 230 M M 0 22 230
27 80 60 70 20 0 5 0.00 M M 5.8 10 180 M M 0 M M
28 71 39 55 5 10 0 0.00 M M 12.5 23 350 M M 1 36 350
29 51 37 44 -6 21 0 0.00 M M 4.6 12 50 M M 8 9 90
================================================================================
SM 1981 1279 271 22 2.07 M 223.1 M 62
================================================================================
AV 68.3 44.1 7.7 FASTST M M 2 MAX(MPH)
MISC ----> 23 350 36 350
================================================================================
NOTES:
# LAST OF SEVERAL OCCURRENCES
COLUMN 17 PEAK WIND IN M.P.H.
PRELIMINARY LOCAL CLIMATOLOGICAL DATA (WS FORM: F-6) , PAGE 2
STATION: STEPHENVILLE
MONTH: FEBRUARY
YEAR: 2024
LATITUDE: 32 13 N
LONGITUDE: 98 11 W
[TEMPERATURE DATA] [PRECIPITATION DATA] SYMBOLS USED IN COLUMN 16
AVERAGE MONTHLY: 56.2 TOTAL FOR MONTH: 2.07 1 = FOG OR MIST
DPTR FM NORMAL: 8.8 DPTR FM NORMAL: -0.18 2 = FOG REDUCING VISIBILITY
HIGHEST: 93 ON 26 GRTST 24HR 0.94 ON 10-10 TO 1/4 MILE OR LESS
LOWEST: 27 ON 18 3 = THUNDER
SNOW, ICE PELLETS, HAIL 4 = ICE PELLETS
TOTAL MONTH: M 5 = HAIL
GRTST 24HR M ON M 6 = FREEZING RAIN OR DRIZZLE
GRTST DEPTH: M ON M 7 = DUSTSTORM OR SANDSTORM:
VSBY 1/2 MILE OR LESS
8 = SMOKE OR HAZE
[NO. OF DAYS WITH] [WEATHER - DAYS WITH] 9 = BLOWING SNOW
X = TORNADO
MAX 32 OR BELOW: 0 0.01 INCH OR MORE: 3
MAX 90 OR ABOVE: 1 0.10 INCH OR MORE: 3
MIN 32 OR BELOW: 3 0.50 INCH OR MORE: 2
MIN 0 OR BELOW: 0 1.00 INCH OR MORE: 0
[HDD (BASE 65) ]
TOTAL THIS MO. 271 CLEAR (SCALE 0-3) 21
DPTR FM NORMAL -225 PTCLDY (SCALE 4-7) 5
TOTAL FM JUL 1 1728 CLOUDY (SCALE 8-10) 3
DPTR FM NORMAL -545
[CDD (BASE 65) ]
TOTAL THIS MO. 22
DPTR FM NORMAL 20 [PRESSURE DATA]
TOTAL FM JAN 1 22 HIGHEST SLP M ON M
DPTR FM NORMAL 19 LOWEST SLP M ON M
[REMARKS]
#FINAL-02-24#