000
CXUS52 KMLB 230710
CF6SFB
PRELIMINARY LOCAL CLIMATOLOGICAL DATA (WS FORM: F-6)
STATION: SANFORD
MONTH: APRIL
YEAR: 2024
LATITUDE: 28 46 N
LONGITUDE: 81 15 W
TEMPERATURE IN F: :PCPN: SNOW: WIND :SUNSHINE: SKY :PK WND
================================================================================
1 2 3 4 5 6A 6B 7 8 9 10 11 12 13 14 15 16 17 18
12Z AVG MX 2MIN
DY MAX MIN AVG DEP HDD CDD WTR SNW DPTH SPD SPD DIR MIN PSBL S-S WX SPD DR
================================================================================
1 85 61 73 3 0 8 0.00 0.0 0 6.3 14 220 M M 0 20 230
2 88 65 77 7 0 12 0.00 0.0 0 7.3 17 240 M M 1 23 260
3 83 62 73 3 0 8 1.08 0.0 0 13.0 31 310 M M 7 13 45 240
4 76 57 67 -3 0 2 0.00 0.0 0 11.3 28 290 M M 1 34 290
5 79 51 65 -5 0 0 0.00 0.0 0 10.6 23 270 M M 0 34 270
6 76 57 67 -4 0 2 0.00 0.0 0 7.6 17 70 M M 0 22 80
7 78 54 66 -5 0 1 0.00 0.0 0 6.5 16 90 M M 0 21 60
8 79 56 68 -3 0 3 0.00 0.0 0 7.7 17 110 M M 2 24 110
9 82 59 71 0 0 6 0.00 0.0 0 8.5 20 140 M M 1 27 130
10 85 63 74 3 0 9 0.00 0.0 0 11.8 23 130 M M 4 30 150
11 81 69 75 3 0 10 0.36 0.0 0 16.4 26 260 M M 6 13 44 180
12 80 59 70 -2 0 5 0.00 0.0 0 13.1 23 290 M M 1 35 280
13 79 53 66 -6 0 1 0.00 0.0 0 5.8 15 20 M M 0 22 20
14 83 53 68 -4 0 3 0.00 0.0 0 5.8 16 120 M M 0 20 130
15 84 60 72 0 0 7 0.00 0.0 0 5.8 14 110 M M 0 20 80
16 85 59 72 0 0 7 0.00 0.0 0 7.3 17 80 M M 1 25 130
17 86 61 74 1 0 9 0.00 0.0 0 6.9 17 140 M M 0 26 150
18 89 66 78 5 0 13 0.00 0.0 0 5.1 16 130 M M 0 22 130
19 91 67 79 6 0 14 0.00 0.0 0 5.3 14 290 M M 1 18 280
20 90 67 79 6 0 14 0.00 0.0 0 5.1 12 150 M M 1 17 250
21 89 67 78 5 0 13 0.18 0.0 0 9.7 23 270 M M 2 13 34 280
22 75 59 67 -7 0 2 0.00 0.0 0 9.4 20 20 M M 6 28 40
================================================================================
SM 1823 1325 0 149 1.62 0.0 186.3 M 34
================================================================================
AV 82.9 60.2 8.5 FASTST M M 2 MAX(MPH)
MISC ----> 31 310 45 240
================================================================================
NOTES:
# LAST OF SEVERAL OCCURRENCES
COLUMN 17 PEAK WIND IN M.P.H.
PRELIMINARY LOCAL CLIMATOLOGICAL DATA (WS FORM: F-6) , PAGE 2
STATION: SANFORD
MONTH: APRIL
YEAR: 2024
LATITUDE: 28 46 N
LONGITUDE: 81 15 W
[TEMPERATURE DATA] [PRECIPITATION DATA] SYMBOLS USED IN COLUMN 16
AVERAGE MONTHLY: 71.5 TOTAL FOR MONTH: 1.62 1 = FOG OR MIST
DPTR FM NORMAL: -0.1 DPTR FM NORMAL: -0.16 2 = FOG REDUCING VISIBILITY
HIGHEST: 91 ON 19 GRTST 24HR 1.08 ON 3- 3 TO 1/4 MILE OR LESS
LOWEST: 51 ON 5 3 = THUNDER
SNOW, ICE PELLETS, HAIL 4 = ICE PELLETS
TOTAL MONTH: 0.0 INCH 5 = HAIL
GRTST 24HR 0.0 6 = FREEZING RAIN OR DRIZZLE
GRTST DEPTH: 0 7 = DUSTSTORM OR SANDSTORM:
VSBY 1/2 MILE OR LESS
8 = SMOKE OR HAZE
[NO. OF DAYS WITH] [WEATHER - DAYS WITH] 9 = BLOWING SNOW
X = TORNADO
MAX 32 OR BELOW: 0 0.01 INCH OR MORE: 3
MAX 90 OR ABOVE: 2 0.10 INCH OR MORE: 3
MIN 32 OR BELOW: 0 0.50 INCH OR MORE: 1
MIN 0 OR BELOW: 0 1.00 INCH OR MORE: 1
[HDD (BASE 65) ]
TOTAL THIS MO. 0 CLEAR (SCALE 0-3) 18
DPTR FM NORMAL -7 PTCLDY (SCALE 4-7) 4
TOTAL FM JUL 1 408 CLOUDY (SCALE 8-10) 0
DPTR FM NORMAL -145
[CDD (BASE 65) ]
TOTAL THIS MO. 149
DPTR FM NORMAL -6 [PRESSURE DATA]
TOTAL FM JAN 1 429 HIGHEST SLP M ON M
DPTR FM NORMAL 42 LOWEST SLP 29.61 ON 3
[REMARKS]