000
CXUS52 KMLB 010632
CF6SFB
PRELIMINARY LOCAL CLIMATOLOGICAL DATA (WS FORM: F-6)
STATION: SANFORD
MONTH: MAY
YEAR: 2020
LATITUDE: 28 46 N
LONGITUDE: 81 15 W
TEMPERATURE IN F: :PCPN: SNOW: WIND :SUNSHINE: SKY :PK WND
================================================================================
1 2 3 4 5 6A 6B 7 8 9 10 11 12 13 14 15 16 17 18
12Z AVG MX 2MIN
DY MAX MIN AVG DEP HDD CDD WTR SNW DPTH SPD SPD DIR MIN PSBL S-S WX SPD DR
================================================================================
1 82 57 70 -4 0 5 0.00 0.0 0 7.3 16 280 M M 0 22 270
2 87 57 72 -2 0 7 0.00 0.0 0 5.7 16 50 M M 0 19 50
3 88 61 75 0 0 10 0.00 0.0 0 3.9 15 110 M M 0 19 100
4 90 67 79 4 0 14 0.00 0.0 0 5.6 13 250 M M 0 15 250
5 91 65 78 3 0 13 0.00 0.0 0 7.0 18 280 M M 0 22 240
6 91 69 80 5 0 15 T 0.0 0 10.6 24 320 M M 2 32 320
7 77 58 68 -8 0 3 0.00 0.0 0 10.0 18 60 M M 0 24 70
8 86 52 69 -7 0 4 0.00 0.0 0 7.5 24 270 M M 0 26 270
9 83 66 75 -1 0 10 0.00 0.0 0 10.7 22 50 M M 4 27 40
10 82 67 75 -1 0 10 T 0.0 0 9.0 18 80 M M 7 21 80
11 87 64 76 0 0 11 0.00 0.0 0 7.9 16 50 M M 1 1 20 30
12 85 62 74 -2 0 9 0.00 0.0 0 7.2 17 40 M M 0 23 70
13 86 62 74 -3 0 9 0.00 0.0 0 10.3 24 70 M M 2 31 100
14 86 64 75 -2 0 10 0.00 0.0 0 11.9 23 100 M M 4 33 100
15 86 66 76 -1 0 11 0.06 0.0 0 11.1 22 100 M M 5 1 27 80
16 88 72 80 3 0 15 0.15 0.0 0 11.0 23 40 M M 8 18 29 50
17 93 73 83 5 0 18 0.00 0.0 0 6.9 16 50 M M 7 18 50
18 89 73 81 3 0 16 0.07 0.0 0 9.0 31 240 M M 2 40 240
19 94 72 83 5 0 18 0.00 0.0 0 11.5 23 240 M M 3 31 240
20 92 70 81 3 0 16 0.00 0.0 0 7.6 17 250 M M 1 26 250
21 95 69 82 4 0 17 1.62 0.0 0 6.6 30 200 M M 2 123 40 200
22 95 69 82 4 0 17 0.00 0.0 0 7.8 17 130 M M 0 3 22 120
23 92 73 83 4 0 18 0.00 0.0 0 7.6 17 80 M M 2 1 21 100
24 87 73 80 1 0 15 T 0.0 0 9.2 18 80 M M 1 24 10
25 80 70 75 -4 0 10 0.38 0.0 0 12.3 23 70 M M 7 1 29 70
26 89 73 81 2 0 16 0.06 0.0 0 6.6 16 330 M M 7 13 20 290
27 88 73 81 2 0 16 0.03 0.0 0 7.1 20 150 M M 2 3 26 170
28 93 71 82 2 0 17 1.09 0.0 0 6.9 28 20 M M 5 13 38 30
29 92 70 81 1 0 16 0.62 0.0 0 6.1 21 150 M M 2 13 25 140
30 93 73 83 3 0 18 0.28 0.0 0 4.8 22 350 M M 3 13 30 340
31 93 72 83 3 0 18 0.00 0.0 0 3.9 16 70 M M 2 19 50
================================================================================
SM 2740 2083 0 402 4.36 0.0 250.6 M 79
================================================================================
AV 88.4 67.2 8.1 FASTST M M 3 MAX(MPH)
MISC ----> 31 240 # 40 240
================================================================================
NOTES:
# LAST OF SEVERAL OCCURRENCES
COLUMN 17 PEAK WIND IN M.P.H.
PRELIMINARY LOCAL CLIMATOLOGICAL DATA (WS FORM: F-6) , PAGE 2
STATION: SANFORD
MONTH: MAY
YEAR: 2020
LATITUDE: 28 46 N
LONGITUDE: 81 15 W
[TEMPERATURE DATA] [PRECIPITATION DATA] SYMBOLS USED IN COLUMN 16
AVERAGE MONTHLY: 77.8 TOTAL FOR MONTH: 4.36 1 = FOG OR MIST
DPTR FM NORMAL: 0.6 DPTR FM NORMAL: 1.19 2 = FOG REDUCING VISIBILITY
HIGHEST: 95 ON 22,21 GRTST 24HR 1.62 ON 21-21 TO 1/4 MILE OR LESS
LOWEST: 52 ON 8 3 = THUNDER
SNOW, ICE PELLETS, HAIL 4 = ICE PELLETS
TOTAL MONTH: 0.0 INCH 5 = HAIL
GRTST 24HR 0.0 6 = FREEZING RAIN OR DRIZZLE
GRTST DEPTH: 0 7 = DUSTSTORM OR SANDSTORM:
VSBY 1/2 MILE OR LESS
8 = SMOKE OR HAZE
[NO. OF DAYS WITH] [WEATHER - DAYS WITH] 9 = BLOWING SNOW
X = TORNADO
MAX 32 OR BELOW: 0 0.01 INCH OR MORE: 10
MAX 90 OR ABOVE: 13 0.10 INCH OR MORE: 6
MIN 32 OR BELOW: 0 0.50 INCH OR MORE: 3
MIN 0 OR BELOW: 0 1.00 INCH OR MORE: 2
[HDD (BASE 65) ]
TOTAL THIS MO. 0 CLEAR (SCALE 0-3) 22
DPTR FM NORMAL 0 PTCLDY (SCALE 4-7) 9
TOTAL FM JUL 1 345 CLOUDY (SCALE 8-10) 0
DPTR FM NORMAL -253
[CDD (BASE 65) ]
TOTAL THIS MO. 402
DPTR FM NORMAL 22 [PRESSURE DATA]
TOTAL FM JAN 1 1205 HIGHEST SLP M ON M
DPTR FM NORMAL 413 LOWEST SLP 29.78 ON 19
[REMARKS]
#FINAL-05-20#