000
CXUS56 KMTR 011813
CF6SFD
PRELIMINARY LOCAL CLIMATOLOGICAL DATA (WS FORM: F-6)
STATION: SAN FRANCISCO DWTN CA
MONTH: JUNE
YEAR: 2020
LATITUDE: 37 46 N
LONGITUDE: 122 26 W
TEMPERATURE IN F: :PCPN: SNOW: WIND :SUNSHINE: SKY :PK WND
================================================================================
1 2 3 4 5 6A 6B 7 8 9 10 11 12 13 14 15 16 17 18
12Z AVG MX 2MIN
DY MAX MIN AVG DEP HDD CDD WTR SNW DPTH SPD SPD DIR MIN PSBL S-S WX SPD DR
================================================================================
1 66 55 61 2 4 0 0.00 M 0 M M M M M M M M
2 78 56 67 8 0 2 0.00 M 0 M M M M M M M M
3 82 58 70 11 0 5 0.00 M 0 M M M M M M M M
4 72 56 64 5 1 0 0.00 M 0 M M M M M M M M
5 62 54 58 -1 7 0 0.00 M 0 M M M M M M M M
6 63 54 59 0 6 0 0.00 M 0 M M M M M M M M
7 61 53 57 -2 8 0 0.00 M 0 M M M M M M M M
8 70 53 62 3 3 0 0.00 M 0 M M M M M M M M
9 75 53 64 5 1 0 0.00 M 0 M M M M M M M M
10 72 55 64 5 1 0 0.00 M 0 M M M M M M M M
11 69 54 62 3 3 0 0.00 M 0 M M M M M M M M
12 63 55 59 -1 6 0 0.00 M 0 M M M M M M M M
13 65 55 60 0 5 0 0.00 M 0 M M M M M M M M
14 64 57 61 1 4 0 0.00 M 0 M M M M M M M M
15 66 57 62 2 3 0 0.00 M 0 M M M M M M M M
16 66 54 60 0 5 0 0.00 M 0 M M M M M M M M
17 77 56 67 7 0 2 0.00 M 0 M M M M M M M M
18 82 56 69 9 0 4 0.00 M 0 M M M M M M M M
19 64 53 59 -1 6 0 0.00 M 0 M M M M M M M M
20 63 54 59 -1 6 0 0.00 M 0 M M M M M M M M
21 64 55 60 0 5 0 0.00 M 0 M M M M M M M M
22 66 55 61 1 4 0 0.00 M 0 M M M M M M M M
23 64 55 60 0 5 0 0.00 M 0 M M M M M M M M
24 67 55 61 1 4 0 0.00 M 0 M M M M M M M M
25 64 54 59 -1 6 0 0.00 M 0 M M M M M M M M
26 64 55 60 0 5 0 0.00 M 0 M M M M M M M M
27 61 55 58 -2 7 0 0.00 M 0 M M M M M M M M
28 63 54 59 -1 6 0 0.00 M 0 M M M M M M M M
29 68 54 61 1 4 0 0.00 M 0 M M M M M M M M
30 73 55 64 4 1 0 0.00 M 0 M M M M M M M M
================================================================================
SM 2034 1645 116 13 0.00 M M M M
================================================================================
AV 67.8 54.8 M FASTST M M M MAX(MPH)
MISC ----> M M M M
================================================================================
NOTES:
# LAST OF SEVERAL OCCURRENCES
COLUMN 17 PEAK WIND IN M.P.H.
PRELIMINARY LOCAL CLIMATOLOGICAL DATA (WS FORM: F-6) , PAGE 2
STATION: SAN FRANCISCO DWTN CA
MONTH: JUNE
YEAR: 2020
LATITUDE: 37 46 N
LONGITUDE: 122 26 W
[TEMPERATURE DATA] [PRECIPITATION DATA] SYMBOLS USED IN COLUMN 16
AVERAGE MONTHLY: 61.3 TOTAL FOR MONTH: 0.00 1 = FOG OR MIST
DPTR FM NORMAL: 1.7 DPTR FM NORMAL: -0.16 2 = FOG REDUCING VISIBILITY
HIGHEST: 82 ON 18, 3 GRTST 24HR 0.00 ON 1- 1 TO 1/4 MILE OR LESS
LOWEST: 53 ON 19, 9 3 = THUNDER
SNOW, ICE PELLETS, HAIL 4 = ICE PELLETS
TOTAL MONTH: M 5 = HAIL
GRTST 24HR M ON M 6 = FREEZING RAIN OR DRIZZLE
GRTST DEPTH: 0 7 = DUSTSTORM OR SANDSTORM:
VSBY 1/2 MILE OR LESS
8 = SMOKE OR HAZE
[NO. OF DAYS WITH] [WEATHER - DAYS WITH] 9 = BLOWING SNOW
X = TORNADO
MAX 32 OR BELOW: 0 0.01 INCH OR MORE: 0
MAX 90 OR ABOVE: 0 0.10 INCH OR MORE: 0
MIN 32 OR BELOW: 0 0.50 INCH OR MORE: 0
MIN 0 OR BELOW: 0 1.00 INCH OR MORE: 0
[HDD (BASE 65) ]
TOTAL THIS MO. 116 CLEAR (SCALE 0-3) 0
DPTR FM NORMAL -58 PTCLDY (SCALE 4-7) 0
TOTAL FM JUL 1 2364 CLOUDY (SCALE 8-10) 30
DPTR FM NORMAL -635
[CDD (BASE 65) ]
TOTAL THIS MO. 13
DPTR FM NORMAL 1 [PRESSURE DATA]
TOTAL FM JAN 1 20 HIGHEST SLP M ON M
DPTR FM NORMAL -9 LOWEST SLP 9999.00 ON 1
[REMARKS]
#FINAL-06-20#