000
CXUS56 KOTX 280910
CF6SFF
PRELIMINARY LOCAL CLIMATOLOGICAL DATA (WS FORM: F-6)
STATION: SPOKANE WA FELTS AIRPORT
MONTH: MARCH
YEAR: 2024
LATITUDE: 47 40 N
LONGITUDE: 117 20 W
TEMPERATURE IN F: :PCPN: SNOW: WIND :SUNSHINE: SKY :PK WND
================================================================================
1 2 3 4 5 6A 6B 7 8 9 10 11 12 13 14 15 16 17 18
12Z AVG MX 2MIN
DY MAX MIN AVG DEP HDD CDD WTR SNW DPTH SPD SPD DIR MIN PSBL S-S WX SPD DR
================================================================================
1 45 31 38 0 27 0 0.03 M M 7.6 28 210 M M 5 1 36 210
2 41 29 35 -3 30 0 0.21 M M 5.4 26 230 M M 6 18 34 220
3 42 26 34 -4 31 0 0.00 M M 5.2 16 230 M M 3 21 170
4 38 26 32 -6 33 0 0.24 M M 5.7 18 220 M M 9 1 23 220
5 41 22 32 -7 33 0 0.00 M M 2.0 13 250 M M 4 12 19 250
6 42 22 32 -7 33 0 0.00 M M 1.5 9 290 M M 3 12 13 290
7 44 20 32 -7 33 0 0.00 M M 1.7 8 240 M M 2 13 300
8 50 24 37 -3 28 0 0.00 M M 3.3 12 120 M M 2 15 90
9 55 28 42 2 23 0 0.06 M M 6.2 25 160 M M 4 43 150
10 52 35 44 4 21 0 0.05 M M 9.2 29 200 M M 7 40 200
11 52 34 43 3 22 0 0.02 M M 6.7 18 200 M M 7 26 190
12 53 36 45 4 20 0 0.01 M M 9.8 25 230 M M 7 40 240
13 50 30 40 -1 25 0 T M M 3.7 10 210 M M 6 8 14 220
14 54 28 41 0 24 0 0.00 M M 2.1 8 190 M M 2 12 10 160
15 61 29 45 4 20 0 0.00 M M 1.2 7 40 M M 0 12 220
16 70 33 52 10 13 0 0.00 M M 1.5 7 220 M M 0 10 220
17 71 35 53 11 12 0 0.00 M M 1.2 7 240 M M 0 11 240
18 71 36 54 12 11 0 0.00 M M 1.3 6 60 M M 0 9 260
19 72 38 55 13 10 0 0.00 M M 2.6 13 230 M M 0 18 240
20 65 44 55 12 10 0 0.00 M M 6.9 18 220 M M 0 20 220
21 57 43 50 7 15 0 0.00 M M 8.9 25 220 M M 7 34 200
22 61 38 50 7 15 0 0.00 M M 2.2 8 70 M M 4 11 290
23 50 39 45 2 20 0 0.02 M M 4.1 14 220 M M 9 18 220
24 46 30 38 -6 27 0 0.05 M M 4.8 12 80 M M 7 1 16 60
25 47 26 37 -7 28 0 T M M 2.5 9 80 M M 7 12 80
26 53 36 45 1 20 0 0.09 M M 5.4 23 230 M M 7 3 29 230
27 49 35 42 -2 23 0 0.25 M M 6.2 16 170 M M 6 1 24 220
================================================================================
SM 1432 853 607 0 1.03 M 118.9 M 114
================================================================================
AV 53.0 31.6 4.4 FASTST M M 4 MAX(MPH)
MISC ----> 29 200 43 150
================================================================================
NOTES:
# LAST OF SEVERAL OCCURRENCES
COLUMN 17 PEAK WIND IN M.P.H.
PRELIMINARY LOCAL CLIMATOLOGICAL DATA (WS FORM: F-6) , PAGE 2
STATION: SPOKANE WA FELTS AIRPORT
MONTH: MARCH
YEAR: 2024
LATITUDE: 47 40 N
LONGITUDE: 117 20 W
[TEMPERATURE DATA] [PRECIPITATION DATA] SYMBOLS USED IN COLUMN 16
AVERAGE MONTHLY: 42.3 TOTAL FOR MONTH: 1.03 1 = FOG OR MIST
DPTR FM NORMAL: 1.2 DPTR FM NORMAL: -0.56 2 = FOG REDUCING VISIBILITY
HIGHEST: 72 ON 19 GRTST 24HR 0.25 ON 27-27 TO 1/4 MILE OR LESS
LOWEST: 20 ON 7 3 = THUNDER
SNOW, ICE PELLETS, HAIL 4 = ICE PELLETS
TOTAL MONTH: M 5 = HAIL
GRTST 24HR M ON M 6 = FREEZING RAIN OR DRIZZLE
GRTST DEPTH: M ON M 7 = DUSTSTORM OR SANDSTORM:
VSBY 1/2 MILE OR LESS
8 = SMOKE OR HAZE
[NO. OF DAYS WITH] [WEATHER - DAYS WITH] 9 = BLOWING SNOW
X = TORNADO
MAX 32 OR BELOW: 0 0.01 INCH OR MORE: 11
MAX 90 OR ABOVE: 0 0.10 INCH OR MORE: 3
MIN 32 OR BELOW: 14 0.50 INCH OR MORE: 0
MIN 0 OR BELOW: 0 1.00 INCH OR MORE: 0
[HDD (BASE 65) ]
TOTAL THIS MO. 607 CLEAR (SCALE 0-3) 11
DPTR FM NORMAL -39 PTCLDY (SCALE 4-7) 14
TOTAL FM JUL 1 4764 CLOUDY (SCALE 8-10) 2
DPTR FM NORMAL -290
[CDD (BASE 65) ]
TOTAL THIS MO. 0
DPTR FM NORMAL 0 [PRESSURE DATA]
TOTAL FM JAN 1 0 HIGHEST SLP M ON M
DPTR FM NORMAL 0 LOWEST SLP 29.25 ON 2
[REMARKS]