432
CXUS56 KOTX 010910
CF6SFF
PRELIMINARY LOCAL CLIMATOLOGICAL DATA (WS FORM: F-6)
STATION: SPOKANE WA FELTS AIRPORT
MONTH: MARCH
YEAR: 2021
LATITUDE: 47 40 N
LONGITUDE: 117 20 W
TEMPERATURE IN F: :PCPN: SNOW: WIND :SUNSHINE: SKY :PK WND
================================================================================
1 2 3 4 5 6A 6B 7 8 9 10 11 12 13 14 15 16 17 18
12Z AVG MX 2MIN
DY MAX MIN AVG DEP HDD CDD WTR SNW DPTH SPD SPD DIR MIN PSBL S-S WX SPD DR
================================================================================
1 54 30 42 5 23 0 0.00 M M 3.9 17 210 M M 1 22 210
2 56 36 46 9 19 0 0.00 M M 6.0 23 210 M M 4 28 210
3 60 30 45 8 20 0 0.00 M M 2.1 10 160 M M 0 8 13 160
4 62 29 46 8 19 0 0.00 M M 3.8 14 180 M M 0 18 110
5 64 32 48 10 17 0 0.00 M M 5.7 20 190 M M 0 24 200
6 51 34 43 5 22 0 0.00 M M 8.1 23 230 M M 4 27 220
7 50 31 41 3 24 0 T M M 7.6 25 220 M M 5 34 220
8 50 26 38 -1 27 0 0.00 M M 2.9 13 70 M M 0 17 90
9 49 30 40 1 25 0 0.00 M M 2.5 13 140 M M 5 15 140
10 49 25 37 -2 28 0 T M M 1.9 13 290 M M 3 12 17 290
11 53 25 39 -1 26 0 0.00 M M 2.7 16 240 M M 0 1 24 220
12 55 26 41 1 24 0 0.00 M M 2.0 9 240 M M 0 13 240
13 59 28 44 4 21 0 0.00 M M 1.4 6 60 M M 0 8 240
14 62 29 46 6 19 0 0.00 M M 2.3 7 250 M M 1 9 260
15 51 34 43 2 22 0 0.00 M M 5.1 14 230 M M 8 16 220
16 55 28 42 1 23 0 0.00 M M 1.6 9 240 M M 2 11 240
17 61 28 45 4 20 0 0.00 M M 1.5 7 290 M M 2 9 220
18 67 34 51 9 14 0 T M M 5.8 23 230 M M 3 31 220
19 54 36 45 3 20 0 0.02 M M 7.7 23 230 M M 7 28 230
20 53 33 43 1 22 0 T M M 8.4 22 200 M M 5 27 220
21 47 34 41 -1 24 0 T M M 9.3 21 210 M M 7 26 230
22 48 30 39 -3 26 0 0.18 M M 4.6 13 230 M M 8 123 18 340
23 52 30 41 -2 24 0 0.00 M M 3.2 15 220 M M 6 12 19 220
24 43 35 39 -4 26 0 0.15 M M 5.6 21 210 M M 8 1 27 220
25 51 34 43 0 22 0 0.00 M M 1.6 10 340 M M 8 1 18 290
26 54 30 42 -1 23 0 0.00 M M 6.3 20 230 M M 7 1 22 240
27 58 33 46 2 19 0 0.00 M M 5.4 16 210 M M 3 20 210
28 59 35 47 3 18 0 T M M 14.1 41 230 M M 3 78 55 240
29 46 28 37 -7 28 0 0.00 M M 10.0 18 250 M M 4 38 250
30 51 26 39 -5 26 0 0.00 M M 4.6 16 230 M M 1 24 290
31 60 27 44 0 21 0 0.00 M M 3.0 13 210 M M 0 16 170
================================================================================
SM 1684 946 692 0 0.35 M 150.7 M 105
================================================================================
AV 54.3 30.5 4.9 FASTST M M 3 MAX(MPH)
MISC ----> 41 230 55 240
================================================================================
NOTES:
# LAST OF SEVERAL OCCURRENCES
COLUMN 17 PEAK WIND IN M.P.H.
PRELIMINARY LOCAL CLIMATOLOGICAL DATA (WS FORM: F-6) , PAGE 2
STATION: SPOKANE WA FELTS AIRPORT
MONTH: MARCH
YEAR: 2021
LATITUDE: 47 40 N
LONGITUDE: 117 20 W
[TEMPERATURE DATA] [PRECIPITATION DATA] SYMBOLS USED IN COLUMN 16
AVERAGE MONTHLY: 42.4 TOTAL FOR MONTH: 0.35 1 = FOG OR MIST
DPTR FM NORMAL: 1.6 DPTR FM NORMAL: -1.22 2 = FOG REDUCING VISIBILITY
HIGHEST: 67 ON 18 GRTST 24HR 0.18 ON 21-22 TO 1/4 MILE OR LESS
LOWEST: 25 ON 11,10 3 = THUNDER
SNOW, ICE PELLETS, HAIL 4 = ICE PELLETS
TOTAL MONTH: M 5 = HAIL
GRTST 24HR M ON M 6 = FREEZING RAIN OR DRIZZLE
GRTST DEPTH: M ON M 7 = DUSTSTORM OR SANDSTORM:
VSBY 1/2 MILE OR LESS
8 = SMOKE OR HAZE
[NO. OF DAYS WITH] [WEATHER - DAYS WITH] 9 = BLOWING SNOW
X = TORNADO
MAX 32 OR BELOW: 0 0.01 INCH OR MORE: 3
MAX 90 OR ABOVE: 0 0.10 INCH OR MORE: 2
MIN 32 OR BELOW: 20 0.50 INCH OR MORE: 0
MIN 0 OR BELOW: 0 1.00 INCH OR MORE: 0
[HDD (BASE 65) ]
TOTAL THIS MO. 692 CLEAR (SCALE 0-3) 15
DPTR FM NORMAL -58 PTCLDY (SCALE 4-7) 13
TOTAL FM JUL 1 4831 CLOUDY (SCALE 8-10) 3
DPTR FM NORMAL -491
[CDD (BASE 65) ]
TOTAL THIS MO. 0
DPTR FM NORMAL 0 [PRESSURE DATA]
TOTAL FM JAN 1 0 HIGHEST SLP M ON M
DPTR FM NORMAL 0 LOWEST SLP 29.56 ON 28
[REMARKS]
#FINAL-03-21#