000
CXUS56 KOTX 190910
CF6SFF
PRELIMINARY LOCAL CLIMATOLOGICAL DATA (WS FORM: F-6)
STATION: SPOKANE WA FELTS AIRPORT
MONTH: APRIL
YEAR: 2024
LATITUDE: 47 40 N
LONGITUDE: 117 20 W
TEMPERATURE IN F: :PCPN: SNOW: WIND :SUNSHINE: SKY :PK WND
================================================================================
1 2 3 4 5 6A 6B 7 8 9 10 11 12 13 14 15 16 17 18
12Z AVG MX 2MIN
DY MAX MIN AVG DEP HDD CDD WTR SNW DPTH SPD SPD DIR MIN PSBL S-S WX SPD DR
================================================================================
1 64 33 49 4 16 0 0.00 M M 4.1 14 220 M M 1 21 240
2 71 40 56 11 9 0 0.00 M M 7.5 18 190 M M 1 24 190
3 61 43 52 7 13 0 0.00 M M 9.6 21 220 M M 5 28 210
4 54 39 47 1 18 0 0.20 M M 5.3 16 230 M M 9 1 21 240
5 44 34 39 -7 26 0 0.20 M M 4.0 15 200 M M 10 1 20 210
6 49 39 44 -2 21 0 0.03 M M 7.9 20 220 M M 10 1 25 220
7 51 38 45 -1 20 0 T M M 4.1 12 200 M M 8 15 190
8 53 33 43 -3 22 0 T M M 7.2 21 230 M M 5 28 230
9 62 36 49 3 16 0 0.01 M M 10.9 26 250 M M 7 40 250
10 60 30 45 -2 20 0 0.00 M M 1.7 12 200 M M 0 17 240
11 65 34 50 3 15 0 0.00 M M 3.3 13 190 M M 1 19 200
12 66 46 56 9 9 0 0.00 M M 1.7 9 230 M M 4 13 220
13 73 42 58 11 7 0 0.00 M M 1.5 7 190 M M 2 13 300
14 77 43 60 12 5 0 0.00 M M 1.8 14 250 M M 0 20 280
15 64 45 55 7 10 0 0.00 M M 12.2 26 220 M M 1 34 230
16 52 32 42 -6 23 0 T M M 9.2 25 220 M M 4 37 220
17 56 27 42 -6 23 0 T M M 3.2 21 50 M M 4 1 28 50
18 53 31 42 -6 23 0 0.00 M M 3.5 15 350 M M 4 30 350
================================================================================
SM 1075 665 296 0 0.44 M 98.7 M 76
================================================================================
AV 59.7 36.9 5.5 FASTST M M 4 MAX(MPH)
MISC ----> # 26 250 40 250
================================================================================
NOTES:
# LAST OF SEVERAL OCCURRENCES
COLUMN 17 PEAK WIND IN M.P.H.
PRELIMINARY LOCAL CLIMATOLOGICAL DATA (WS FORM: F-6) , PAGE 2
STATION: SPOKANE WA FELTS AIRPORT
MONTH: APRIL
YEAR: 2024
LATITUDE: 47 40 N
LONGITUDE: 117 20 W
[TEMPERATURE DATA] [PRECIPITATION DATA] SYMBOLS USED IN COLUMN 16
AVERAGE MONTHLY: 48.3 TOTAL FOR MONTH: 0.44 1 = FOG OR MIST
DPTR FM NORMAL: 1.7 DPTR FM NORMAL: -0.53 2 = FOG REDUCING VISIBILITY
HIGHEST: 77 ON 14 GRTST 24HR 0.40 ON 4- 5 TO 1/4 MILE OR LESS
LOWEST: 27 ON 17 3 = THUNDER
SNOW, ICE PELLETS, HAIL 4 = ICE PELLETS
TOTAL MONTH: M 5 = HAIL
GRTST 24HR M ON M 6 = FREEZING RAIN OR DRIZZLE
GRTST DEPTH: M ON M 7 = DUSTSTORM OR SANDSTORM:
VSBY 1/2 MILE OR LESS
8 = SMOKE OR HAZE
[NO. OF DAYS WITH] [WEATHER - DAYS WITH] 9 = BLOWING SNOW
X = TORNADO
MAX 32 OR BELOW: 0 0.01 INCH OR MORE: 4
MAX 90 OR ABOVE: 0 0.10 INCH OR MORE: 2
MIN 32 OR BELOW: 4 0.50 INCH OR MORE: 0
MIN 0 OR BELOW: 0 1.00 INCH OR MORE: 0
[HDD (BASE 65) ]
TOTAL THIS MO. 296 CLEAR (SCALE 0-3) 7
DPTR FM NORMAL -36 PTCLDY (SCALE 4-7) 8
TOTAL FM JUL 1 5145 CLOUDY (SCALE 8-10) 3
DPTR FM NORMAL -324
[CDD (BASE 65) ]
TOTAL THIS MO. 0
DPTR FM NORMAL 0 [PRESSURE DATA]
TOTAL FM JAN 1 0 HIGHEST SLP M ON M
DPTR FM NORMAL 0 LOWEST SLP 29.56 ON 5
[REMARKS]