000
CXUS54 KSHV 011300
CF6SHV
PRELIMINARY LOCAL CLIMATOLOGICAL DATA (WS FORM: F-6)
STATION: SHREVEPORT
MONTH: JUNE
YEAR: 2022
LATITUDE: 32 28 N
LONGITUDE: 93 49 W
TEMPERATURE IN F: :PCPN: SNOW: WIND :SUNSHINE: SKY :PK WND
================================================================================
1 2 3 4 5 6A 6B 7 8 9 10 11 12 13 14 15 16 17 18
12Z AVG MX 2MIN
DY MAX MIN AVG DEP HDD CDD WTR SNW DPTH SPD SPD DIR MIN PSBL S-S WX SPD DR
================================================================================
1 93 73 83 5 0 18 T 0.0 0 3.7 16 160 M M 7 13 18 150
2 87 73 80 1 0 15 T 0.0 0 9.5 30 360 M M 6 3 35 350
3 89 71 80 1 0 15 0.00 0.0 0 8.5 15 30 M M 6 19 350
4 91 70 81 2 0 16 0.00 0.0 0 4.9 12 360 M M 6 14 340
5 93 69 81 2 0 16 0.00 0.0 0 5.6 31 350 M M 5 3 37 350
6 93 71 82 3 0 17 T 0.0 0 9.7 21 180 M M 5 3 28 180
7 92 73 83 3 0 18 0.00 0.0 0 6.8 16 200 M M 5 22 200
8 93 74 84 4 0 19 0.00 0.0 0 7.4 18 290 M M 6 23 210
9 94 73 84 4 0 19 0.03 0.0 0 5.2 14 70 M M 7 16 80
10 87 71 79 -1 0 14 0.76 0.0 0 7.3 30 10 M M 5 13 39 20
11 93 71 82 2 0 17 0.00 0.0 0 5.8 15 170 M M 5 1 18 170
12 97 76 87 7 0 22 0.00 0.0 0 8.9 17 220 M M 2 22 220
13 97 78 88 7 0 23 0.00 0.0 0 9.0 16 170 M M 0 18 21 180
14 97 77 87 6 0 22 0.00 0.0 0 9.7 17 180 M M 3 24 170
15 97 76 87 6 0 22 0.00 0.0 0 8.8 15 170 M M 5 1 21 230
16 99 76 88 7 0 23 0.00 0.0 0 5.0 23 140 M M 3 29 150
17 100 76 88 7 0 23 0.00 0.0 0 3.6 13 120 M M 4 17 120
18 99 74 87 6 0 22 0.00 0.0 0 2.8 13 70 M M 3 15 70
19 98 76 87 5 0 22 0.00 0.0 0 7.5 15 50 M M 3 19 20
20 96 66 81 -1 0 16 0.00 0.0 0 5.1 12 100 M M 5 16 110
21 100 71 86 4 0 21 0.00 0.0 0 2.9 12 150 M M 2 15 80
22 102 75 89 7 0 24 0.00 0.0 0 4.0 14 20 M M 2 17 10
23 100 76 88 6 0 23 0.11 0.0 0 4.1 22 250 M M 3 3 26 250
24 103 76 90 8 0 25 0.00 0.0 0 3.5 14 170 M M 3 17 170
25 103 76 90 8 0 25 0.00 0.0 0 3.2 12 180 M M 2 17 150
26 105 76 91 9 0 26 0.00 0.0 0 8.1 31 70 M M 5 39 60
27 94 74 84 2 0 19 0.00 0.0 0 9.8 18 60 M M 8 23 50
28 94 69 82 0 0 17 0.00 0.0 0 9.2 17 10 M M 4 23 20
29 97 70 84 1 0 19 0.00 0.0 0 7.2 21 160 M M 2 26 140
30 97 71 84 1 0 19 T 0.0 0 5.0 15 170 M M 5 19 160
================================================================================
SM 2880 2198 0 597 0.90 0.0 191.8 M 127
================================================================================
AV 96.0 73.3 6.4 FASTST M M 4 MAX(MPH)
MISC ----> # 31 350 # 39 20
================================================================================
NOTES:
# LAST OF SEVERAL OCCURRENCES
COLUMN 17 PEAK WIND IN M.P.H.
PRELIMINARY LOCAL CLIMATOLOGICAL DATA (WS FORM: F-6) , PAGE 2
STATION: SHREVEPORT
MONTH: JUNE
YEAR: 2022
LATITUDE: 32 28 N
LONGITUDE: 93 49 W
[TEMPERATURE DATA] [PRECIPITATION DATA] SYMBOLS USED IN COLUMN 16
AVERAGE MONTHLY: 84.6 TOTAL FOR MONTH: 0.90 1 = FOG OR MIST
DPTR FM NORMAL: 3.7 DPTR FM NORMAL: -3.88 2 = FOG REDUCING VISIBILITY
HIGHEST: 105 ON 26 GRTST 24HR 0.76 ON 10-10 TO 1/4 MILE OR LESS
LOWEST: 66 ON 20 3 = THUNDER
SNOW, ICE PELLETS, HAIL 4 = ICE PELLETS
TOTAL MONTH: 0.0 INCH 5 = HAIL
GRTST 24HR 0.0 6 = FREEZING RAIN OR DRIZZLE
GRTST DEPTH: 0 7 = DUSTSTORM OR SANDSTORM:
VSBY 1/2 MILE OR LESS
8 = SMOKE OR HAZE
[NO. OF DAYS WITH] [WEATHER - DAYS WITH] 9 = BLOWING SNOW
X = TORNADO
MAX 32 OR BELOW: 0 0.01 INCH OR MORE: 3
MAX 90 OR ABOVE: 27 0.10 INCH OR MORE: 2
MIN 32 OR BELOW: 0 0.50 INCH OR MORE: 1
MIN 0 OR BELOW: 0 1.00 INCH OR MORE: 0
[HDD (BASE 65) ]
TOTAL THIS MO. 0 CLEAR (SCALE 0-3) 12
DPTR FM NORMAL 0 PTCLDY (SCALE 4-7) 18
TOTAL FM JUL 1 1692 CLOUDY (SCALE 8-10) 0
DPTR FM NORMAL -375
[CDD (BASE 65) ]
TOTAL THIS MO. 597
DPTR FM NORMAL 122 [PRESSURE DATA]
TOTAL FM JAN 1 1203 HIGHEST SLP 30.16 ON 29
DPTR FM NORMAL 280 LOWEST SLP 29.64 ON 5
[REMARKS]
#FINAL-06-22#