000
CXUS56 KMFR 011000
CF6SIY
PRELIMINARY LOCAL CLIMATOLOGICAL DATA (WS FORM: F-6)
STATION: MONTAGUE CA
MONTH: SEPTEMBER
YEAR: 2020
LATITUDE: 41 46 N
LONGITUDE: 122 28 W
TEMPERATURE IN F: :PCPN: SNOW: WIND :SUNSHINE: SKY :PK WND
================================================================================
1 2 3 4 5 6A 6B 7 8 9 10 11 12 13 14 15 16 17 18
12Z AVG MX 2MIN
DY MAX MIN AVG DEP HDD CDD WTR SNW DPTH SPD SPD DIR MIN PSBL S-S WX SPD DR
================================================================================
1 99 58 79 13 0 14 0.00 M M 6.5 15 350 M M 0 17 350
2 103 53 78 12 0 13 0.00 M M 3.7 17 330 M M 0 22 330
3 105 56 81 15 0 16 0.00 M M 3.6 22 10 M M 0 26 10
4 100 57 79 13 0 14 0.00 M M 3.7 12 40 M M 3 8 14 360
5 98 53 76 11 0 11 0.00 M M 3.5 14 30 M M 7 8 17 30
6 96 55 76 11 0 11 0.00 M M 2.0 8 200 M M 4 8 11 200
7 102 53 78 13 0 13 0.00 M M 6.7 23 360 M M 1 8 30 20
8 87 57 72 8 0 7 0.00 M M 13.8 28 90 M M 5 8 35 90
9 91 54 73 9 0 8 0.00 M M 6.0 15 30 M M 0 18 30
10 92 44 68 4 0 3 0.00 M M 3.9 18 170 M M 4 8 21 190
11 90 49 70 6 0 5 0.00 M M 4.7 22 360 M M 9 8 26 360
12 84 49 67 4 0 2 0.00 M M 2.5 13 30 M M 10 8 14 20
13 88 46 67 4 0 2 0.00 M M 3.0 12 30 M M 9 8 13 250
14 90 53 72 9 0 7 0.00 M M 10.4 25 170 M M 6 8 29 170
15 91 47 69 7 0 4 0.00 M M 7.7 18 180 M M 2 8 22 170
16 90 47 69 7 0 4 0.00 M M 9.3 23 170 M M 0 8 27 170
17 88 49 69 7 0 4 0.00 M M 7.9 28 170 M M 1 8 31 160
18 76 54 65 3 0 0 0.00 M M 6.5 18 240 M M 5 8 23 250
19 77 47 62 1 3 0 0.00 M M 5.5 18 10 M M 1 22 10
20 86 41 64 3 1 0 0.00 M M 2.7 13 360 M M 0 8 14 360
21 81 44 63 2 2 0 0.00 M M 4.8 16 330 M M 2 8 18 330
22 81 49 65 5 0 0 0.00 M M 3.7 12 320 M M 0 8 14 350
23 86 43 65 5 0 0 0.00 M M 6.6 22 250 M M 2 8 26 250
24 76 54 65 5 0 0 T M M 7.4 18 30 M M 4 22 360
25 78 42 60 1 5 0 0.00 M M 5.3 15 10 M M 4 19 360
26 75 51 63 4 2 0 0.00 M M 9.6 22 10 M M 2 26 360
27 86 44 65 6 0 0 0.00 M M 8.9 29 10 M M 0 35 20
28 92 58 75 17 0 10 0.00 M M 8.1 26 360 M M 0 37 350
29 92 45 69 11 0 4 0.00 M M 3.0 12 210 M M 0 8 11 220
30 88 47 68 10 0 3 0.00 M M 2.3 10 50 M M 3 8 10 50
================================================================================
SM 2668 1499 13 155 T M 173.3 M 84
================================================================================
AV 88.9 50.0 5.8 FASTST M M 3 MAX(MPH)
MISC ----> # 29 10 # 37 350
================================================================================
NOTES:
# LAST OF SEVERAL OCCURRENCES
COLUMN 17 PEAK WIND IN M.P.H.
PRELIMINARY LOCAL CLIMATOLOGICAL DATA (WS FORM: F-6) , PAGE 2
STATION: MONTAGUE CA
MONTH: SEPTEMBER
YEAR: 2020
LATITUDE: 41 46 N
LONGITUDE: 122 28 W
[TEMPERATURE DATA] [PRECIPITATION DATA] SYMBOLS USED IN COLUMN 16
AVERAGE MONTHLY: 69.5 TOTAL FOR MONTH: T 1 = FOG OR MIST
DPTR FM NORMAL: 7.2 DPTR FM NORMAL: -0.64 2 = FOG REDUCING VISIBILITY
HIGHEST: 105 ON 3 GRTST 24HR T ON 24-24 TO 1/4 MILE OR LESS
LOWEST: 41 ON 20 3 = THUNDER
SNOW, ICE PELLETS, HAIL 4 = ICE PELLETS
TOTAL MONTH: M 5 = HAIL
GRTST 24HR M ON M 6 = FREEZING RAIN OR DRIZZLE
GRTST DEPTH: M ON M 7 = DUSTSTORM OR SANDSTORM:
VSBY 1/2 MILE OR LESS
8 = SMOKE OR HAZE
[NO. OF DAYS WITH] [WEATHER - DAYS WITH] 9 = BLOWING SNOW
X = TORNADO
MAX 32 OR BELOW: 0 0.01 INCH OR MORE: 0
MAX 90 OR ABOVE: 15 0.10 INCH OR MORE: 0
MIN 32 OR BELOW: 0 0.50 INCH OR MORE: 0
MIN 0 OR BELOW: 0 1.00 INCH OR MORE: 0
[HDD (BASE 65) ]
TOTAL THIS MO. 13 CLEAR (SCALE 0-3) 19
DPTR FM NORMAL -112 PTCLDY (SCALE 4-7) 8
TOTAL FM JUL 1 14 CLOUDY (SCALE 8-10) 3
DPTR FM NORMAL -128
[CDD (BASE 65) ]
TOTAL THIS MO. 155
DPTR FM NORMAL 114 [PRESSURE DATA]
TOTAL FM JAN 1 970 HIGHEST SLP M ON M
DPTR FM NORMAL 428 LOWEST SLP 29.83 ON 7
[REMARKS]
#FINAL-09-20#