000
CXUS56 KMFR 010930
CF6SIY
PRELIMINARY LOCAL CLIMATOLOGICAL DATA (WS FORM: F-6)
STATION: MONTAGUE CA
MONTH: AUGUST
YEAR: 2023
LATITUDE: 41 46 N
LONGITUDE: 122 28 W
TEMPERATURE IN F: :PCPN: SNOW: WIND :SUNSHINE: SKY :PK WND
================================================================================
1 2 3 4 5 6A 6B 7 8 9 10 11 12 13 14 15 16 17 18
12Z AVG MX 2MIN
DY MAX MIN AVG DEP HDD CDD WTR SNW DPTH SPD SPD DIR MIN PSBL S-S WX SPD DR
================================================================================
1 97 53 75 0 0 10 0.00 M M 5.2 16 330 M M 0 21 170
2 95 56 76 1 0 11 0.00 M M 6.6 21 360 M M 0 29 350
3 93 61 77 2 0 12 0.00 M M 8.7 22 360 M M 1 28 350
4 93 61 77 3 0 12 0.00 M M 9.9 25 350 M M 2 3 30 360
5 91 58 75 1 0 10 0.00 M M 9.3 22 20 M M 1 32 360
6 88 56 72 -2 0 7 0.00 M M 10.1 20 360 M M 0 28 300
7 90 56 73 -1 0 8 0.00 M M 7.4 20 20 M M 0 25 10
8 96 57 77 3 0 12 0.00 M M 6.0 20 160 M M 0 25 180
9 93 57 75 1 0 10 0.00 M M 6.4 20 10 M M 0 27 360
10 93 58 76 2 0 11 0.00 M M 5.6 18 330 M M 0 23 340
11 97 58 78 5 0 13 0.00 M M 6.5 21 360 M M 0 26 10
12 101 60 81 8 0 16 0.00 M M 6.1 20 350 M M 0 24 360
13 105 56 81 8 0 16 0.00 M M 3.6 14 360 M M 0 18 10
14 107 59 83 10 0 18 0.00 M M 5.1 28 170 M M 0 35 170
15 104 69 87 14 0 22 0.02 M M 5.3 25 50 M M 1 3 35 40
16 102 66 84 12 0 19 T M M 4.6 26 150 M M 0 39 130
17 94 68 81 9 0 16 0.00 M M 3.9 17 230 M M 4 8 22 230
18 97 60 79 7 0 14 0.00 M M 5.2 22 340 M M 8 38 27 330
19 99 57 78 6 0 13 0.00 M M 4.8 23 80 M M 2 38 32 90
20 88 55 72 0 0 7 0.20 M M 4.9 23 30 M M 2 38 33 30
21 77 62 70 -2 0 5 0.38 M M 9.0 28 170 M M 7 13 36 160
22 76 61 69 -2 0 4 0.23 M M 4.0 12 340 M M 10 18 16 320
23 86 54 70 -1 0 5 0.00 M M 5.6 13 360 M M 4 18 19 330
24 92 53 73 2 0 8 0.00 M M 5.7 22 170 M M 2 8 30 130
25 91 53 72 1 0 7 0.00 M M 5.2 23 180 M M 2 18 32 200
26 92 47 70 0 0 5 0.00 M M M M M M M M M M
27 92 47 70 0 0 5 0.00 M M 3.5 18 330 M M 2 8 25 330
28 92 51 72 2 0 7 0.00 M M 5.9 17 350 M M 9 8 23 350
29 80 54 67 -3 0 2 0.00 M M 10.8 22 10 M M 4 8 28 20
30 86 46 66 -4 0 1 0.00 M M 7.3 17 360 M M 0 24 80
31 81 45 63 -7 2 0 0.00 M M 7.1 18 10 M M 1 26 350
================================================================================
SM 2868 1754 2 306 0.83 M 189.3 M 62
================================================================================
AV 92.5 56.6 6.3 FASTST M M 2 MAX(MPH)
MISC ----> # 28 170 39 130
================================================================================
NOTES:
# LAST OF SEVERAL OCCURRENCES
COLUMN 17 PEAK WIND IN M.P.H.
PRELIMINARY LOCAL CLIMATOLOGICAL DATA (WS FORM: F-6) , PAGE 2
STATION: MONTAGUE CA
MONTH: AUGUST
YEAR: 2023
LATITUDE: 41 46 N
LONGITUDE: 122 28 W
[TEMPERATURE DATA] [PRECIPITATION DATA] SYMBOLS USED IN COLUMN 16
AVERAGE MONTHLY: 74.5 TOTAL FOR MONTH: 0.83 1 = FOG OR MIST
DPTR FM NORMAL: 2.1 DPTR FM NORMAL: 0.49 2 = FOG REDUCING VISIBILITY
HIGHEST: 107 ON 14 GRTST 24HR 0.52 ON 21-22 TO 1/4 MILE OR LESS
LOWEST: 45 ON 31 3 = THUNDER
SNOW, ICE PELLETS, HAIL 4 = ICE PELLETS
TOTAL MONTH: M 5 = HAIL
GRTST 24HR M ON M 6 = FREEZING RAIN OR DRIZZLE
GRTST DEPTH: M ON M 7 = DUSTSTORM OR SANDSTORM:
VSBY 1/2 MILE OR LESS
8 = SMOKE OR HAZE
[NO. OF DAYS WITH] [WEATHER - DAYS WITH] 9 = BLOWING SNOW
X = TORNADO
MAX 32 OR BELOW: 0 0.01 INCH OR MORE: 4
MAX 90 OR ABOVE: 23 0.10 INCH OR MORE: 3
MIN 32 OR BELOW: 0 0.50 INCH OR MORE: 0
MIN 0 OR BELOW: 0 1.00 INCH OR MORE: 0
[HDD (BASE 65) ]
TOTAL THIS MO. 2 CLEAR (SCALE 0-3) 23
DPTR FM NORMAL -4 PTCLDY (SCALE 4-7) 5
TOTAL FM JUL 1 2 CLOUDY (SCALE 8-10) 3
DPTR FM NORMAL -4
[CDD (BASE 65) ]
TOTAL THIS MO. 306
DPTR FM NORMAL 71 [PRESSURE DATA]
TOTAL FM JAN 1 860 HIGHEST SLP M ON M
DPTR FM NORMAL 243 LOWEST SLP 29.71 ON 19
[REMARKS]
#FINAL-08-23#