000
CXUS56 KMTR 011000
CF6SJC
PRELIMINARY LOCAL CLIMATOLOGICAL DATA (WS FORM: F-6)
STATION: SAN JOSE AIRPORT
MONTH: FEBRUARY
YEAR: 2023
LATITUDE: 37 21 N
LONGITUDE: 121 55 W
TEMPERATURE IN F: :PCPN: SNOW: WIND :SUNSHINE: SKY :PK WND
================================================================================
1 2 3 4 5 6A 6B 7 8 9 10 11 12 13 14 15 16 17 18
12Z AVG MX 2MIN
DY MAX MIN AVG DEP HDD CDD WTR SNW DPTH SPD SPD DIR MIN PSBL S-S WX SPD DR
================================================================================
1 61 33 47 -5 18 0 0.00 M M 3.7 8 330 M M 5 M M
2 65 37 51 -1 14 0 0.00 M M 3.6 21 210 M M 9 30 200
3 58 48 53 1 12 0 0.14 M M 4.4 12 350 M M 8 12 20 10
4 65 48 57 5 8 0 0.12 M M 7.8 22 200 M M 9 12 32 190
5 57 47 52 0 13 0 0.19 M M 7.3 31 310 M M 7 38 37 320
6 60 40 50 -2 15 0 0.00 M M 4.8 15 310 M M 2 19 340
7 61 38 50 -2 15 0 0.00 M M 3.6 14 330 M M 3 20 330
8 64 39 52 0 13 0 0.00 M M 2.8 10 340 M M 2 15 330
9 68 41 55 3 10 0 0.00 M M 3.0 16 320 M M 0 19 310
10 61 40 51 -2 14 0 0.00 M M 6.4 20 310 M M 5 25 300
11 55 43 49 -4 16 0 0.06 M M 6.7 17 330 M M 7 1 26 50
12 65 37 51 -2 14 0 0.00 M M 4.1 15 330 M M 2 18 330
13 62 40 51 -2 14 0 0.00 M M 8.3 24 330 M M 4 128 32 330
14 53 40 47 -6 18 0 0.01 M M 13.8 28 310 M M 3 3 40 300
15 57 38 48 -5 17 0 0.00 M M 8.3 21 330 M M 1 27 330
16 61 36 49 -4 16 0 0.00 M M 5.3 15 180 M M 6 24 170
17 63 36 50 -3 15 0 0.00 M M 2.0 13 320 M M 5 16 330
18 66 33 50 -4 15 0 0.00 M M 4.4 10 330 M M 3 13 340
19 67 37 52 -2 13 0 0.00 M M 4.2 10 340 M M 4 15 340
20 69 40 55 1 10 0 0.00 M M 4.0 12 320 M M 5 16 330
21 59 44 52 -2 13 0 0.00 M M 14.8 41 300 M M 4 61 310
22 52 40 46 -8 19 0 0.01 M M 12.4 22 290 M M 6 30 300
23 51 36 44 -10 21 0 0.07 M M 11.2 31 120 M M 6 41 130
24 50 38 44 -10 21 0 0.57 M M 8.4 26 140 M M 9 13 37 140
25 54 38 46 -8 19 0 0.00 M M 3.9 16 320 M M 8 20 340
26 52 44 48 -6 17 0 0.12 M M 9.0 22 130 M M 9 1 28 130
27 50 38 44 -11 21 0 0.40 M M 5.9 18 140 M M 6 18 27 130
28 53 41 47 -8 18 0 0.33 M M 9.4 18 320 M M 9 1 25 320
================================================================================
SM 1659 1110 429 0 2.02 M 183.5 M 147
================================================================================
AV 59.3 39.6 6.6 FASTST M M 5 MAX(MPH)
MISC ----> 41 300 61 310
================================================================================
NOTES:
# LAST OF SEVERAL OCCURRENCES
COLUMN 17 PEAK WIND IN M.P.H.
PRELIMINARY LOCAL CLIMATOLOGICAL DATA (WS FORM: F-6) , PAGE 2
STATION: SAN JOSE AIRPORT
MONTH: FEBRUARY
YEAR: 2023
LATITUDE: 37 21 N
LONGITUDE: 121 55 W
[TEMPERATURE DATA] [PRECIPITATION DATA] SYMBOLS USED IN COLUMN 16
AVERAGE MONTHLY: 49.4 TOTAL FOR MONTH: 2.02 1 = FOG OR MIST
DPTR FM NORMAL: -3.8 DPTR FM NORMAL: -0.67 2 = FOG REDUCING VISIBILITY
HIGHEST: 69 ON 20 GRTST 24HR 0.64 ON 23-24 TO 1/4 MILE OR LESS
LOWEST: 33 ON 18, 1 3 = THUNDER
SNOW, ICE PELLETS, HAIL 4 = ICE PELLETS
TOTAL MONTH: M 5 = HAIL
GRTST 24HR M ON M 6 = FREEZING RAIN OR DRIZZLE
GRTST DEPTH: M ON M 7 = DUSTSTORM OR SANDSTORM:
VSBY 1/2 MILE OR LESS
8 = SMOKE OR HAZE
[NO. OF DAYS WITH] [WEATHER - DAYS WITH] 9 = BLOWING SNOW
X = TORNADO
MAX 32 OR BELOW: 0 0.01 INCH OR MORE: 11
MAX 90 OR ABOVE: 0 0.10 INCH OR MORE: 7
MIN 32 OR BELOW: 0 0.50 INCH OR MORE: 1
MIN 0 OR BELOW: 0 1.00 INCH OR MORE: 0
[HDD (BASE 65) ]
TOTAL THIS MO. 429 CLEAR (SCALE 0-3) 8
DPTR FM NORMAL 97 PTCLDY (SCALE 4-7) 15
TOTAL FM JUL 1 1661 CLOUDY (SCALE 8-10) 5
DPTR FM NORMAL 79
[CDD (BASE 65) ]
TOTAL THIS MO. 0
DPTR FM NORMAL 0 [PRESSURE DATA]
TOTAL FM JAN 1 0 HIGHEST SLP M ON M
DPTR FM NORMAL 0 LOWEST SLP 29.60 ON 24
[REMARKS]
#FINAL-02-23#