000
CXUS56 KFGZ 010910
CF6SJN
PRELIMINARY LOCAL CLIMATOLOGICAL DATA (WS FORM: F-6)
STATION: SAINT JOHNS AZ AIRPORT
MONTH: SEPTEMBER
YEAR: 2021
LATITUDE: 34 31 N
LONGITUDE: 109 23 W
TEMPERATURE IN F: :PCPN: SNOW: WIND :SUNSHINE: SKY :PK WND
================================================================================
1 2 3 4 5 6A 6B 7 8 9 10 11 12 13 14 15 16 17 18
12Z AVG MX 2MIN
DY MAX MIN AVG DEP HDD CDD WTR SNW DPTH SPD SPD DIR MIN PSBL S-S WX SPD DR
================================================================================
1 78 61 70 -1 0 5 0.35 M M 8.1 17 240 M M 6 1 24 230
2 80 57 69 -2 0 4 0.00 M M 4.7 13 290 M M 3 17 300
3 85 56 71 0 0 6 0.00 M M 3.4 12 300 M M 1 16 300
4 90 59 75 5 0 10 T M M 3.9 13 320 M M 2 16 330
5 90 56 73 3 0 8 0.00 M M 4.7 18 330 M M 0 8 26 340
6 90 49 70 0 0 5 0.00 0.0 M 3.3 12 280 M M 0 16 330
7 92 48 70 0 0 5 0.00 0.0 M 5.1 9 130 M M 0 12 140
8 95 51 73 4 0 8 T M M 5.2 15 300 M M 0 21 310
9 93 57 75 6 0 10 0.00 M M 3.8 15 260 M M 0 22 40
10 92 58 75 6 0 10 0.00 M M 5.6 15 250 M M 0 19 250
11 90 54 72 4 0 7 0.00 M M 4.2 13 230 M M 0 16 250
12 91 51 71 3 0 6 0.00 M M 5.3 16 240 M M 0 20 250
13 91 56 74 6 0 9 0.00 M M 7.8 17 260 M M 0 22 250
14 89 58 74 6 0 9 0.00 M M 7.9 20 290 M M 1 25 290
15 89 56 73 6 0 8 0.00 M M 6.4 17 310 M M 0 22 290
16 87 53 70 3 0 5 0.00 M M 8.0 23 280 M M 0 29 280
17 88 49 69 3 0 4 0.00 M M 4.8 13 240 M M 0 16 240
18 84 62 73 7 0 8 0.07 M M 6.0 23 210 M M 5 38 30 210
19 85 57 71 5 0 6 0.03 M M 7.5 24 240 M M 3 1 33 250
20 83 48 66 1 0 1 0.00 M M 6.8 20 310 M M 0 24 290
21 81 40 61 -4 4 0 0.00 M M 4.3 13 320 M M 0 16 300
22 85 39 62 -2 3 0 0.00 M M 4.4 14 330 M M 0 19 320
23 79 50 65 1 0 0 T M M 5.8 24 200 M M 1 29 210
24 84 54 69 5 0 4 T M M 5.3 22 310 M M 4 26 320
25 78 49 64 1 1 0 0.41 M M 6.0 22 130 M M 3 13 28 130
26 68 55 62 -1 3 0 0.26 M M 3.7 14 200 M M 8 13 18 210
27 65 54 60 -2 5 0 0.50 M M 2.1 13 260 M M 10 1 16 170
28 70 49 60 -2 5 0 0.03 M M 6.9 21 240 M M 6 1 27 240
29 72 47 60 -2 5 0 0.26 M M 8.0 21 260 M M 2 13 25 290
30 55 43 49 -12 16 0 0.48 M M 7.0 17 190 M M 8 13 22 160
================================================================================
SM 2499 1576 42 138 2.39 0.0 166.0 M 63
================================================================================
AV 83.3 52.5 5.5 FASTST M M 2 MAX(MPH)
MISC ----> # 24 240 33 250
================================================================================
NOTES:
# LAST OF SEVERAL OCCURRENCES
COLUMN 17 PEAK WIND IN M.P.H.
PRELIMINARY LOCAL CLIMATOLOGICAL DATA (WS FORM: F-6) , PAGE 2
STATION: SAINT JOHNS AZ AIRPORT
MONTH: SEPTEMBER
YEAR: 2021
LATITUDE: 34 31 N
LONGITUDE: 109 23 W
[TEMPERATURE DATA] [PRECIPITATION DATA] SYMBOLS USED IN COLUMN 16
AVERAGE MONTHLY: 67.9 TOTAL FOR MONTH: 2.39 1 = FOG OR MIST
DPTR FM NORMAL: 1.3 DPTR FM NORMAL: 1.26 2 = FOG REDUCING VISIBILITY
HIGHEST: 95 ON 8 GRTST 24HR 0.74 ON 29-30 TO 1/4 MILE OR LESS
LOWEST: 39 ON 22 3 = THUNDER
SNOW, ICE PELLETS, HAIL 4 = ICE PELLETS
TOTAL MONTH: 0.0 INCH 5 = HAIL
GRTST 24HR 0.0 6 = FREEZING RAIN OR DRIZZLE
GRTST DEPTH: M ON M 7 = DUSTSTORM OR SANDSTORM:
VSBY 1/2 MILE OR LESS
8 = SMOKE OR HAZE
[NO. OF DAYS WITH] [WEATHER - DAYS WITH] 9 = BLOWING SNOW
X = TORNADO
MAX 32 OR BELOW: 0 0.01 INCH OR MORE: 9
MAX 90 OR ABOVE: 10 0.10 INCH OR MORE: 6
MIN 32 OR BELOW: 0 0.50 INCH OR MORE: 1
MIN 0 OR BELOW: 0 1.00 INCH OR MORE: 0
[HDD (BASE 65) ]
TOTAL THIS MO. 42 CLEAR (SCALE 0-3) 23
DPTR FM NORMAL 0 PTCLDY (SCALE 4-7) 4
TOTAL FM JUL 1 42 CLOUDY (SCALE 8-10) 3
DPTR FM NORMAL 1
[CDD (BASE 65) ]
TOTAL THIS MO. 138
DPTR FM NORMAL 46 [PRESSURE DATA]
TOTAL FM JAN 1 1151 HIGHEST SLP M ON M
DPTR FM NORMAL 223 LOWEST SLP 29.67 ON 1
[REMARKS]
#FINAL-09-21#