000
CXUS56 KLOX 011155
CF6SMO
PRELIMINARY LOCAL CLIMATOLOGICAL DATA (WS FORM: F-6)
STATION: SANTA MONICA AIRPORT CA
MONTH: MAY
YEAR: 2023
LATITUDE: 34 0 N
LONGITUDE: 118 27 W
TEMPERATURE IN F: :PCPN: SNOW: WIND :SUNSHINE: SKY :PK WND
================================================================================
1 2 3 4 5 6A 6B 7 8 9 10 11 12 13 14 15 16 17 18
12Z AVG MX 2MIN
DY MAX MIN AVG DEP HDD CDD WTR SNW DPTH SPD SPD DIR MIN PSBL S-S WX SPD DR
================================================================================
1 64 53 59 -3 6 0 0.04 M M 6.3 14 220 M M 5 1 20 260
2 61 50 56 -6 9 0 0.00 M M 6.2 16 250 M M 3 23 250
3 62 47 55 -7 10 0 T M M 5.9 15 220 M M 2 23 210
4 63 50 57 -5 8 0 0.72 M M 6.3 15 210 M M 8 13 21 210
5 65 54 60 -2 5 0 T M M 4.6 14 230 M M 5 18 220
6 65 50 58 -4 7 0 0.00 M M 5.1 15 240 M M 0 20 230
7 64 52 58 -4 7 0 0.00 M M 4.6 14 240 M M 0 20 240
8 65 54 60 -2 5 0 0.00 M M 4.8 15 220 M M 2 21 230
9 64 54 59 -3 6 0 0.00 M M 5.2 16 240 M M 7 24 240
10 64 52 58 -4 7 0 0.00 M M 4.6 14 210 M M 2 19 200
11 65 53 59 -3 6 0 0.00 M M 4.1 13 240 M M 3 18 250
12 65 53 59 -3 6 0 0.00 M M 4.2 14 230 M M 4 19 240
13 65 56 61 -2 4 0 0.00 M M 3.5 13 210 M M 9 18 16 220
14 67 58 63 0 2 0 0.00 M M 5.6 14 210 M M 8 1 18 230
15 64 58 61 -2 4 0 0.00 M M 4.8 14 210 M M 10 18 24 240
16 64 55 60 -3 5 0 0.00 M M 4.5 13 240 M M 10 1 19 220
17 63 55 59 -4 6 0 0.00 M M 4.2 12 220 M M 10 18 15 250
18 67 58 63 0 2 0 0.00 M M 3.5 12 230 M M 9 18 16 220
19 66 58 62 -1 3 0 0.00 M M 4.3 10 220 M M 10 18 17 170
20 66 59 63 0 2 0 0.00 M M 5.6 12 210 M M 10 1 18 220
21 67 58 63 0 2 0 0.00 M M 4.0 12 220 M M 10 18 17 240
22 64 58 61 -2 4 0 T M M 4.2 10 200 M M 10 18 14 220
23 61 58 60 -3 5 0 T M M 4.0 10 220 M M 10 1 12 220
24 65 56 61 -2 4 0 0.00 M M 4.7 10 220 M M 10 1 17 230
25 64 59 62 -1 3 0 0.00 M M 5.8 14 220 M M 9 18 230
26 66 55 61 -2 4 0 0.00 M M 5.5 15 230 M M 8 22 230
27 65 56 61 -2 4 0 0.00 M M 5.1 14 230 M M 5 19 250
28 63 57 60 -4 5 0 0.00 M M 4.1 10 220 M M 10 14 220
29 68 60 64 0 1 0 0.00 M M 5.7 12 230 M M 7 16 250
30 65 59 62 -2 3 0 0.00 M M 7.6 15 240 M M 9 22 260
31 67 59 63 -1 2 0 0.00 M M 5.0 14 240 M M 9 21 220
================================================================================
SM 2004 1714 147 0 0.76 M 153.6 M 214
================================================================================
AV 64.6 55.3 5.0 FASTST M M 7 MAX(MPH)
MISC ----> # 16 250 # 24 240
================================================================================
NOTES:
# LAST OF SEVERAL OCCURRENCES
COLUMN 17 PEAK WIND IN M.P.H.
PRELIMINARY LOCAL CLIMATOLOGICAL DATA (WS FORM: F-6) , PAGE 2
STATION: SANTA MONICA AIRPORT CA
MONTH: MAY
YEAR: 2023
LATITUDE: 34 0 N
LONGITUDE: 118 27 W
[TEMPERATURE DATA] [PRECIPITATION DATA] SYMBOLS USED IN COLUMN 16
AVERAGE MONTHLY: 60.0 TOTAL FOR MONTH: 0.76 1 = FOG OR MIST
DPTR FM NORMAL: -2.7 DPTR FM NORMAL: 0.50 2 = FOG REDUCING VISIBILITY
HIGHEST: 68 ON 29 GRTST 24HR 0.72 ON 4- 4 TO 1/4 MILE OR LESS
LOWEST: 47 ON 3 3 = THUNDER
SNOW, ICE PELLETS, HAIL 4 = ICE PELLETS
TOTAL MONTH: M 5 = HAIL
GRTST 24HR M ON M 6 = FREEZING RAIN OR DRIZZLE
GRTST DEPTH: M ON M 7 = DUSTSTORM OR SANDSTORM:
VSBY 1/2 MILE OR LESS
8 = SMOKE OR HAZE
[NO. OF DAYS WITH] [WEATHER - DAYS WITH] 9 = BLOWING SNOW
X = TORNADO
MAX 32 OR BELOW: 0 0.01 INCH OR MORE: 2
MAX 90 OR ABOVE: 0 0.10 INCH OR MORE: 1
MIN 32 OR BELOW: 0 0.50 INCH OR MORE: 1
MIN 0 OR BELOW: 0 1.00 INCH OR MORE: 0
[HDD (BASE 65) ]
TOTAL THIS MO. 147 CLEAR (SCALE 0-3) 6
DPTR FM NORMAL 61 PTCLDY (SCALE 4-7) 9
TOTAL FM JUL 1 1778 CLOUDY (SCALE 8-10) 16
DPTR FM NORMAL 413
[CDD (BASE 65) ]
TOTAL THIS MO. 0
DPTR FM NORMAL -16 [PRESSURE DATA]
TOTAL FM JAN 1 7 HIGHEST SLP 30.11 ON 7
DPTR FM NORMAL -49 LOWEST SLP 29.81 ON 13
[REMARKS]
#FINAL-05-23#