000
CXUS56 KSGX 011145
CF6SNA
PRELIMINARY LOCAL CLIMATOLOGICAL DATA (WS FORM: F-6)
STATION: JOHN WAYNE AIRPORT CA
MONTH: DECEMBER
YEAR: 2022
LATITUDE: 33 40 N
LONGITUDE: 117 53 W
TEMPERATURE IN F: :PCPN: SNOW: WIND :SUNSHINE: SKY :PK WND
================================================================================
1 2 3 4 5 6A 6B 7 8 9 10 11 12 13 14 15 16 17 18
12Z AVG MX 2MIN
DY MAX MIN AVG DEP HDD CDD WTR SNW DPTH SPD SPD DIR MIN PSBL S-S WX SPD DR
================================================================================
1 65 58 62 3 3 0 0.00 M M 6.2 15 210 M M 9 22 200
2 67 55 61 2 4 0 0.01 M M 3.5 10 90 M M 8 8 17 100
3 73 53 63 4 2 0 0.00 M M 1.2 9 220 M M 4 8 11 230
4 70 54 62 4 3 0 0.02 M M 2.0 10 210 M M 8 128 17 10
5 66 56 61 3 4 0 0.08 M M 4.0 12 210 M M 7 128 16 220
6 63 54 59 1 6 0 0.01 M M 4.5 12 210 M M 8 15 180
7 65 50 58 0 7 0 T M M 2.4 12 200 M M 3 15 180
8 65 47 56 -2 9 0 0.00 M M 2.8 10 230 M M 0 15 360
9 63 46 55 -3 10 0 0.00 M M 2.3 10 200 M M 0 14 170
10 66 49 58 0 7 0 0.00 M M 5.1 13 200 M M 5 15 200
11 61 50 56 -2 9 0 0.89 M M 7.5 31 190 M M 7 8 43 170
12 56 49 53 -4 12 0 0.42 M M 3.4 10 210 M M 6 38 16 100
13 61 48 55 -2 10 0 0.00 M M 3.3 12 210 M M 3 15 210
14 66 45 56 -1 9 0 0.00 M M 2.3 10 230 M M 1 14 240
15 64 46 55 -2 10 0 0.00 M M 2.2 8 230 M M 3 10 230
16 71 49 60 3 5 0 0.00 M M 2.1 9 220 M M 2 8 11 110
17 65 43 54 -3 11 0 0.00 M M 1.9 9 210 M M 5 13 160
18 64 45 55 -2 10 0 0.00 M M 4.1 13 210 M M 0 16 200
19 66 43 55 -2 10 0 0.00 M M 1.7 9 200 M M 1 18 12 210
20 68 44 56 -1 9 0 0.00 M M 1.5 8 220 M M 2 8 10 210
21 69 44 57 0 8 0 0.00 M M 2.0 8 200 M M 0 11 210
22 69 48 59 2 6 0 0.00 M M 2.1 9 190 M M 4 11 190
23 68 47 58 1 7 0 0.00 M M 2.1 9 220 M M 3 18 13 220
24 75 49 62 5 3 0 0.00 M M 1.1 9 200 M M 4 128 11 210
25 79 50 65 8 0 0 0.00 M M 1.9 10 210 M M 1 8 11 220
26 80 50 65 8 0 0 0.00 M M 1.3 7 70 M M 4 10 360
27 66 54 60 3 5 0 0.40 M M 3.2 13 200 M M 7 1 16 110
28 65 56 61 4 4 0 0.07 M M 4.2 14 180 M M 7 1 18 180
29 63 56 60 3 5 0 0.01 M M 5.6 13 200 M M 8 16 180
30 62 56 59 2 6 0 T M M 4.6 10 210 M M 9 18 13 140
31 63 58 61 4 4 0 0.92 M M 9.6 22 170 M M 10 1 30 170
================================================================================
SM 2064 1552 198 0 2.83 M 101.7 M 139
================================================================================
AV 66.6 50.1 3.3 FASTST M M 4 MAX(MPH)
MISC ----> 31 190 43 170
================================================================================
NOTES:
# LAST OF SEVERAL OCCURRENCES
COLUMN 17 PEAK WIND IN M.P.H.
PRELIMINARY LOCAL CLIMATOLOGICAL DATA (WS FORM: F-6) , PAGE 2
STATION: JOHN WAYNE AIRPORT CA
MONTH: DECEMBER
YEAR: 2022
LATITUDE: 33 40 N
LONGITUDE: 117 53 W
[TEMPERATURE DATA] [PRECIPITATION DATA] SYMBOLS USED IN COLUMN 16
AVERAGE MONTHLY: 58.3 TOTAL FOR MONTH: 2.83 1 = FOG OR MIST
DPTR FM NORMAL: 0.9 DPTR FM NORMAL: 0.79 2 = FOG REDUCING VISIBILITY
HIGHEST: 80 ON 26 GRTST 24HR 0.92 ON 31-31 TO 1/4 MILE OR LESS
LOWEST: 43 ON 19,17 3 = THUNDER
SNOW, ICE PELLETS, HAIL 4 = ICE PELLETS
TOTAL MONTH: M 5 = HAIL
GRTST 24HR M ON M 6 = FREEZING RAIN OR DRIZZLE
GRTST DEPTH: M ON M 7 = DUSTSTORM OR SANDSTORM:
VSBY 1/2 MILE OR LESS
8 = SMOKE OR HAZE
[NO. OF DAYS WITH] [WEATHER - DAYS WITH] 9 = BLOWING SNOW
X = TORNADO
MAX 32 OR BELOW: 0 0.01 INCH OR MORE: 10
MAX 90 OR ABOVE: 0 0.10 INCH OR MORE: 4
MIN 32 OR BELOW: 0 0.50 INCH OR MORE: 2
MIN 0 OR BELOW: 0 1.00 INCH OR MORE: 0
[HDD (BASE 65) ]
TOTAL THIS MO. 198 CLEAR (SCALE 0-3) 11
DPTR FM NORMAL -40 PTCLDY (SCALE 4-7) 16
TOTAL FM JUL 1 286 CLOUDY (SCALE 8-10) 4
DPTR FM NORMAL -77
[CDD (BASE 65) ]
TOTAL THIS MO. 0
DPTR FM NORMAL -3 [PRESSURE DATA]
TOTAL FM JAN 1 1724 HIGHEST SLP 30.32 ON 8
DPTR FM NORMAL 648 LOWEST SLP 29.75 ON 31
[REMARKS]
#FINAL-12-22#