000
CXUS53 KILX 010900
CF6SPI
PRELIMINARY LOCAL CLIMATOLOGICAL DATA (WS FORM: F-6)
STATION: SPRINGFIELD IL
MONTH: JULY
YEAR: 2021
LATITUDE: 39 50 N
LONGITUDE: 89 41 W
TEMPERATURE IN F: :PCPN: SNOW: WIND :SUNSHINE: SKY :PK WND
================================================================================
1 2 3 4 5 6A 6B 7 8 9 10 11 12 13 14 15 16 17 18
12Z AVG MX 2MIN
DY MAX MIN AVG DEP HDD CDD WTR SNW DPTH SPD SPD DIR MIN PSBL S-S WX SPD DR
================================================================================
1 85 64 75 -1 0 10 0.01 0.0 0 8.0 18 40 M M 5 24 20
2 79 59 69 -7 0 4 0.00 0.0 0 6.2 13 40 M M 1 18 350
3 83 58 71 -5 0 6 0.00 0.0 0 2.5 9 320 M M 0 1 12 340
4 86 63 75 -1 0 10 0.00 0.0 0 4.3 12 270 M M 0 8 15 280
5 88 66 77 1 0 12 0.00 0.0 0 4.6 13 260 M M 0 18 17 210
6 88 67 78 1 0 13 0.00 0.0 0 4.8 13 190 M M 1 1 18 190
7 89 70 80 3 0 15 0.20 0.0 0 4.9 17 200 M M 2 13 26 200
8 79 64 72 -5 0 7 0.00 0.0 0 6.5 15 310 M M 7 18 19 330
9 80 61 71 -6 0 6 1.00 0.0 0 5.9 31 150 M M 2 13 40 140
10 77 65 71 -6 0 6 0.42 0.0 0 7.8 22 160 M M 6 13 29 160
11 80 68 74 -3 0 9 0.42 0.0 0 5.9 18 30 M M 9 13 23 20
12 79 68 74 -3 0 9 1.00 0.0 0 5.6 13 70 M M 8 13 16 300
13 81 68 75 -2 0 10 0.00 0.0 0 6.5 13 260 M M 7 1 18 250
14 86 68 77 0 0 12 0.00 0.0 0 11.2 18 180 M M 1 26 190
15 84 69 77 0 0 12 1.47 0.0 0 8.7 24 290 M M 5 13 34 280
16 77 67 72 -5 0 7 0.11 0.0 0 5.4 12 200 M M 7 1 18 190
17 82 62 72 -5 0 7 0.00 0.0 0 4.8 13 40 M M 2 1 16 40
18 83 64 74 -3 0 9 0.00 0.0 0 4.8 12 50 M M 3 12 15 60
19 84 65 75 -2 0 10 T 0.0 0 5.6 14 70 M M 1 1 18 60
20 85 64 75 -2 0 10 0.00 0.0 0 4.1 13 350 M M 0 1 17 20
21 87 65 76 0 0 11 0.00 0.0 0 2.9 9 30 M M 1 1 13 30
22 88 70 79 3 0 14 0.00 0.0 0 4.8 10 250 M M 0 18 13 260
23 89 71 80 4 0 15 0.00 0.0 0 6.2 10 220 M M 1 18 16 200
24 92 74 83 7 0 18 0.01 0.0 0 8.3 17 300 M M 1 13 25 310
25 90 70 80 4 0 15 0.00 0.0 0 4.2 14 360 M M 2 17 360
26 89 66 78 2 0 13 0.00 0.0 0 2.8 10 360 M M 0 1 16 30
27 90 64 77 1 0 12 0.00 0.0 0 1.7 10 250 M M 0 1 13 50
28 89 68 79 3 0 14 0.00 0.0 0 3.2 12 200 M M 0 1 15 220
29 89 73 81 5 0 16 T 0.0 0 5.6 16 260 M M 2 1 21 250
30 80 67 74 -2 0 9 0.00 0.0 0 8.1 15 90 M M 1 1 20 70
31 68 58 63 -13 2 0 0.51 0.0 0 5.4 13 100 M M 7 1 17 110
================================================================================
SM 2606 2046 2 321 5.15 0.0 171.3 M 82
================================================================================
AV 84.1 66.0 5.5 FASTST M M 3 MAX(MPH)
MISC ----> 31 150 40 140
================================================================================
NOTES:
# LAST OF SEVERAL OCCURRENCES
COLUMN 17 PEAK WIND IN M.P.H.
PRELIMINARY LOCAL CLIMATOLOGICAL DATA (WS FORM: F-6) , PAGE 2
STATION: SPRINGFIELD IL
MONTH: JULY
YEAR: 2021
LATITUDE: 39 50 N
LONGITUDE: 89 41 W
[TEMPERATURE DATA] [PRECIPITATION DATA] SYMBOLS USED IN COLUMN 16
AVERAGE MONTHLY: 75.0 TOTAL FOR MONTH: 5.15 1 = FOG OR MIST
DPTR FM NORMAL: -1.5 DPTR FM NORMAL: 1.30 2 = FOG REDUCING VISIBILITY
HIGHEST: 92 ON 24 GRTST 24HR 1.58 ON 15-16 TO 1/4 MILE OR LESS
LOWEST: 58 ON 31, 3 3 = THUNDER
SNOW, ICE PELLETS, HAIL 4 = ICE PELLETS
TOTAL MONTH: 0.0 INCH 5 = HAIL
GRTST 24HR 0.0 6 = FREEZING RAIN OR DRIZZLE
GRTST DEPTH: 0 7 = DUSTSTORM OR SANDSTORM:
VSBY 1/2 MILE OR LESS
8 = SMOKE OR HAZE
[NO. OF DAYS WITH] [WEATHER - DAYS WITH] 9 = BLOWING SNOW
X = TORNADO
MAX 32 OR BELOW: 0 0.01 INCH OR MORE: 10
MAX 90 OR ABOVE: 3 0.10 INCH OR MORE: 8
MIN 32 OR BELOW: 0 0.50 INCH OR MORE: 4
MIN 0 OR BELOW: 0 1.00 INCH OR MORE: 3
[HDD (BASE 65) ]
TOTAL THIS MO. 2 CLEAR (SCALE 0-3) 22
DPTR FM NORMAL 1 PTCLDY (SCALE 4-7) 7
TOTAL FM JUL 1 2 CLOUDY (SCALE 8-10) 2
DPTR FM NORMAL 2
[CDD (BASE 65) ]
TOTAL THIS MO. 321
DPTR FM NORMAL -36 [PRESSURE DATA]
TOTAL FM JAN 1 770 HIGHEST SLP 30.18 ON 22
DPTR FM NORMAL 9 LOWEST SLP 29.75 ON 11
[REMARKS]
#FINAL-07-21#