054
CXUS53 KILX 012300
CF6SPI
PRELIMINARY LOCAL CLIMATOLOGICAL DATA (WS FORM: F-6)
STATION: SPRINGFIELD IL
MONTH: SEPTEMBER
YEAR: 2020
LATITUDE: 39 50 N
LONGITUDE: 89 41 W
TEMPERATURE IN F: :PCPN: SNOW: WIND :SUNSHINE: SKY :PK WND
================================================================================
1 2 3 4 5 6A 6B 7 8 9 10 11 12 13 14 15 16 17 18
12Z AVG MX 2MIN
DY MAX MIN AVG DEP HDD CDD WTR SNW DPTH SPD SPD DIR MIN PSBL S-S WX SPD DR
================================================================================
1 75 66 71 -1 0 6 0.19 0.0 0 3.5 13 330 M M 8 12 15 330
2 83 64 74 2 0 9 0.00 0.0 0 3.0 9 320 M M 3 18 12 300
3 88 55 72 0 0 7 0.00 0.0 0 6.2 18 250 M M 3 12 26 280
4 80 49 65 -6 0 0 0.00 0.0 0 3.0 10 280 M M 0 17 300
5 87 55 71 0 0 6 0.00 0.0 0 4.9 15 230 M M 0 22 250
6 86 67 77 6 0 12 0.00 0.0 0 11.4 29 200 M M 2 41 200
7 84 72 78 8 0 13 T 0.0 0 7.3 17 200 M M 7 24 200
8 82 64 73 3 0 8 0.52 0.0 0 7.6 18 250 M M 5 13 27 250
9 79 64 72 2 0 7 0.00 0.0 0 5.3 9 330 M M 7 128 13 330
10 73 62 68 -1 0 3 0.00 0.0 0 8.3 16 60 M M 9 1 20 60
11 80 62 71 2 0 6 T 0.0 0 8.4 15 120 M M 7 1 21 120
12 75 57 66 -2 0 1 1.24 0.0 0 5.9 17 150 M M 8 12 24 150
13 79 56 68 0 0 3 0.00 0.0 0 4.7 13 350 M M 5 12 17 360
14 78 52 65 -3 0 0 0.00 0.0 0 5.0 12 60 M M 0 1 15 110
15 79 54 67 0 0 2 0.00 0.0 0 3.6 9 130 M M 0 17 150
16 83 54 69 2 0 4 0.00 0.0 0 1.5 8 260 M M 0 12 290
17 78 54 66 0 0 1 0.00 0.0 0 9.0 16 30 M M 4 21 360
18 70 46 58 -8 7 0 0.00 0.0 0 8.9 20 60 M M 0 24 60
19 71 40 56 -10 9 0 0.00 0.0 0 3.2 12 120 M M 0 15 120
20 75 44 60 -5 5 0 0.00 0.0 0 6.2 15 100 M M 0 22 120
21 78 46 62 -3 3 0 0.00 0.0 0 4.4 10 140 M M 0 16 150
22 78 49 64 0 1 0 0.00 0.0 0 3.4 12 200 M M 0 1 16 210
23 77 51 64 0 1 0 0.00 0.0 0 3.3 9 200 M M 1 1 14 200
24 78 52 65 2 0 0 0.00 0.0 0 5.6 13 200 M M 0 17 160
25 81 53 67 4 0 2 0.00 0.0 0 6.4 15 180 M M 0 1 22 160
26 87 61 74 12 0 9 0.00 0.0 0 12.8 21 180 M M 2 1 31 170
27 81 54 68 6 0 3 0.34 0.0 0 9.6 21 360 M M 4 1 32 340
28 68 47 58 -4 7 0 0.16 0.0 0 8.1 23 290 M M 6 1 31 310
29 63 43 53 -8 12 0 0.00 0.0 0 6.3 14 270 M M 6 22 290
30 74 47 61 0 4 0 0.00 0.0 0 9.4 22 330 M M 1 37 280
================================================================================
SM 2350 1640 49 102 2.45 0.0 186.2 M 88
================================================================================
AV 78.3 54.7 6.2 FASTST M M 3 MAX(MPH)
MISC ----> # 29 200 # 41 200
================================================================================
NOTES:
# LAST OF SEVERAL OCCURRENCES
COLUMN 17 PEAK WIND IN M.P.H.
PRELIMINARY LOCAL CLIMATOLOGICAL DATA (WS FORM: F-6) , PAGE 2
STATION: SPRINGFIELD IL
MONTH: SEPTEMBER
YEAR: 2020
LATITUDE: 39 50 N
LONGITUDE: 89 41 W
[TEMPERATURE DATA] [PRECIPITATION DATA] SYMBOLS USED IN COLUMN 16
AVERAGE MONTHLY: 66.5 TOTAL FOR MONTH: 2.45 1 = FOG OR MIST
DPTR FM NORMAL: -0.3 DPTR FM NORMAL: -0.45 2 = FOG REDUCING VISIBILITY
HIGHEST: 88 ON 3 GRTST 24HR 1.24 ON 12-12 TO 1/4 MILE OR LESS
LOWEST: 40 ON 19 3 = THUNDER
SNOW, ICE PELLETS, HAIL 4 = ICE PELLETS
TOTAL MONTH: 0.0 INCH 5 = HAIL
GRTST 24HR 0.0 6 = FREEZING RAIN OR DRIZZLE
GRTST DEPTH: 0 7 = DUSTSTORM OR SANDSTORM:
VSBY 1/2 MILE OR LESS
8 = SMOKE OR HAZE
[NO. OF DAYS WITH] [WEATHER - DAYS WITH] 9 = BLOWING SNOW
X = TORNADO
MAX 32 OR BELOW: 0 0.01 INCH OR MORE: 5
MAX 90 OR ABOVE: 0 0.10 INCH OR MORE: 5
MIN 32 OR BELOW: 0 0.50 INCH OR MORE: 2
MIN 0 OR BELOW: 0 1.00 INCH OR MORE: 1
[HDD (BASE 65) ]
TOTAL THIS MO. 49 CLEAR (SCALE 0-3) 16
DPTR FM NORMAL -27 PTCLDY (SCALE 4-7) 13
TOTAL FM JUL 1 49 CLOUDY (SCALE 8-10) 1
DPTR FM NORMAL -32
[CDD (BASE 65) ]
TOTAL THIS MO. 102
DPTR FM NORMAL -27 [PRESSURE DATA]
TOTAL FM JAN 1 1174 HIGHEST SLP 30.41 ON 20
DPTR FM NORMAL 75 LOWEST SLP 29.70 ON 30
[REMARKS]
#FINAL-09-20#