000
CXUS54 KLZK 011130
CF6SRC
PRELIMINARY LOCAL CLIMATOLOGICAL DATA (WS FORM: F-6)
STATION: SEARCY AIRPORT
MONTH: AUGUST
YEAR: 2021
LATITUDE: 35 12 N
LONGITUDE: 91 44 W
TEMPERATURE IN F: :PCPN: SNOW: WIND :SUNSHINE: SKY :PK WND
================================================================================
1 2 3 4 5 6A 6B 7 8 9 10 11 12 13 14 15 16 17 18
12Z AVG MX 2MIN
DY MAX MIN AVG DEP HDD CDD WTR SNW DPTH SPD SPD DIR MIN PSBL S-S WX SPD DR
================================================================================
1 87 70 79 -3 0 14 0.00 M M 6.3 14 30 M M 3 18 30
2 90 71 81 -1 0 16 0.29 M M 4.8 13 320 M M 5 1 22 320
3 87 69 78 -4 0 13 0.00 M M 7.5 13 60 M M 3 17 80
4 86 64 75 -7 0 10 0.00 M M 4.6 10 70 M M 3 8 17 100
5 88 61 75 -6 0 10 0.00 M M 2.4 7 150 M M 0 M M
6 87 66 77 -4 0 12 0.01 M M 1.7 6 200 M M 2 1 M M
7 91 67 79 -2 0 14 0.00 M M 4.3 10 180 M M 1 1 M M
8 94 70 82 1 0 17 0.00 M M 5.8 16 180 M M 3 1 20 180
9 94 75 85 4 0 20 0.00 M M 7.4 16 180 M M 2 18 210
10 96 74 85 4 0 20 0.00 M M 7.0 12 210 M M 0 M M
11 97 72 85 4 0 20 0.00 M M 6.7 14 170 M M 0 18 190
12 97 73 85 4 0 20 0.00 M M 6.8 15 180 M M 0 20 180
13 98 73 86 5 0 21 T M M 5.0 13 110 M M 2 M M
14 90 72 81 0 0 16 T M M 5.3 10 60 M M 4 3 M M
15 90 68 79 -2 0 14 T M M 6.4 12 70 M M 1 M M
16 90 66 78 -3 0 13 0.00 M M 5.4 10 100 M M 1 16 80
17 93 66 80 -1 0 15 T M M 4.6 12 80 M M 1 M M
18 82 73 78 -3 0 13 0.89 M M 3.1 8 100 M M 7 13 M M
19 88 73 81 1 0 16 T M M 4.2 9 180 M M 6 M M
20 89 73 81 1 0 16 0.00 M M 4.4 9 190 M M 7 M M
21 94 73 84 4 0 19 0.00 M M 3.6 10 360 M M 1 1 16 350
22 95 74 85 5 0 20 0.00 M M 2.5 7 190 M M 5 M M
23 97 75 86 6 0 21 T M M 3.1 10 160 M M 1 13 M M
24 98 74 86 6 0 21 0.00 M M 2.3 8 200 M M 0 1 M M
25 91 75 83 3 0 18 0.00 M M 0.9 3 99 M M 0 M M
26 98 72 85 6 0 20 T M M 3.7 7 170 M M 1 M M
27 95 72 84 5 0 19 0.00 M M 3.4 9 140 M M 1 1 M M
28 95 71 83 4 0 18 T M M 4.2 10 130 M M 2 M M
29 97 74 86 7 0 21 0.00 M M 5.2 12 130 M M 4 M M
30 87 73 80 2 0 15 0.00 M M 10.5 21 90 M M 3 28 90
31 96 71 84 6 0 19 M M M 6.3 15 20 M M 1 18 350
================================================================================
SM 2857 2200 0 521 1.19 M 149.2 M 70
================================================================================
AV 92.2 71.0 4.8 FASTST M M 2 MAX(MPH)
MISC ----> 21 90 28 90
================================================================================
NOTES:
# LAST OF SEVERAL OCCURRENCES
COLUMN 17 PEAK WIND IN M.P.H.
PRELIMINARY LOCAL CLIMATOLOGICAL DATA (WS FORM: F-6) , PAGE 2
STATION: SEARCY AIRPORT
MONTH: AUGUST
YEAR: 2021
LATITUDE: 35 12 N
LONGITUDE: 91 44 W
[TEMPERATURE DATA] [PRECIPITATION DATA] SYMBOLS USED IN COLUMN 16
AVERAGE MONTHLY: 81.6 TOTAL FOR MONTH: 1.19 1 = FOG OR MIST
DPTR FM NORMAL: 1.1 DPTR FM NORMAL: -1.50 2 = FOG REDUCING VISIBILITY
HIGHEST: 98 ON 24,13 GRTST 24HR 0.89 ON 17-18 TO 1/4 MILE OR LESS
LOWEST: 61 ON 5 3 = THUNDER
SNOW, ICE PELLETS, HAIL 4 = ICE PELLETS
TOTAL MONTH: M 5 = HAIL
GRTST 24HR M ON M 6 = FREEZING RAIN OR DRIZZLE
GRTST DEPTH: M ON M 7 = DUSTSTORM OR SANDSTORM:
VSBY 1/2 MILE OR LESS
8 = SMOKE OR HAZE
[NO. OF DAYS WITH] [WEATHER - DAYS WITH] 9 = BLOWING SNOW
X = TORNADO
MAX 32 OR BELOW: 0 0.01 INCH OR MORE: 3
MAX 90 OR ABOVE: 22 0.10 INCH OR MORE: 2
MIN 32 OR BELOW: 0 0.50 INCH OR MORE: 1
MIN 0 OR BELOW: 0 1.00 INCH OR MORE: 0
[HDD (BASE 65) ]
TOTAL THIS MO. 0 CLEAR (SCALE 0-3) 22
DPTR FM NORMAL 0 PTCLDY (SCALE 4-7) 9
TOTAL FM JUL 1 0 CLOUDY (SCALE 8-10) 0
DPTR FM NORMAL 0
[CDD (BASE 65) ]
TOTAL THIS MO. 521
DPTR FM NORMAL 41 [PRESSURE DATA]
TOTAL FM JAN 1 1548 HIGHEST SLP 30.19 ON 14
DPTR FM NORMAL -51 LOWEST SLP 29.73 ON 30
[REMARKS]
#FINAL-08-21#