000
CXUS52 KTBW 011136
CF6SRQ
PRELIMINARY LOCAL CLIMATOLOGICAL DATA (WS FORM: F-6)
STATION: SARASOTA BRADENTON
MONTH: JANUARY
YEAR: 2022
LATITUDE: 27 23 N
LONGITUDE: 82 33 W
TEMPERATURE IN F: :PCPN: SNOW: WIND :SUNSHINE: SKY :PK WND
================================================================================
1 2 3 4 5 6A 6B 7 8 9 10 11 12 13 14 15 16 17 18
12Z AVG MX 2MIN
DY MAX MIN AVG DEP HDD CDD WTR SNW DPTH SPD SPD DIR MIN PSBL S-S WX SPD DR
================================================================================
1 80 64 72 9 0 7 0.00 0.0 0 9.6 20 180 M M 3 12 27 180
2 80 69 75 12 0 10 0.00 0.0 0 12.2 20 180 M M 5 26 160
3 74 53 64 1 1 0 0.03 0.0 0 13.7 23 320 M M 4 1 32 310
4 76 48 62 -1 3 0 0.00 0.0 0 7.5 17 280 M M 2 21 290
5 74 58 66 3 0 1 0.00 0.0 0 5.6 15 330 M M 4 19 320
6 75 54 65 2 0 0 T 0.0 0 4.5 13 200 M M 5 18 210
7 80 62 71 9 0 6 T 0.0 0 6.9 16 70 M M 3 23 80
8 82 58 70 8 0 5 0.00 0.0 0 12.1 18 100 M M 0 25 100
9 83 66 75 13 0 10 0.00 0.0 0 10.5 21 110 M M 3 27 110
10 78 62 70 8 0 5 0.00 0.0 0 6.1 15 330 M M 2 1 24 360
11 73 54 64 2 1 0 0.00 0.0 0 11.6 18 40 M M 2 25 50
12 77 53 65 3 0 0 0.00 0.0 0 8.8 17 100 M M 2 34 90
13 72 57 65 3 0 0 T 0.0 0 8.7 18 320 M M 4 25 70
14 71 52 62 0 3 0 T 0.0 0 7.8 18 340 M M 1 28 360
15 74 49 62 0 3 0 0.00 0.0 0 9.4 20 190 M M 1 23 200
16 72 62 67 5 0 2 0.08 0.0 0 20.4 30 200 M M 9 1 41 180
17 67 57 62 0 3 0 T 0.0 0 14.5 24 310 M M 7 32 320
18 64 44 54 -8 11 0 0.00 0.0 0 6.9 14 10 M M 0 21 30
19 74 43 59 -3 6 0 0.00 0.0 0 6.5 17 130 M M 0 22 130
20 77 49 63 1 2 0 0.00 0.0 0 4.6 13 180 M M 0 1 16 210
21 79 55 67 5 0 2 T 0.0 0 6.1 14 330 M M 2 1 20 80
22 65 51 58 -4 7 0 0.01 0.0 0 9.2 16 60 M M 9 1 20 60
23 55 40 48 -14 17 0 0.00 0.0 0 7.5 17 310 M M 9 1 23 330
24 65 37 51 -11 14 0 0.00 0.0 0 4.0 13 280 M M 0 16 280
25 59 51 55 -7 10 0 0.32 0.0 0 9.2 23 150 M M 8 1 27 150
26 64 58 61 -1 4 0 T 0.0 0 9.6 15 50 M M 10 1 20 70
27 76 59 68 6 0 3 0.00 0.0 0 9.7 16 30 M M 8 21 50
28 65 56 61 -2 4 0 T 0.0 0 9.0 26 320 M M 9 36 320
29 58 40 49 -14 16 0 0.00 0.0 0 17.1 32 330 M M 2 40 340
30 58 34 46 -17 19 0 0.00 0.0 0 5.3 13 30 M M 0 18 40
31 67 34 51 -12 14 0 0.00 0.0 0 4.1 15 290 M M 0 18 270
================================================================================
SM 2214 1629 138 51 0.44 0.0 278.7 M 114
================================================================================
AV 71.4 52.5 9.0 FASTST M M 4 MAX(MPH)
MISC ----> 32 330 41 180
================================================================================
NOTES:
# LAST OF SEVERAL OCCURRENCES
COLUMN 17 PEAK WIND IN M.P.H.
PRELIMINARY LOCAL CLIMATOLOGICAL DATA (WS FORM: F-6) , PAGE 2
STATION: SARASOTA BRADENTON
MONTH: JANUARY
YEAR: 2022
LATITUDE: 27 23 N
LONGITUDE: 82 33 W
[TEMPERATURE DATA] [PRECIPITATION DATA] SYMBOLS USED IN COLUMN 16
AVERAGE MONTHLY: 62.0 TOTAL FOR MONTH: 0.44 1 = FOG OR MIST
DPTR FM NORMAL: -0.4 DPTR FM NORMAL: -2.35 2 = FOG REDUCING VISIBILITY
HIGHEST: 83 ON 9 GRTST 24HR 1.48 ON 16-16 TO 1/4 MILE OR LESS
LOWEST: 34 ON 31,30 3 = THUNDER
SNOW, ICE PELLETS, HAIL 4 = ICE PELLETS
TOTAL MONTH: 0.0 INCH 5 = HAIL
GRTST 24HR 0.0 6 = FREEZING RAIN OR DRIZZLE
GRTST DEPTH: 0 7 = DUSTSTORM OR SANDSTORM:
VSBY 1/2 MILE OR LESS
8 = SMOKE OR HAZE
[NO. OF DAYS WITH] [WEATHER - DAYS WITH] 9 = BLOWING SNOW
X = TORNADO
MAX 32 OR BELOW: 0 0.01 INCH OR MORE: 4
MAX 90 OR ABOVE: 0 0.10 INCH OR MORE: 1
MIN 32 OR BELOW: 0 0.50 INCH OR MORE: 0
MIN 0 OR BELOW: 0 1.00 INCH OR MORE: 0
[HDD (BASE 65) ]
TOTAL THIS MO. 138 CLEAR (SCALE 0-3) 16
DPTR FM NORMAL -4 PTCLDY (SCALE 4-7) 10
TOTAL FM JUL 1 190 CLOUDY (SCALE 8-10) 5
DPTR FM NORMAL -78
[CDD (BASE 65) ]
TOTAL THIS MO. 51
DPTR FM NORMAL -10 [PRESSURE DATA]
TOTAL FM JAN 1 51 HIGHEST SLP 30.35 ON 8
DPTR FM NORMAL -10 LOWEST SLP 29.71 ON 16
[REMARKS]
#FINAL-01-22#