000
CXUS52 KTBW 020310
CLMSRQ
CLIMATE REPORT
NATIONAL WEATHER SERVICE TAMPA BAY FL
1010 PM EST THU FEB 01 2024
...................................
...THE SARASOTA BRADENTON CLIMATE SUMMARY FOR THE MONTH OF JANUARY 2024...
CLIMATE NORMAL PERIOD: 1991 TO 2020
CLIMATE RECORD PERIOD: 1911 TO 2024
WEATHER OBSERVED NORMAL DEPART LAST YEAR`S
VALUE DATE(S) VALUE FROM VALUE DATE(S)
NORMAL
................................................................
TEMPERATURE (F)
ALL-TIME JANUARY RECORD
HIGH 87 01/09/2013
01/23/1990
LOW 23 01/13/1981
01/21/1971
01/29/1940
JANUARY 2024
HIGHEST 85 01/25 MM MM 84 01/02
LOWEST 39 01/21 MM MM 38 01/15
01/16
AVG. MAXIMUM 71.6 72.5 -0.9 73.9
AVG. MINIMUM 54.3 52.3 2.0 54.7
MEAN 63.0 62.4 0.6 64.3
DAYS MAX >= 90 0 0.0 0.0 0
DAYS MAX <= 32 0 0.0 0.0 0
DAYS MIN <= 32 0 0.8 -0.8 0
DAYS MIN <= 0 0 0.0 0.0 0
PRECIPITATION (INCHES)
ALL-TIME JANUARY RECORD
MAXIMUM 10.26 1998
MINIMUM 0.00 1950
JANUARY 2024
TOTALS 4.31 2.79 1.52 1.43
DAILY AVG. 0.14 0.09 0.05 0.05
DAYS >= .01 12 8.5 3.5 7
DAYS >= .10 5 3.6 1.4 5
DAYS >= .50 3 1.2 1.8 0
DAYS >= 1.00 2 0.4 1.6 0
GREATEST
24 HR. TOTAL 1.76 01/06 TO 01/06
DEGREE DAYS
HEATING TOTAL 116 142 -26 100
SINCE 7/1 188 268 -80 MM
COOLING TOTAL 63 61 2 88
SINCE 1/1 63 61 2 MM
................................................................
WIND (MPH)
AVERAGE WIND SPEED 9.6
HIGHEST WIND SPEED/DIRECTION 40/260 DATE 01/09
HIGHEST GUST SPEED/DIRECTION 60/260 DATE 01/09
SKY COVER (DOES NOT INCLUDE ANY CLOUDS ABOVE 12000 FEET)
POSSIBLE SUNSHINE (PERCENT) MM
AVERAGE SKY COVER 0.41
NUMBER OF DAYS FAIR 14
NUMBER OF DAYS PC 13
NUMBER OF DAYS CLOUDY 4
AVERAGE RH (PERCENT) 74
WEATHER CONDITIONS. NUMBER OF DAYS WITH
THUNDERSTORM 3 MIXED PRECIP 0
HEAVY RAIN 5 RAIN 5
LIGHT RAIN 14 FREEZING RAIN 0
LT FREEZING RAIN 0 HAIL 0
HEAVY SNOW 0 SNOW 0
LIGHT SNOW 0 SLEET 0
FOG 13 FOG W/VIS <= 1/4 MILE 2
HAZE 0
- INDICATES NEGATIVE NUMBERS.
R INDICATES RECORD WAS SET OR TIED.
MM INDICATES DATA IS MISSING.
T INDICATES TRACE AMOUNT.
$$