000
CXUS54 KEWX 011010
CF6SSF
PRELIMINARY LOCAL CLIMATOLOGICAL DATA (WS FORM: F-6)
STATION: SAN ANTONIO STINSON FIELD
MONTH: APRIL
YEAR: 2022
LATITUDE: 29 19 N
LONGITUDE: 98 29 W
TEMPERATURE IN F: :PCPN: SNOW: WIND :SUNSHINE: SKY :PK WND
================================================================================
1 2 3 4 5 6A 6B 7 8 9 10 11 12 13 14 15 16 17 18
12Z AVG MX 2MIN
DY MAX MIN AVG DEP HDD CDD WTR SNW DPTH SPD SPD DIR MIN PSBL S-S WX SPD DR
================================================================================
1 89 56 73 5 0 8 0.00 M M 10.4 23 160 M M 0 34 130
2 95 67 81 13 0 16 0.00 M M 6.4 15 60 M M 4 21 50
3 91 61 76 8 0 11 0.00 M M 7.7 18 140 M M 4 27 140
4 87 69 78 9 0 13 0.00 M M 9.1 17 140 M M 8 23 150
5 98 68 83 14 0 18 0.00 M M 5.6 22 220 M M 4 18 32 210
6 86 60 73 4 0 8 0.00 M M 10.8 24 10 M M 1 8 37 20
7 83 54 69 0 0 4 0.00 M M 8.1 17 10 M M 1 29 10
8 84 46 65 -5 0 0 0.00 M M 3.3 15 260 M M 1 24 270
9 92 48 70 0 0 5 0.00 M M 9.1 25 150 M M 0 36 140
10 97 63 80 10 0 15 0.00 M M 12.2 25 130 M M 2 3 34 140
11 85 73 79 9 0 14 0.00 M M 9.7 17 170 M M 10 25 180
12 99 74 87 17 0 22 T M M 11.9 26 140 M M 5 18 36 120
13 102 75 89 18 0 24 T M M 10.3 20 340 M M 5 8 27 340
14 90 63 77 6 0 12 0.00 M M 11.8 21 130 M M 1 30 130
15 88 65 77 6 0 12 T M M 7.2 16 150 M M 9 18 22 130
16 93 74 84 13 0 19 0.00 M M 6.0 14 130 M M 7 19 120
17 91 75 83 12 0 18 T M M 4.7 13 220 M M 6 8 17 220
18 89 70 80 8 0 15 0.00 M M 10.8 20 30 M M 1 29 30
19 74 62 68 -4 0 3 0.02 M M 10.2 16 120 M M 7 18 22 130
20 89 72 81 9 0 16 0.00 M M 12.1 21 180 M M 7 29 170
21 86 75 81 9 0 16 0.01 M M 10.4 20 140 M M 9 8 27 130
22 94 74 84 12 0 19 0.00 M M 14.7 28 130 M M 7 37 130
23 93 74 84 11 0 19 0.00 M M 14.8 25 160 M M 8 37 180
24 94 75 85 12 0 20 0.04 M M 14.3 33 130 M M 8 46 140
25 82 66 74 1 0 9 0.06 M M 11.4 24 40 M M 9 3 33 30
26 79 60 70 -3 0 5 0.37 M M 7.8 15 40 M M 9 1 23 30
27 84 63 74 1 0 9 0.00 M M 7.8 20 140 M M 6 25 140
28 93 72 83 9 0 18 0.00 M M 12.2 20 130 M M 8 27 160
29 93 73 83 9 0 18 T M M 11.8 20 150 M M 9 1 28 130
30 91 75 83 9 0 18 T M M 6.8 15 160 M M 6 1 22 150
================================================================================
SM 2691 2002 0 404 0.50 M 289.4 M 162
================================================================================
AV 89.7 66.7 9.6 FASTST M M 5 MAX(MPH)
MISC ----> 33 130 46 140
================================================================================
NOTES:
# LAST OF SEVERAL OCCURRENCES
COLUMN 17 PEAK WIND IN M.P.H.
PRELIMINARY LOCAL CLIMATOLOGICAL DATA (WS FORM: F-6) , PAGE 2
STATION: SAN ANTONIO STINSON FIELD
MONTH: APRIL
YEAR: 2022
LATITUDE: 29 19 N
LONGITUDE: 98 29 W
[TEMPERATURE DATA] [PRECIPITATION DATA] SYMBOLS USED IN COLUMN 16
AVERAGE MONTHLY: 78.2 TOTAL FOR MONTH: 0.50 1 = FOG OR MIST
DPTR FM NORMAL: 7.1 DPTR FM NORMAL: -1.84 2 = FOG REDUCING VISIBILITY
HIGHEST: 102 ON 13 GRTST 24HR 0.43 ON 25-26 TO 1/4 MILE OR LESS
LOWEST: 46 ON 8 3 = THUNDER
SNOW, ICE PELLETS, HAIL 4 = ICE PELLETS
TOTAL MONTH: M 5 = HAIL
GRTST 24HR M ON M 6 = FREEZING RAIN OR DRIZZLE
GRTST DEPTH: M ON M 7 = DUSTSTORM OR SANDSTORM:
VSBY 1/2 MILE OR LESS
8 = SMOKE OR HAZE
[NO. OF DAYS WITH] [WEATHER - DAYS WITH] 9 = BLOWING SNOW
X = TORNADO
MAX 32 OR BELOW: 0 0.01 INCH OR MORE: 5
MAX 90 OR ABOVE: 16 0.10 INCH OR MORE: 1
MIN 32 OR BELOW: 0 0.50 INCH OR MORE: 0
MIN 0 OR BELOW: 0 1.00 INCH OR MORE: 0
[HDD (BASE 65) ]
TOTAL THIS MO. 0 CLEAR (SCALE 0-3) 8
DPTR FM NORMAL -24 PTCLDY (SCALE 4-7) 15
TOTAL FM JUL 1 923 CLOUDY (SCALE 8-10) 7
DPTR FM NORMAL -312
[CDD (BASE 65) ]
TOTAL THIS MO. 404
DPTR FM NORMAL 197 [PRESSURE DATA]
TOTAL FM JAN 1 573 HIGHEST SLP 30.28 ON 26
DPTR FM NORMAL 225 LOWEST SLP 29.47 ON 5
[REMARKS]
#FINAL-04-22#