000
CXUS54 KEWX 011110
CF6SSF
PRELIMINARY LOCAL CLIMATOLOGICAL DATA (WS FORM: F-6)
STATION: SAN ANTONIO STINSON FIELD
MONTH: FEBRUARY
YEAR: 2021
LATITUDE: 29 19 N
LONGITUDE: 98 29 W
TEMPERATURE IN F: :PCPN: SNOW: WIND :SUNSHINE: SKY :PK WND
================================================================================
1 2 3 4 5 6A 6B 7 8 9 10 11 12 13 14 15 16 17 18
12Z AVG MX 2MIN
DY MAX MIN AVG DEP HDD CDD WTR SNW DPTH SPD SPD DIR MIN PSBL S-S WX SPD DR
================================================================================
1 67 42 55 1 10 0 0.00 M M 6.1 15 20 M M 0 20 40
2 67 34 51 -3 14 0 0.00 M M 3.4 13 140 M M 0 17 140
3 76 40 58 4 7 0 0.00 M M 6.2 17 150 M M 0 24 150
4 79 52 66 12 0 1 0.00 M M 7.0 20 20 M M 3 1 30 10
5 60 46 53 -2 12 0 T M M 9.5 20 50 M M 8 32 40
6 77 48 63 8 2 0 0.00 M M 6.9 21 300 M M 5 1 33 340
7 72 35 54 -1 11 0 0.00 M M 7.6 17 150 M M 0 28 180
8 76 47 62 7 3 0 0.00 M M 4.2 16 200 M M 5 1 23 190
9 78 55 67 12 0 2 T M M 6.2 16 60 M M 7 1 23 60
10 55 40 48 -7 17 0 T M M 10.1 18 40 M M 10 1 27 50
11 40 33 37 -19 28 0 0.80 M M 12.8 23 30 M M 10 13 35 30
12 37 32 35 -21 30 0 0.00 M M 12.0 21 30 M M 10 1 30 30
13 32 28 30 -26 35 0 T M M 10.7 18 20 M M 10 16 25 30
14 30 16 23 -33 42 0 T M M 12.9 22 360 M M 10 16 34 20
15 67 10 39 -17 26 0 T M M 12.0 21 350 M M 2 1 31 340
16 28 14 21 -35 44 0 T M M 6.9 13 130 M M 5 16 17 50
17 43 23 33 -24 32 0 T M M 7.6 22 20 M M 8 168 30 30
18 32 27 30 -27 35 0 0.06 M M 9.3 17 360 M M 10 1 26 360
19 44 19 32 -25 33 0 0.00 M M 3.2 12 340 M M 2 17 360
20 61 24 43 -14 22 0 0.00 M M 5.7 16 150 M M 0 18 24 140
21 73 38 56 -2 9 0 0.00 M M 3.7 20 180 M M 3 18 31 170
22 75 49 62 4 3 0 0.00 M M 4.5 14 30 M M 3 22 30
23 78 42 60 2 5 0 0.00 M M 6.8 18 150 M M 2 25 160
24 77 62 70 12 0 5 0.00 M M 4.8 15 170 M M 6 23 170
25 65 54 60 2 5 0 0.03 M M 9.3 14 30 M M 10 1 20 30
26 59 50 55 -4 10 0 0.01 M M 6.6 14 30 M M 10 1 20 20
27 78 57 68 9 0 3 0.00 M M 8.7 20 130 M M 10 1 29 140
28 77 68 73 14 0 8 0.00 M M 6.4 15 140 M M 9 21 150
================================================================================
SM 1703 1085 435 19 0.90 M 211.1 M 158
================================================================================
AV 60.8 38.8 7.5 FASTST M M 6 MAX(MPH)
MISC ----> 23 30 35 30
================================================================================
NOTES:
# LAST OF SEVERAL OCCURRENCES
COLUMN 17 PEAK WIND IN M.P.H.
PRELIMINARY LOCAL CLIMATOLOGICAL DATA (WS FORM: F-6) , PAGE 2
STATION: SAN ANTONIO STINSON FIELD
MONTH: FEBRUARY
YEAR: 2021
LATITUDE: 29 19 N
LONGITUDE: 98 29 W
[TEMPERATURE DATA] [PRECIPITATION DATA] SYMBOLS USED IN COLUMN 16
AVERAGE MONTHLY: 49.8 TOTAL FOR MONTH: 0.90 1 = FOG OR MIST
DPTR FM NORMAL: -6.5 DPTR FM NORMAL: -0.92 2 = FOG REDUCING VISIBILITY
HIGHEST: 79 ON 4 GRTST 24HR 0.80 ON 10-11 TO 1/4 MILE OR LESS
LOWEST: 10 ON 15 3 = THUNDER
SNOW, ICE PELLETS, HAIL 4 = ICE PELLETS
TOTAL MONTH: M 5 = HAIL
GRTST 24HR M ON M 6 = FREEZING RAIN OR DRIZZLE
GRTST DEPTH: M ON M 7 = DUSTSTORM OR SANDSTORM:
VSBY 1/2 MILE OR LESS
8 = SMOKE OR HAZE
[NO. OF DAYS WITH] [WEATHER - DAYS WITH] 9 = BLOWING SNOW
X = TORNADO
MAX 32 OR BELOW: 4 0.01 INCH OR MORE: 4
MAX 90 OR ABOVE: 0 0.10 INCH OR MORE: 1
MIN 32 OR BELOW: 9 0.50 INCH OR MORE: 1
MIN 0 OR BELOW: 0 1.00 INCH OR MORE: 0
[HDD (BASE 65) ]
TOTAL THIS MO. 435 CLEAR (SCALE 0-3) 9
DPTR FM NORMAL 169 PTCLDY (SCALE 4-7) 8
TOTAL FM JUL 1 1315 CLOUDY (SCALE 8-10) 11
DPTR FM NORMAL 72
[CDD (BASE 65) ]
TOTAL THIS MO. 19
DPTR FM NORMAL -4 [PRESSURE DATA]
TOTAL FM JAN 1 21 HIGHEST SLP 30.60 ON 19
DPTR FM NORMAL -11 LOWEST SLP 29.70 ON 4
[REMARKS]
#FINAL-02-21#