000
CXUS52 KJAX 030039
CF6SSI
PRELIMINARY LOCAL CLIMATOLOGICAL DATA (WS FORM: F-6)
STATION: ST SIMONS ISLAND
MONTH: JULY
YEAR: 2020
LATITUDE: 31 9 N
LONGITUDE: 81 23 W
TEMPERATURE IN F: :PCPN: SNOW: WIND :SUNSHINE: SKY :PK WND
================================================================================
1 2 3 4 5 6A 6B 7 8 9 10 11 12 13 14 15 16 17 18
12Z AVG MX 2MIN
DY MAX MIN AVG DEP HDD CDD WTR SNW DPTH SPD SPD DIR MIN PSBL S-S WX SPD DR
================================================================================
1 95 74 85 3 0 20 T 0.0 0 9.7 25 250 M M 1 1 32 260
2 94 74 84 2 0 19 0.01 0.0 0 7.6 16 270 M M 3 3 22 280
3 89 77 83 1 0 18 0.00 0.0 0 6.7 15 90 M M 1 19 80
4 89 76 83 1 0 18 0.00 0.0 0 6.0 14 80 M M 2 1 21 100
5 86 74 80 -2 0 15 0.32 0.0 0 4.7 15 210 M M 4 13 23 170
6 87 76 82 0 0 17 0.09 0.0 0 8.1 16 130 M M 2 13 20 130
7 84 76 80 -3 0 15 0.21 0.0 0 9.8 18 230 M M 5 13 24 240
8 91 77 84 1 0 19 0.02 0.0 0 7.9 15 230 M M 6 1 20 230
9 93 77 85 2 0 20 0.03 0.0 0 6.2 13 350 M M 2 3 18 280
10 94 78 86 3 0 21 0.00 0.0 0 7.6 15 130 M M 2 18 180
11 97 79 88 5 0 23 0.00 0.0 0 7.7 15 160 M M 1 20 170
12 96 77 87 4 0 22 0.00 0.0 0 7.1 13 280 M M 0 19 280
13 96 78 87 4 0 22 0.00 0.0 0 7.3 17 240 M M 1 23 230
14 94 79 87 4 0 22 0.00 0.0 0 7.9 14 210 M M 0 18 150
15 91 79 85 2 0 20 0.00 0.0 0 7.5 14 130 M M 0 3 17 130
16 91 78 85 2 0 20 0.00 0.0 0 6.9 14 90 M M 3 1 18 120
17 92 79 86 3 0 21 0.00 0.0 0 8.3 16 40 M M 2 21 60
18 91 78 85 2 0 20 0.00 0.0 0 6.8 14 140 M M 2 18 110
19 91 78 85 2 0 20 0.00 0.0 0 6.7 14 120 M M 1 19 130
20 91 78 85 2 0 20 0.00 0.0 0 7.6 15 130 M M 1 20 140
21 92 83 88 5 0 23 0.00 0.0 0 9.2 16 140 M M 2 20 130
22 91 79 85 2 0 20 0.15 0.0 0 8.2 16 140 M M 1 13 21 140
23 92 82 87 4 0 22 0.02 0.0 0 9.8 18 130 M M 3 23 140
24 91 76 84 1 0 19 0.03 0.0 0 6.9 17 140 M M 2 1 21 130
25 91 81 86 3 0 21 0.00 0.0 0 7.7 15 140 M M 1 20 130
26 90 78 84 1 0 19 0.05 0.0 0 6.3 15 40 M M 1 13 17 100
27 92 80 86 3 0 21 T 0.0 0 8.8 23 220 M M 0 27 220
28 94 76 85 2 0 20 0.00 0.0 0 10.1 16 260 M M 1 3 23 260
29 91 75 83 0 0 18 0.52 0.0 0 9.3 24 280 M M 4 13 32 280
30 91 76 84 1 0 19 0.79 0.0 0 10.4 22 280 M M 4 13 35 280
31 94 76 85 2 0 20 0.00 0.0 0 9.0 14 220 M M 0 19 210
================================================================================
SM 2841 2404 0 614 2.24 0.0 243.8 M 58
================================================================================
AV 91.6 77.5 7.9 FASTST M M 2 MAX(MPH)
MISC ----> 25 250 35 280
================================================================================
NOTES:
# LAST OF SEVERAL OCCURRENCES
COLUMN 17 PEAK WIND IN M.P.H.
PRELIMINARY LOCAL CLIMATOLOGICAL DATA (WS FORM: F-6) , PAGE 2
STATION: ST SIMONS ISLAND
MONTH: JULY
YEAR: 2020
LATITUDE: 31 9 N
LONGITUDE: 81 23 W
[TEMPERATURE DATA] [PRECIPITATION DATA] SYMBOLS USED IN COLUMN 16
AVERAGE MONTHLY: 84.6 TOTAL FOR MONTH: 2.24 1 = FOG OR MIST
DPTR FM NORMAL: 1.8 DPTR FM NORMAL: -1.84 2 = FOG REDUCING VISIBILITY
HIGHEST: 97 ON 11 GRTST 24HR 0.79 ON 30-30 TO 1/4 MILE OR LESS
LOWEST: 74 ON 5, 2 3 = THUNDER
SNOW, ICE PELLETS, HAIL 4 = ICE PELLETS
TOTAL MONTH: 0.0 INCH 5 = HAIL
GRTST 24HR 0.0 6 = FREEZING RAIN OR DRIZZLE
GRTST DEPTH: 0 7 = DUSTSTORM OR SANDSTORM:
VSBY 1/2 MILE OR LESS
8 = SMOKE OR HAZE
[NO. OF DAYS WITH] [WEATHER - DAYS WITH] 9 = BLOWING SNOW
X = TORNADO
MAX 32 OR BELOW: 0 0.01 INCH OR MORE: 12
MAX 90 OR ABOVE: 26 0.10 INCH OR MORE: 5
MIN 32 OR BELOW: 0 0.50 INCH OR MORE: 2
MIN 0 OR BELOW: 0 1.00 INCH OR MORE: 0
[HDD (BASE 65) ]
TOTAL THIS MO. 0 CLEAR (SCALE 0-3) 26
DPTR FM NORMAL 0 PTCLDY (SCALE 4-7) 5
TOTAL FM JUL 1 0 CLOUDY (SCALE 8-10) 0
DPTR FM NORMAL 0
[CDD (BASE 65) ]
TOTAL THIS MO. 614
DPTR FM NORMAL 61 [PRESSURE DATA]
TOTAL FM JAN 1 1797 HIGHEST SLP 30.19 ON 24
DPTR FM NORMAL 343 LOWEST SLP 29.80 ON 12
[REMARKS]
#FINAL-07-20#