000
CXUS52 KJAX 011020
CF6SSI
PRELIMINARY LOCAL CLIMATOLOGICAL DATA (WS FORM: F-6)
STATION: ST SIMONS ISLAND
MONTH: AUGUST
YEAR: 2023
LATITUDE: 31 9 N
LONGITUDE: 81 23 W
TEMPERATURE IN F: :PCPN: SNOW: WIND :SUNSHINE: SKY :PK WND
================================================================================
1 2 3 4 5 6A 6B 7 8 9 10 11 12 13 14 15 16 17 18
12Z AVG MX 2MIN
DY MAX MIN AVG DEP HDD CDD WTR SNW DPTH SPD SPD DIR MIN PSBL S-S WX SPD DR
================================================================================
1 91 78 85 1 0 20 0.00 0.0 0 6.2 13 80 M M 1 17 110
2 92 83 88 4 0 23 0.00 0.0 0 10.2 16 110 M M 1 23 90
3 92 82 87 3 0 22 0.00 0.0 0 7.5 14 140 M M 2 18 170
4 87 80 84 0 0 19 0.24 0.0 0 8.7 17 290 M M 5 1 27 300
5 92 79 86 2 0 21 0.00 0.0 0 6.5 13 230 M M 4 3 16 220
6 93 78 86 2 0 21 0.04 0.0 0 5.2 26 330 M M 1 3 45 340
7 99 77 88 4 0 23 0.00 0.0 0 7.5 14 160 M M 1 3 21 170
8 102 78 90 7 0 25 0.43 0.0 0 8.1 28 280 M M 2 13 45 270
9 97 79 88 5 0 23 0.00 0.0 0 6.4 13 250 M M 2 19 270
10 100 84 92 9 0 27 0.00 0.0 0 9.3 20 260 M M 1 30 260
11 99 81 90 7 0 25 2.25 0.0 0 8.9 20 70 M M 2 13 30 60
12 96 79 88 5 0 23 0.02 0.0 0 4.6 12 130 M M 0 3 17 140
13 97 84 91 8 0 26 0.00 0.0 0 7.5 14 130 M M 0 3 20 170
14 96 81 89 6 0 24 0.00 0.0 0 7.8 17 260 M M 0 3 26 260
15 97 77 87 4 0 22 0.16 0.0 0 8.4 24 210 M M 1 13 37 210
16 92 79 86 3 0 21 T 0.0 0 6.1 15 150 M M 2 3 25 150
17 94 77 86 3 0 21 0.00 0.0 0 7.7 15 220 M M 2 21 180
18 95 78 87 4 0 22 0.00 0.0 0 8.5 16 140 M M 1 21 170
19 92 80 86 3 0 21 0.00 0.0 0 6.9 14 120 M M 0 19 90
20 92 80 86 4 0 21 0.24 0.0 0 5.9 22 130 M M 3 3 29 140
21 92 81 87 5 0 22 0.00 0.0 0 4.6 10 140 M M 1 16 120
22 97 81 89 7 0 24 0.00 0.0 0 4.6 10 140 M M 2 15 140
23 93 81 87 5 0 22 0.00 0.0 0 9.2 21 70 M M 2 3 31 60
24 92 79 86 4 0 21 0.00 0.0 0 8.2 18 70 M M 3 24 70
25 97 77 87 5 0 22 0.30 0.0 0 5.2 22 350 M M 2 13 31 340
26 91 77 84 2 0 19 0.00 0.0 0 5.9 14 140 M M 0 19 160
27 91 79 85 3 0 20 0.00 0.0 0 5.7 14 100 M M 2 18 100
28 93 81 87 5 0 22 0.00 0.0 0 8.0 20 120 M M 2 3 26 120
29 91 76 84 2 0 19 1.79 0.0 0 7.8 26 340 M M 5 13 39 350
30 86 76 81 -1 0 16 1.10 0.0 0 20.9 43 220 M M 7 13 67 170
31 89 75 82 1 0 17 0.00 0.0 0 9.4 15 110 M M 2 25 270
================================================================================
SM 2907 2457 0 674 6.57 0.0 237.4 M 59
================================================================================
AV 93.8 79.3 7.7 FASTST M M 2 MAX(MPH)
MISC ----> 43 220 67 170
================================================================================
NOTES:
# LAST OF SEVERAL OCCURRENCES
COLUMN 17 PEAK WIND IN M.P.H.
PRELIMINARY LOCAL CLIMATOLOGICAL DATA (WS FORM: F-6) , PAGE 2
STATION: ST SIMONS ISLAND
MONTH: AUGUST
YEAR: 2023
LATITUDE: 31 9 N
LONGITUDE: 81 23 W
[TEMPERATURE DATA] [PRECIPITATION DATA] SYMBOLS USED IN COLUMN 16
AVERAGE MONTHLY: 86.5 TOTAL FOR MONTH: 6.57 1 = FOG OR MIST
DPTR FM NORMAL: 3.7 DPTR FM NORMAL: 0.78 2 = FOG REDUCING VISIBILITY
HIGHEST: 102 ON 8 GRTST 24HR 2.56 ON 29-30 TO 1/4 MILE OR LESS
LOWEST: 75 ON 31 3 = THUNDER
SNOW, ICE PELLETS, HAIL 4 = ICE PELLETS
TOTAL MONTH: 0.0 INCH 5 = HAIL
GRTST 24HR 0.0 6 = FREEZING RAIN OR DRIZZLE
GRTST DEPTH: 0 7 = DUSTSTORM OR SANDSTORM:
VSBY 1/2 MILE OR LESS
8 = SMOKE OR HAZE
[NO. OF DAYS WITH] [WEATHER - DAYS WITH] 9 = BLOWING SNOW
X = TORNADO
MAX 32 OR BELOW: 0 0.01 INCH OR MORE: 10
MAX 90 OR ABOVE: 28 0.10 INCH OR MORE: 8
MIN 32 OR BELOW: 0 0.50 INCH OR MORE: 3
MIN 0 OR BELOW: 0 1.00 INCH OR MORE: 3
[HDD (BASE 65) ]
TOTAL THIS MO. 0 CLEAR (SCALE 0-3) 26
DPTR FM NORMAL 0 PTCLDY (SCALE 4-7) 5
TOTAL FM JUL 1 0 CLOUDY (SCALE 8-10) 0
DPTR FM NORMAL 0
[CDD (BASE 65) ]
TOTAL THIS MO. 674
DPTR FM NORMAL 124 [PRESSURE DATA]
TOTAL FM JAN 1 2744 HIGHEST SLP 30.15 ON 21
DPTR FM NORMAL 610 LOWEST SLP 29.29 ON 30
[REMARKS]
#FINAL-08-23#