000
CXUS53 KLSX 011610 CCA
CF6STL
PRELIMINARY LOCAL CLIMATOLOGICAL DATA (WS FORM: F-6)
STATION: ST. LOUIS
MONTH: MARCH
YEAR: 2022
LATITUDE: 38 45 N
LONGITUDE: 90 23 W
TEMPERATURE IN F: :PCPN: SNOW: WIND :SUNSHINE: SKY :PK WND
================================================================================
1 2 3 4 5 6A 6B 7 8 9 10 11 12 13 14 15 16 17 18
12Z AVG MX 2MIN
DY MAX MIN AVG DEP HDD CDD WTR SNW DPTH SPD SPD DIR MIN PSBL S-S WX SPD DR
================================================================================
1 76 42 59 18 6 0 0.00 0.0 0 7.3 21 250 M M 3 29 260
2 82 38 60 18 5 0 0.00 0.0 0 6.4 23 270 M M 3 28 260
3 60 35 48 6 17 0 0.00 0.0 0 11.3 20 60 M M 1 8 26 80
4 62 32 47 5 18 0 0.00 0.0 0 11.1 16 130 M M 8 21 160
5 78 49 64 21 1 0 0.04 0.0 0 16.3 32 210 M M 7 3 47 210
6 64 42 53 10 12 0 1.65 0.0 0 9.6 20 70 M M 7 13 27 60
7 42 32 37 -7 28 0 0.01 T 0 12.7 22 320 M M 10 1 31 320
8 43 28 36 -8 29 0 0.00 0.0 0 4.0 10 100 M M 8 14 150
9 53 31 42 -2 23 0 0.00 0.0 0 7.0 15 20 M M 5 19 310
10 44 29 37 -7 28 0 0.00 0.0 0 9.9 17 40 M M 8 21 40
11 34 22 28 -17 37 0 0.08 0.8 1 12.6 23 330 M M 9 1 33 340
12 33 14 24 -21 41 0 0.00 0.0 0 12.7 25 330 M M 2 33 320
13 70 33 52 6 13 0 0.00 0.0 0 11.0 24 250 M M 3 32 250
14 68 45 57 11 8 0 0.00 0.0 0 11.7 22 190 M M 4 35 210
15 70 43 57 11 8 0 0.00 0.0 0 3.6 12 140 M M 4 18 170
16 75 46 61 14 4 0 0.00 0.0 0 7.9 16 170 M M 1 24 190
17 78 55 67 20 0 2 0.00 0.0 0 8.8 18 130 M M 4 29 150
18 65 45 55 8 10 0 0.19 0.0 0 12.5 28 280 M M 10 1 37 270
19 58 39 49 1 16 0 0.06 0.0 0 13.4 24 280 M M 6 1 34 290
20 75 38 57 9 8 0 0.00 0.0 0 6.9 17 230 M M 3 23 210
21 77 53 65 17 0 0 0.37 0.0 0 12.2 24 140 M M 8 13 34 140
22 59 52 56 7 9 0 0.24 0.0 0 15.4 35 130 M M 10 13 48 140
23 55 41 48 -1 17 0 0.07 0.0 0 11.9 23 250 M M 10 18 31 260
24 46 38 42 -8 23 0 0.22 0.0 0 11.1 18 290 M M 9 1 26 250
25 59 40 50 0 15 0 T 0.0 0 14.4 31 290 M M 7 43 320
26 54 36 45 -5 20 0 0.00 0.0 0 15.7 30 290 M M 2 43 290
27 49 31 40 -11 25 0 0.00 0.0 0 8.2 16 340 M M 7 22 340
28 49 36 43 -8 22 0 0.00 0.0 0 10.0 17 110 M M 8 25 80
29 71 42 57 6 8 0 T 0.0 0 16.4 33 120 M M 8 41 120
30 70 41 56 4 9 0 1.84 0.0 0 12.3 25 220 M M 10 1 36 200
31 43 38 41 -11 24 0 0.02 T 0 14.4 24 280 M M 10 14 35 270
================================================================================
SM 1862 1186 484 2 4.79 0.8 338.7 M 195
================================================================================
AV 60.1 38.3 10.9 FASTST M M 6 MAX(MPH)
MISC ----> 35 130 48 140
================================================================================
NOTES:
# LAST OF SEVERAL OCCURRENCES
COLUMN 17 PEAK WIND IN M.P.H.
PRELIMINARY LOCAL CLIMATOLOGICAL DATA (WS FORM: F-6) , PAGE 2
STATION: ST. LOUIS
MONTH: MARCH
YEAR: 2022
LATITUDE: 38 45 N
LONGITUDE: 90 23 W
[TEMPERATURE DATA] [PRECIPITATION DATA] SYMBOLS USED IN COLUMN 16
AVERAGE MONTHLY: 49.2 TOTAL FOR MONTH: 4.79 1 = FOG OR MIST
DPTR FM NORMAL: 2.6 DPTR FM NORMAL: 1.29 2 = FOG REDUCING VISIBILITY
HIGHEST: 82 ON 2 GRTST 24HR 1.84 ON 30-30 TO 1/4 MILE OR LESS
LOWEST: 14 ON 12 3 = THUNDER
SNOW, ICE PELLETS, HAIL 4 = ICE PELLETS
TOTAL MONTH: 0.8 INCH 5 = HAIL
GRTST 24HR 0.8 ON 11-11 6 = FREEZING RAIN OR DRIZZLE
GRTST DEPTH: 1 ON 11 7 = DUSTSTORM OR SANDSTORM:
VSBY 1/2 MILE OR LESS
8 = SMOKE OR HAZE
[NO. OF DAYS WITH] [WEATHER - DAYS WITH] 9 = BLOWING SNOW
X = TORNADO
MAX 32 OR BELOW: 0 0.01 INCH OR MORE: 12
MAX 90 OR ABOVE: 0 0.10 INCH OR MORE: 6
MIN 32 OR BELOW: 8 0.50 INCH OR MORE: 2
MIN 0 OR BELOW: 0 1.00 INCH OR MORE: 2
[HDD (BASE 65) ]
TOTAL THIS MO. 484 CLEAR (SCALE 0-3) 8
DPTR FM NORMAL -92 PTCLDY (SCALE 4-7) 9
TOTAL FM JUL 1 3661 CLOUDY (SCALE 8-10) 14
DPTR FM NORMAL -435
[CDD (BASE 65) ]
TOTAL THIS MO. 2
DPTR FM NORMAL -5 [PRESSURE DATA]
TOTAL FM JAN 1 2 HIGHEST SLP 30.42 ON 12
DPTR FM NORMAL -6 LOWEST SLP 29.18 ON 30
[REMARKS]
#FINAL-03-22#