000
CXUS53 KLSX 011904
CLMSTL
CLIMATE REPORT
NATIONAL WEATHER SERVICE ST LOUIS MO
104 PM CST FRI DEC 01 2023
...................................
...THE ST. LOUIS CLIMATE SUMMARY FOR THE MONTH OF NOVEMBER 2023...
CLIMATE NORMAL PERIOD 1991 TO 2020
CLIMATE RECORD PERIOD 1874 TO 2023
WEATHER OBSERVED NORMAL DEPART LAST YEAR`S
VALUE DATE(S) VALUE FROM VALUE
NORMAL
..............................................................
TEMPERATURE (F)
RECORD
HIGH 86 11/01/1937
LOW 1 11/30/1964
HIGHEST 84 11/08 83
LOWEST 23 11/28 20
AVG. MAXIMUM 60.1 55.5 4.6 56.7
AVG. MINIMUM 39.1 37.4 1.7 37.9
MEAN 49.6 46.5 3.1 47.3
DAYS MAX >= 90 0 0.0 0.0 0
DAYS MAX <= 32 0 0.7 -0.7 1
DAYS MIN <= 32 5 9.1 -4.1 12
DAYS MIN <= 0 0 0.0 0.0 0
PRECIPITATION (INCHES)
RECORD
MAXIMUM 9.95 1985
MINIMUM 0.11 1949
TOTALS 0.97 3.42 -2.45 2.45
DAILY AVG. 0.03 0.11 -0.08 0.08
DAYS >= .01 4 9.0 -5.0 7
DAYS >= .10 3 5.4 -2.4 6
DAYS >= .50 1 2.3 -1.3 1
DAYS >= 1.00 0 1.1 -1.1 0
GREATEST
24 HR. TOTAL 0.50 11/20 TO 11/20
SNOWFALL (INCHES)
RECORDS
TOTAL 11.3 1951
24 HR TOTAL 10.3 11/05/1913 TO 11/06/1913
TOTALS 0.0 0.9 -0.9 0.8
SINCE 7/1 0.0 0.9 -0.9 MM
DAYS >= 1.0 0 0
GREATEST
SNOW DEPTH 0
24 HR TOTAL 0.0
DEGREE DAYS
HEATING TOTAL 463 560 -97 543
SINCE 7/1 652 820 -168 MM
COOLING TOTAL 10 3 7 19
SINCE 1/1 1942 1713 229 MM
..............................................................
WIND (MPH)
HIGHEST WIND SPEED/DIRECTION 26/280 DATE 11/26
HIGHEST GUST SPEED/DIRECTION 38/290 DATE 11/26
SKY COVER
POSSIBLE SUNSHINE (PERCENT) MM
NUMBER OF DAYS FAIR 10
NUMBER OF DAYS PC 13
NUMBER OF DAYS CLOUDY 7
WEATHER CONDITIONS. NUMBER OF DAYS WITH
THUNDERSTORM 0 MIXED PRECIP 0
HEAVY RAIN 1 RAIN 4
LIGHT RAIN 5 FREEZING RAIN 0
LT FREEZING RAIN 0 HAIL 0
HEAVY SNOW 0 SNOW 0
LIGHT SNOW 0 SLEET 0
FOG 5 FOG W/VIS <= 1/4 MILE 0
HAZE 2
- INDICATES NEGATIVE NUMBERS.
R INDICATES RECORD WAS SET OR TIED.
MM INDICATES DATA IS MISSING.
T INDICATES TRACE AMOUNT.
...MONTHLY...
TOP 20 WARMEST NOVEMBER ON RECORD (RANK 18 - 49.6 DEGREES).
TOP 20 DRIEST NOVEMBER (RANK 17 - 0.97 INCHES).
TIED 6TH LEAST OCCURRENCES WITH MEASURABLE PRECIPITATION (4 DAYS).
...DAILY...
RECORD HIGH TEMPERATURE OF 84 DEGREES SET ON 11/08. PREVIOUS 82 IN
2005.
$$