000
CXUS55 KSTO 270202
CF6STO
PRELIMINARY LOCAL CLIMATOLOGICAL DATA (WS FORM: F-6)
STATION: SACRAMENTO CITY
MONTH: MAY
YEAR: 2022
LATITUDE: 38 36 N
LONGITUDE: 121 23 W
TEMPERATURE IN F: :PCPN: SNOW: WIND :SUNSHINE: SKY :PK WND
================================================================================
1 2 3 4 5 6A 6B 7 8 9 10 11 12 13 14 15 16 17 18
12Z AVG MX 2MIN
DY MAX MIN AVG DEP HDD CDD WTR SNW DPTH SPD SPD DIR MIN PSBL S-S WX SPD DR
================================================================================
1 84 48 66 2 0 1 0.00 M M M M M M M M M M
2 76 51 64 -1 1 0 0.00 M M M M M M M M M M
3 83 54 69 4 0 4 0.00 M M M M M M M M M M
4 90 53 72 7 0 7 0.00 0.0 M M M M M M M M M
5 77 54 66 1 0 1 0.00 0.0 M M M M M M M M M
6 78 55 67 1 0 2 0.00 0.0 M M M M M M M M M
7 77 51 64 -2 1 0 0.00 0.0 M M M M M M M M M
8 67 48 58 -8 7 0 0.00 0.0 M M M M M M M M M
9 65 44 55 -11 10 0 0.00 0.0 M M M M M M M M M
10 66 43 55 -11 10 0 0.06 M M M M M M M M M M
11 74 42 58 -9 7 0 0.00 M M M M M M M M M M
12 74 47 61 -6 4 0 0.00 M M M M M M M M M M
13 84 48 66 -1 0 1 0.00 0.0 M M M M M M M M M
14 92 56 74 7 0 9 0.00 0.0 M M M M M M M M M
15 91 59 75 7 0 10 0.00 0.0 M M M M M M M M M
16 84 54 69 1 0 4 0.00 0.0 M M M M M M M M M
17 93 54 74 6 0 9 0.00 0.0 M M M M M M M M M
18 99 56 78 10 0 13 0.00 M M M M M M M M M M
19 91 68 80 12 0 15 0.00 M M M M M M M M M M
20 83 58 71 3 0 6 0.00 0.0 M M M M M M M M M
21 89 55 72 3 0 7 0.00 0.0 M M M M M M M M M
22 91 57 74 5 0 9 0.00 0.0 M M M M M M M M M
23 95 58 77 8 0 12 0.00 0.0 M M M M M M M M M
24 99 61 80 11 0 15 0.00 0.0 M M M M M M M M M
25 103 66 85 15 0 20 0.00 0.0 M M M M M M M M M
26 79 57 68 -2 0 3 0.00 M M M M M M M M M M
27 79 56 68 -2 0 3 0.00 M M M M M M M M M M
28 80 56 68 -2 0 3 0.00 M M M M M M M M M M
29 82 55 69 -1 0 4 0.00 0.0 M M M M M M M M M
30 83 54 69 -1 0 4 0.00 M M M M M M M M M M
31 90 55 73 2 0 8 0.00 M M M M M M M M M M
================================================================================
SM 2598 1673 40 170 0.06 0.0 M M M
================================================================================
AV 83.8 54.0 M FASTST M M M MAX(MPH)
MISC ----> M M M M
================================================================================
NOTES:
# LAST OF SEVERAL OCCURRENCES
COLUMN 17 PEAK WIND IN M.P.H.
PRELIMINARY LOCAL CLIMATOLOGICAL DATA (WS FORM: F-6) , PAGE 2
STATION: SACRAMENTO CITY
MONTH: MAY
YEAR: 2022
LATITUDE: 38 36 N
LONGITUDE: 121 23 W
[TEMPERATURE DATA] [PRECIPITATION DATA] SYMBOLS USED IN COLUMN 16
AVERAGE MONTHLY: 68.9 TOTAL FOR MONTH: 0.06 1 = FOG OR MIST
DPTR FM NORMAL: 1.2 DPTR FM NORMAL: -0.80 2 = FOG REDUCING VISIBILITY
HIGHEST: 103 ON 25 GRTST 24HR 0.06 ON 10-10 TO 1/4 MILE OR LESS
LOWEST: 42 ON 11 3 = THUNDER
SNOW, ICE PELLETS, HAIL 4 = ICE PELLETS
TOTAL MONTH: 0.0 INCH 5 = HAIL
GRTST 24HR 0.0 6 = FREEZING RAIN OR DRIZZLE
GRTST DEPTH: M ON M 7 = DUSTSTORM OR SANDSTORM:
VSBY 1/2 MILE OR LESS
8 = SMOKE OR HAZE
[NO. OF DAYS WITH] [WEATHER - DAYS WITH] 9 = BLOWING SNOW
X = TORNADO
MAX 32 OR BELOW: 0 0.01 INCH OR MORE: 1
MAX 90 OR ABOVE: 11 0.10 INCH OR MORE: 0
MIN 32 OR BELOW: 0 0.50 INCH OR MORE: 0
MIN 0 OR BELOW: 0 1.00 INCH OR MORE: 0
[HDD (BASE 65) ]
TOTAL THIS MO. 40 CLEAR (SCALE 0-3) 0
DPTR FM NORMAL -5 PTCLDY (SCALE 4-7) 0
TOTAL FM JUL 1 1924 CLOUDY (SCALE 8-10) 31
DPTR FM NORMAL -212
[CDD (BASE 65) ]
TOTAL THIS MO. 170
DPTR FM NORMAL 43 [PRESSURE DATA]
TOTAL FM JAN 1 217 HIGHEST SLP M ON M
DPTR FM NORMAL 54 LOWEST SLP M ON M
[REMARKS]
#FINAL-05-22#