000
CXUS55 KSTO 010216
CF6STO
PRELIMINARY LOCAL CLIMATOLOGICAL DATA (WS FORM: F-6)
STATION: SACRAMENTO CITY
MONTH: OCTOBER
YEAR: 2021
LATITUDE: 38 36 N
LONGITUDE: 121 23 W
TEMPERATURE IN F: :PCPN: SNOW: WIND :SUNSHINE: SKY :PK WND
================================================================================
1 2 3 4 5 6A 6B 7 8 9 10 11 12 13 14 15 16 17 18
12Z AVG MX 2MIN
DY MAX MIN AVG DEP HDD CDD WTR SNW DPTH SPD SPD DIR MIN PSBL S-S WX SPD DR
================================================================================
1 90 55 73 2 0 8 0.00 0.0 M M M M M M M M M
2 92 58 75 5 0 10 0.00 0.0 M M M M M M M M M
3 90 57 74 4 0 9 0.00 0.0 M M M M M M M M M
4 91 57 74 4 0 9 0.00 0.0 M M M M M M M M M
5 85 59 72 2 0 7 0.00 0.0 M M M M M M M M M
6 77 57 67 -2 0 2 0.00 M M M M M M M M M M
7 75 54 65 -4 0 0 0.00 M M M M M M M M M M
8 70 52 61 -8 4 0 0.00 0.0 M M M M M M M M M
9 74 48 61 -7 4 0 0.00 0.0 M M M M M M M M M
10 80 51 66 -2 0 1 0.00 0.0 M M M M M M M M M
11 69 56 63 -5 2 0 0.00 0.0 M M M M M M M M M
12 70 50 60 -7 5 0 0.00 0.0 M M M M M M M M M
13 74 48 61 -6 4 0 0.00 0.0 M M M M M M M M M
14 77 46 62 -5 3 0 0.00 0.0 M M M M M M M M M
15 81 46 64 -2 1 0 0.00 M M M M M M M M M M
16 85 48 67 1 0 2 0.00 M M M M M M M M M M
17 78 50 64 -2 1 0 0.01 0.0 M M M M M M M M M
18 67 47 57 -8 8 0 0.01 0.0 M M M M M M M M M
19 70 44 57 -8 8 0 0.00 0.0 M M M M M M M M M
20 70 54 62 -3 3 0 0.01 0.0 M M M M M M M M M
21 75 59 67 3 0 2 0.31 0.0 M M M M M M M M M
22 70 57 64 0 1 0 0.42 M M M M M M M M M M
23 65 53 59 -5 6 0 0.15 M M M M M M M M M M
24 60 55 58 -5 7 0 5.44 0.0 M M M M M M M M M
25 69 52 61 -2 4 0 0.37 0.0 M M M M M M M M M
26 68 51 60 -2 5 0 0.00 0.0 M M M M M M M M M
27 72 55 64 2 1 0 0.00 0.0 M M M M M M M M M
28 75 53 64 2 1 0 0.00 0.0 M M M M M M M M M
29 79 52 66 5 0 1 0.00 0.0 M M M M M M M M M
30 71 57 64 3 1 0 0.00 0.0 M M M M M M M M M
31 70 52 61 0 4 0 0.00 0.0 M M M M M M M M M
================================================================================
SM 2339 1633 73 51 6.72 0.0 M M M
================================================================================
AV 75.5 52.7 M FASTST M M M MAX(MPH)
MISC ----> M M M M
================================================================================
NOTES:
# LAST OF SEVERAL OCCURRENCES
COLUMN 17 PEAK WIND IN M.P.H.
PRELIMINARY LOCAL CLIMATOLOGICAL DATA (WS FORM: F-6) , PAGE 2
STATION: SACRAMENTO CITY
MONTH: OCTOBER
YEAR: 2021
LATITUDE: 38 36 N
LONGITUDE: 121 23 W
[TEMPERATURE DATA] [PRECIPITATION DATA] SYMBOLS USED IN COLUMN 16
AVERAGE MONTHLY: 64.1 TOTAL FOR MONTH: 6.72 1 = FOG OR MIST
DPTR FM NORMAL: -1.8 DPTR FM NORMAL: 5.79 2 = FOG REDUCING VISIBILITY
HIGHEST: 92 ON 2 GRTST 24HR 5.44 ON 24-24 TO 1/4 MILE OR LESS
LOWEST: 44 ON 19 3 = THUNDER
SNOW, ICE PELLETS, HAIL 4 = ICE PELLETS
TOTAL MONTH: 0.0 INCH 5 = HAIL
GRTST 24HR 0.0 6 = FREEZING RAIN OR DRIZZLE
GRTST DEPTH: M ON M 7 = DUSTSTORM OR SANDSTORM:
VSBY 1/2 MILE OR LESS
8 = SMOKE OR HAZE
[NO. OF DAYS WITH] [WEATHER - DAYS WITH] 9 = BLOWING SNOW
X = TORNADO
MAX 32 OR BELOW: 0 0.01 INCH OR MORE: 8
MAX 90 OR ABOVE: 4 0.10 INCH OR MORE: 5
MIN 32 OR BELOW: 0 0.50 INCH OR MORE: 1
MIN 0 OR BELOW: 0 1.00 INCH OR MORE: 1
[HDD (BASE 65) ]
TOTAL THIS MO. 73 CLEAR (SCALE 0-3) 0
DPTR FM NORMAL 15 PTCLDY (SCALE 4-7) 0
TOTAL FM JUL 1 73 CLOUDY (SCALE 8-10) 31
DPTR FM NORMAL 12
[CDD (BASE 65) ]
TOTAL THIS MO. 51
DPTR FM NORMAL -35 [PRESSURE DATA]
TOTAL FM JAN 1 1922 HIGHEST SLP M ON M
DPTR FM NORMAL 347 LOWEST SLP M ON M
[REMARKS]
#FINAL-10-21#