473
CXUS53 KGRB 220714
CF6SUE
PRELIMINARY LOCAL CLIMATOLOGICAL DATA (WS FORM: F-6)
STATION: STURGEON BAY WI
MONTH: OCTOBER
YEAR: 2020
LATITUDE: 44 55 N
LONGITUDE: 87 25 W
TEMPERATURE IN F: :PCPN: SNOW: WIND :SUNSHINE: SKY :PK WND
================================================================================
1 2 3 4 5 6A 6B 7 8 9 10 11 12 13 14 15 16 17 18
12Z AVG MX 2MIN
DY MAX MIN AVG DEP HDD CDD WTR SNW DPTH SPD SPD DIR MIN PSBL S-S WX SPD DR
================================================================================
1 53 42 48 M 17 0 T M 0 13.3 20 340 M M 7 25 340
2 47 40 44 M 21 0 0.02 M 0 9.4 13 330 M M 8 18 350
3 46 37 42 M 23 0 0.28 M 0 3.2 9 20 M M 10 M M
4 51 36 44 M 21 0 0.02 M 0 9.9 17 360 M M 6 21 350
5 58 39 49 M 16 0 0.00 0.0 0 14.0 23 180 M M 0 39 180
6 70 49 60 M 5 0 0.02 M 0 10.9 17 230 M M 3 3 24 240
7 62 44 53 M 12 0 T M 0 6.6 17 290 M M 4 21 290
8 60 43 52 M 13 0 0.00 0.0 0 7.8 13 320 M M 1 18 320
9 68 48 58 M 7 0 0.00 0.0 0 12.4 23 180 M M 1 35 180
10 68 42 55 M 10 0 0.00 0.0 0 10.8 18 350 M M 1 23 350
11 57 40 49 M 16 0 0.00 0.0 0 8.4 15 140 M M 5 24 140
12 59 48 54 M 11 0 0.59 M 0 14.3 24 160 M M 6 13 37 150
13 65 45 55 M 10 0 0.00 0.0 0 13.0 27 210 M M 2 37 220
14 59 43 51 M 14 0 T M 0 12.3 24 160 M M 4 41 160
15 53 32 43 M 22 0 T M 0 13.9 28 290 M M 7 38 290
16 50 33 42 M 23 0 0.04 M 0 9.9 18 200 M M 5 36 210
17 54 29 42 M 23 0 0.05 M 0 12.5 24 180 M M 7 40 170
18 49 31 40 M 25 0 0.01 M 0 8.2 15 310 M M 5 20 270
19 37 30 34 M 31 0 M M M 4.9 9 320 M M 5 M M
20 44 32 38 M 27 0 T M M 6.6 9 110 M M 6 1 M M
21 44 39 42 M 23 0 T M M 8.9 18 260 M M 8 1 25 260
================================================================================
SM 1154 822 370 0 1.03 0.0 211.2 M 101
================================================================================
AV 55.0 39.1 10.1 FASTST M M 5 MAX(MPH)
MISC ----> 28 290 41 160
================================================================================
NOTES:
# LAST OF SEVERAL OCCURRENCES
COLUMN 17 PEAK WIND IN M.P.H.
PRELIMINARY LOCAL CLIMATOLOGICAL DATA (WS FORM: F-6) , PAGE 2
STATION: STURGEON BAY WI
MONTH: OCTOBER
YEAR: 2020
LATITUDE: 44 55 N
LONGITUDE: 87 25 W
[TEMPERATURE DATA] [PRECIPITATION DATA] SYMBOLS USED IN COLUMN 16
AVERAGE MONTHLY: 47.0 TOTAL FOR MONTH: 1.03 1 = FOG OR MIST
DPTR FM NORMAL: 0.0 DPTR FM NORMAL: 1.03 2 = FOG REDUCING VISIBILITY
HIGHEST: 70 ON 6 GRTST 24HR 0.59 ON 12-12 TO 1/4 MILE OR LESS
LOWEST: 29 ON 17 3 = THUNDER
SNOW, ICE PELLETS, HAIL 4 = ICE PELLETS
TOTAL MONTH: 0.0 INCH 5 = HAIL
GRTST 24HR 0.0 6 = FREEZING RAIN OR DRIZZLE
GRTST DEPTH: 0 7 = DUSTSTORM OR SANDSTORM:
VSBY 1/2 MILE OR LESS
8 = SMOKE OR HAZE
[NO. OF DAYS WITH] [WEATHER - DAYS WITH] 9 = BLOWING SNOW
X = TORNADO
MAX 32 OR BELOW: 0 0.01 INCH OR MORE: 8
MAX 90 OR ABOVE: 0 0.10 INCH OR MORE: 2
MIN 32 OR BELOW: 5 0.50 INCH OR MORE: 1
MIN 0 OR BELOW: 0 1.00 INCH OR MORE: 0
[HDD (BASE 65) ]
TOTAL THIS MO. 370 CLEAR (SCALE 0-3) 6
DPTR FM NORMAL M PTCLDY (SCALE 4-7) 13
TOTAL FM JUL 1 555 CLOUDY (SCALE 8-10) 2
DPTR FM NORMAL M
[CDD (BASE 65) ]
TOTAL THIS MO. 0
DPTR FM NORMAL M [PRESSURE DATA]
TOTAL FM JAN 1 504 HIGHEST SLP M ON M
DPTR FM NORMAL 504 LOWEST SLP M ON M
[REMARKS]