000
CXUS53 KLSX 011400
CF6SUS
PRELIMINARY LOCAL CLIMATOLOGICAL DATA (WS FORM: F-6)
STATION: SPIRIT OF ST LOUIS MO
MONTH: JULY
YEAR: 2021
LATITUDE: 38 39 N
LONGITUDE: 90 38 W
TEMPERATURE IN F: :PCPN: SNOW: WIND :SUNSHINE: SKY :PK WND
================================================================================
1 2 3 4 5 6A 6B 7 8 9 10 11 12 13 14 15 16 17 18
12Z AVG MX 2MIN
DY MAX MIN AVG DEP HDD CDD WTR SNW DPTH SPD SPD DIR MIN PSBL S-S WX SPD DR
================================================================================
1 85 68 77 -1 0 12 1.34 0.0 0 2.7 24 60 M M 7 13 29 70
2 82 60 71 -7 0 6 0.00 0.0 0 3.8 14 360 M M 1 19 40
3 83 59 71 -7 0 6 0.00 0.0 0 1.7 9 90 M M 2 128 13 30
4 87 62 75 -3 0 10 0.00 0.0 0 2.3 9 240 M M 0 18 13 220
5 89 66 78 0 0 13 0.00 0.0 0 3.5 10 280 M M 0 18 15 270
6 90 67 79 1 0 14 0.00 0.0 0 2.4 12 200 M M 2 1 16 220
7 90 68 79 1 0 14 0.13 0.0 0 2.6 23 250 M M 2 31 250
8 87 70 79 0 0 14 0.00 0.0 0 5.1 14 340 M M 4 1 20 300
9 88 66 77 -2 0 12 0.59 0.0 0 3.8 35 340 M M 3 13 53 320
10 82 67 75 -4 0 10 1.17 0.0 0 4.2 28 340 M M 5 138 36 330
11 83 67 75 -4 0 10 0.47 0.0 0 2.7 13 250 M M 6 138 17 290
12 83 70 77 -2 0 12 0.31 0.0 0 7.4 17 280 M M 8 138 24 280
13 83 69 76 -3 0 11 0.00 0.0 0 3.9 9 250 M M 8 1 11 250
14 90 65 78 -1 0 13 0.00 0.0 0 5.4 14 190 M M 0 1 19 230
15 89 71 80 1 0 15 0.27 0.0 0 7.6 24 310 M M 3 13 35 310
16 81 70 76 -3 0 11 0.47 0.0 0 3.8 20 280 M M 7 128 29 260
17 84 70 77 -2 0 12 0.00 0.0 0 3.6 10 40 M M 5 18 16 90
18 85 67 76 -3 0 11 0.00 0.0 0 4.4 13 70 M M 3 18 17 50
19 86 67 77 -2 0 12 0.00 0.0 0 5.7 16 50 M M 1 18 20 40
20 86 64 75 -4 0 10 0.00 0.0 0 3.4 12 20 M M 1 1 17 20
21 89 64 77 -2 0 12 0.00 0.0 0 1.9 8 40 M M 3 18 12 40
22 89 69 79 0 0 14 0.00 0.0 0 2.5 9 200 M M 1 18 15 180
23 91 70 81 2 0 16 0.00 0.0 0 3.2 9 190 M M 1 18 14 190
24 95 73 84 5 0 19 0.00 0.0 0 4.9 14 240 M M 2 18 19 230
25 91 71 81 2 0 16 0.03 0.0 0 3.6 15 70 M M 4 138 19 320
26 91 68 80 1 0 15 0.00 0.0 0 3.3 10 60 M M 0 128 15 40
27 91 65 78 -1 0 13 0.00 0.0 0 2.0 10 240 M M 0 1 13 80
28 94 67 81 2 0 16 0.00 0.0 0 2.3 8 170 M M 0 1 12 180
29 96 74 85 6 0 20 0.21 0.0 0 5.5 23 10 M M 1 13 37 10
30 87 72 80 1 0 15 0.01 0.0 0 6.5 14 50 M M 3 8 20 50
31 80 68 74 -5 0 9 0.19 0.0 0 5.6 13 360 M M 9 138 17 360
================================================================================
SM 2707 2094 0 393 5.19 0.0 121.3 M 92
================================================================================
AV 87.3 67.5 3.9 FASTST M M 3 MAX(MPH)
MISC ----> 35 340 53 320
================================================================================
NOTES:
# LAST OF SEVERAL OCCURRENCES
COLUMN 17 PEAK WIND IN M.P.H.
PRELIMINARY LOCAL CLIMATOLOGICAL DATA (WS FORM: F-6) , PAGE 2
STATION: SPIRIT OF ST LOUIS MO
MONTH: JULY
YEAR: 2021
LATITUDE: 38 39 N
LONGITUDE: 90 38 W
[TEMPERATURE DATA] [PRECIPITATION DATA] SYMBOLS USED IN COLUMN 16
AVERAGE MONTHLY: 77.4 TOTAL FOR MONTH: 5.19 1 = FOG OR MIST
DPTR FM NORMAL: -1.3 DPTR FM NORMAL: 1.89 2 = FOG REDUCING VISIBILITY
HIGHEST: 96 ON 29 GRTST 24HR 1.76 ON 9-10 TO 1/4 MILE OR LESS
LOWEST: 59 ON 3 3 = THUNDER
SNOW, ICE PELLETS, HAIL 4 = ICE PELLETS
TOTAL MONTH: 0.0 INCH 5 = HAIL
GRTST 24HR 0.0 6 = FREEZING RAIN OR DRIZZLE
GRTST DEPTH: 0 7 = DUSTSTORM OR SANDSTORM:
VSBY 1/2 MILE OR LESS
8 = SMOKE OR HAZE
[NO. OF DAYS WITH] [WEATHER - DAYS WITH] 9 = BLOWING SNOW
X = TORNADO
MAX 32 OR BELOW: 0 0.01 INCH OR MORE: 12
MAX 90 OR ABOVE: 10 0.10 INCH OR MORE: 10
MIN 32 OR BELOW: 0 0.50 INCH OR MORE: 3
MIN 0 OR BELOW: 0 1.00 INCH OR MORE: 2
[HDD (BASE 65) ]
TOTAL THIS MO. 0 CLEAR (SCALE 0-3) 20
DPTR FM NORMAL 0 PTCLDY (SCALE 4-7) 10
TOTAL FM JUL 1 0 CLOUDY (SCALE 8-10) 1
DPTR FM NORMAL 0
[CDD (BASE 65) ]
TOTAL THIS MO. 393
DPTR FM NORMAL -33 [PRESSURE DATA]
TOTAL FM JAN 1 819 HIGHEST SLP 30.16 ON 22
DPTR FM NORMAL -61 LOWEST SLP 29.76 ON 11
[REMARKS]
#FINAL-07-21#