000
CXUS54 KEPZ 011030
CF6SVC
PRELIMINARY LOCAL CLIMATOLOGICAL DATA (WS FORM: F-6)
STATION: SILVER CITY
MONTH: MARCH
YEAR: 2023
LATITUDE: 32 37 N
LONGITUDE: 108 10 W
TEMPERATURE IN F: :PCPN: SNOW: WIND :SUNSHINE: SKY :PK WND
================================================================================
1 2 3 4 5 6A 6B 7 8 9 10 11 12 13 14 15 16 17 18
12Z AVG MX 2MIN
DY MAX MIN AVG DEP HDD CDD WTR SNW DPTH SPD SPD DIR MIN PSBL S-S WX SPD DR
================================================================================
1 60 27 44 M 21 0 0.00 M M 13.0 21 210 M M 3 29 220
2 48 25 37 M 28 0 T M M 19.3 29 220 M M 5 40 220
3 56 28 42 M 23 0 0.00 M M 14.0 23 290 M M 1 30 290
4 66 29 48 M 17 0 0.00 M M 10.0 16 260 M M 0 24 270
5 67 31 49 M 16 0 0.00 M M 11.4 18 270 M M 0 29 270
6 69 35 52 M 13 0 0.00 M M 10.3 15 280 M M 2 21 250
7 66 40 53 M 12 0 0.00 M M 10.5 25 290 M M 5 31 290
8 72 39 56 M 9 0 0.00 M M 9.5 16 260 M M 2 24 260
9 71 35 53 M 12 0 0.00 M M 9.0 15 260 M M 0 23 260
10 74 35 55 M 10 0 0.00 M M 10.5 22 270 M M 0 29 270
11 69 45 57 M 8 0 0.00 M M 16.7 29 270 M M 2 39 290
12 69 38 54 M 11 0 0.00 M M 13.0 23 280 M M 0 33 270
13 67 37 52 M 13 0 0.00 M M 10.4 21 280 M M 0 25 280
14 71 33 52 M 13 0 0.00 M M 7.6 13 330 M M 0 17 230
15 67 37 52 M 13 0 0.00 M M 11.6 23 280 M M 8 33 280
16 60 41 51 M 14 0 0.03 0.0 0 12.6 22 290 M M 8 33 250
17 53 37 45 M 20 0 0.02 M M 4.9 12 170 M M 9 3 M M
18 49 37 43 M 22 0 0.03 M M 11.3 24 130 M M 7 29 130
19 52 30 41 M 24 0 0.00 M M 10.2 18 130 M M 3 26 130
20 65 33 49 M 16 0 T M M 8.7 18 270 M M 8 28 260
21 70 42 56 M 9 0 0.00 M M 12.0 28 260 M M 4 37 260
22 67 43 55 M 10 0 0.00 M M 12.7 25 240 M M 3 33 240
23 59 37 48 M 17 0 0.00 M M 14.7 27 280 M M 4 36 280
24 54 28 41 M 24 0 T M M 14.8 29 280 M M 3 36 290
25 59 24 42 M 23 0 0.00 M M 9.9 22 260 M M 0 29 260
26 59 27 43 M 22 0 0.00 M M 13.4 23 280 M M 0 30 280
27 65 31 48 M 17 0 0.00 M M 9.3 14 300 M M 0 21 300
28 64 25 45 M 20 0 0.00 M M 8.7 20 140 M M 0 28 150
29 74 27 51 M 14 0 0.00 M M 6.5 16 210 M M 0 22 210
30 69 32 51 M 14 0 0.00 M M 13.4 32 250 M M 0 40 250
31 62 34 48 M 17 0 0.00 M M 16.9 25 300 M M 0 32 300
================================================================================
SM 1973 1042 502 0 0.08 0.0 356.7 M 77
================================================================================
AV 63.6 33.6 11.5 FASTST M M 2 MAX(MPH)
MISC ----> 32 250 # 40 220
================================================================================
NOTES:
# LAST OF SEVERAL OCCURRENCES
COLUMN 17 PEAK WIND IN M.P.H.
PRELIMINARY LOCAL CLIMATOLOGICAL DATA (WS FORM: F-6) , PAGE 2
STATION: SILVER CITY
MONTH: MARCH
YEAR: 2023
LATITUDE: 32 37 N
LONGITUDE: 108 10 W
[TEMPERATURE DATA] [PRECIPITATION DATA] SYMBOLS USED IN COLUMN 16
AVERAGE MONTHLY: 48.6 TOTAL FOR MONTH: 0.08 1 = FOG OR MIST
DPTR FM NORMAL: 0.0 DPTR FM NORMAL: M 2 = FOG REDUCING VISIBILITY
HIGHEST: 74 ON 29,10 GRTST 24HR 0.03 ON 16-16 TO 1/4 MILE OR LESS
LOWEST: 24 ON 25 3 = THUNDER
SNOW, ICE PELLETS, HAIL 4 = ICE PELLETS
TOTAL MONTH: 0.0 INCH 5 = HAIL
GRTST 24HR 0.0 6 = FREEZING RAIN OR DRIZZLE
GRTST DEPTH: 0 7 = DUSTSTORM OR SANDSTORM:
VSBY 1/2 MILE OR LESS
8 = SMOKE OR HAZE
[NO. OF DAYS WITH] [WEATHER - DAYS WITH] 9 = BLOWING SNOW
X = TORNADO
MAX 32 OR BELOW: 0 0.01 INCH OR MORE: 3
MAX 90 OR ABOVE: 0 0.10 INCH OR MORE: 0
MIN 32 OR BELOW: 13 0.50 INCH OR MORE: 0
MIN 0 OR BELOW: 0 1.00 INCH OR MORE: 0
[HDD (BASE 65) ]
TOTAL THIS MO. 502 CLEAR (SCALE 0-3) 21
DPTR FM NORMAL M PTCLDY (SCALE 4-7) 9
TOTAL FM JUL 1 3345 CLOUDY (SCALE 8-10) 1
DPTR FM NORMAL M
[CDD (BASE 65) ]
TOTAL THIS MO. 0
DPTR FM NORMAL M [PRESSURE DATA]
TOTAL FM JAN 1 0 HIGHEST SLP M ON M
DPTR FM NORMAL M LOWEST SLP M ON M
[REMARKS]
#FINAL-03-23#