000
CXUS55 KPUB 011310
CF6TAD
PRELIMINARY LOCAL CLIMATOLOGICAL DATA (WS FORM: F-6)
STATION: TRINIDAD CO
MONTH: JANUARY
YEAR: 2024
LATITUDE: 37 16 N
LONGITUDE: 104 20 W
TEMPERATURE IN F: :PCPN: SNOW: WIND :SUNSHINE: SKY :PK WND
================================================================================
1 2 3 4 5 6A 6B 7 8 9 10 11 12 13 14 15 16 17 18
12Z AVG MX 2MIN
DY MAX MIN AVG DEP HDD CDD WTR SNW DPTH SPD SPD DIR MIN PSBL S-S WX SPD DR
================================================================================
1 53 20 37 5 28 0 0.00 M M 7.9 16 240 M M 0 22 240
2 46 22 34 2 31 0 0.00 M M 6.9 13 260 M M 0 17 230
3 51 18 35 3 30 0 0.00 M M 8.9 14 80 M M 0 20 90
4 36 23 30 -3 35 0 0.19 M M 6.8 13 70 M M 7 1 17 80
5 35 20 28 -5 37 0 0.04 M M 6.3 15 310 M M 6 18 19 310
6 32 15 24 -9 41 0 T M M 6.0 16 250 M M 5 1 22 270
7 40 16 28 -5 37 0 0.00 M M 12.0 26 210 M M 0 35 220
8 26 3 15 -18 50 0 0.09 M M 15.2 31 360 M M 6 129 44 350
9 36 1 19 -14 46 0 0.00 M M 10.4 20 320 M M 0 26 320
10 39 20 30 -3 35 0 0.00 M M 13.8 26 250 M M 0 35 250
11 39 3 21 -12 44 0 T M M 13.8 26 240 M M 4 1 36 230
12 30 1 16 -17 49 0 0.00 M M 11.2 31 230 M M 0 46 240
13 31 -7 12 -21 53 0 T M M 7.3 25 270 M M 3 1 34 270
14 7 -6 1 -32 64 0 0.00 M M 4.8 13 10 M M 2 15 20
15 10 -7 2 -32 63 0 T M M 9.4 18 40 M M 4 18 25 30
16 33 -4 15 -19 50 0 0.00 M M 8.6 21 260 M M 0 28 270
17 55 19 37 3 28 0 0.00 M M 12.4 26 340 M M 0 37 340
18 55 20 38 4 27 0 0.00 M M 11.0 29 40 M M 3 40 30
19 30 16 23 -11 42 0 0.00 M M 4.4 12 100 M M 3 16 100
20 43 22 33 -1 32 0 0.00 M M 4.3 21 240 M M 0 24 250
21 56 32 44 10 21 0 0.00 M M 8.8 17 320 M M 3 23 320
22 54 28 41 7 24 0 0.00 M M 8.2 14 260 M M 2 17 270
23 50 25 38 4 27 0 T M M 7.3 15 130 M M 4 18 110
24 53 29 41 7 24 0 0.00 M M 7.8 17 240 M M 4 23 230
25 50 28 39 5 26 0 0.21 M M 8.0 18 270 M M 6 1 25 270
26 37 29 33 -1 32 0 0.26 M M 8.3 17 320 M M 10 1 24 320
27 44 21 33 -1 32 0 0.00 M M 9.8 17 240 M M 2 21 260
28 56 26 41 7 24 0 0.00 M M 11.0 20 260 M M 0 25 250
29 56 28 42 8 23 0 0.00 M M 10.6 16 260 M M 0 22 10
30 62 33 48 14 17 0 0.00 M M 11.1 18 250 M M 0 26 240
31 60 31 46 12 19 0 0.00 M M 9.1 18 250 M M 0 23 250
================================================================================
SM 1305 525 1091 0 0.79 M 281.4 M 74
================================================================================
AV 42.1 16.9 9.1 FASTST M M 2 MAX(MPH)
MISC ----> # 31 360 46 240
================================================================================
NOTES:
# LAST OF SEVERAL OCCURRENCES
COLUMN 17 PEAK WIND IN M.P.H.
PRELIMINARY LOCAL CLIMATOLOGICAL DATA (WS FORM: F-6) , PAGE 2
STATION: TRINIDAD CO
MONTH: JANUARY
YEAR: 2024
LATITUDE: 37 16 N
LONGITUDE: 104 20 W
[TEMPERATURE DATA] [PRECIPITATION DATA] SYMBOLS USED IN COLUMN 16
AVERAGE MONTHLY: 29.5 TOTAL FOR MONTH: 0.79 1 = FOG OR MIST
DPTR FM NORMAL: -3.9 DPTR FM NORMAL: 0.41 2 = FOG REDUCING VISIBILITY
HIGHEST: 62 ON 30 GRTST 24HR 0.26 ON 26-26 TO 1/4 MILE OR LESS
LOWEST: -7 ON 15,13 3 = THUNDER
SNOW, ICE PELLETS, HAIL 4 = ICE PELLETS
TOTAL MONTH: M 5 = HAIL
GRTST 24HR M ON M 6 = FREEZING RAIN OR DRIZZLE
GRTST DEPTH: M ON M 7 = DUSTSTORM OR SANDSTORM:
VSBY 1/2 MILE OR LESS
8 = SMOKE OR HAZE
[NO. OF DAYS WITH] [WEATHER - DAYS WITH] 9 = BLOWING SNOW
X = TORNADO
MAX 32 OR BELOW: 7 0.01 INCH OR MORE: 5
MAX 90 OR ABOVE: 0 0.10 INCH OR MORE: 3
MIN 32 OR BELOW: 30 0.50 INCH OR MORE: 0
MIN 0 OR BELOW: 4 1.00 INCH OR MORE: 0
[HDD (BASE 65) ]
TOTAL THIS MO. 1091 CLEAR (SCALE 0-3) 20
DPTR FM NORMAL 113 PTCLDY (SCALE 4-7) 10
TOTAL FM JUL 1 2992 CLOUDY (SCALE 8-10) 1
DPTR FM NORMAL -150
[CDD (BASE 65) ]
TOTAL THIS MO. 0
DPTR FM NORMAL 0 [PRESSURE DATA]
TOTAL FM JAN 1 0 HIGHEST SLP 30.54 ON 15
DPTR FM NORMAL 0 LOWEST SLP 29.34 ON 11
[REMARKS]
#FINAL-01-24#