000
CXUS52 KTBW 261311
CF6TBW
PRELIMINARY LOCAL CLIMATOLOGICAL DATA (WS FORM: F-6)
STATION: RUSKIN WFO
MONTH: MAY
YEAR: 2022
LATITUDE: 27 42 N
LONGITUDE: 82 24 W
TEMPERATURE IN F: :PCPN: SNOW: WIND :SUNSHINE: SKY :PK WND
================================================================================
1 2 3 4 5 6A 6B 7 8 9 10 11 12 13 14 15 16 17 18
12Z AVG MX 2MIN
DY MAX MIN AVG DEP HDD CDD WTR SNW DPTH SPD SPD DIR MIN PSBL S-S WX SPD DR
================================================================================
1 87 66 77 2 0 12 0.71 0.0 0 M M M M M M 13 M M
2 89 66 78 3 0 13 0.00 0.0 0 M M M M M M M M
3 87 70 79 4 0 14 0.00 0.0 0 M M M M M M M M
4 90 68 79 4 0 14 0.00 0.0 0 M M M M M M M M
5 89 70 80 4 0 15 0.00 0.0 0 M M M M M M M M
6 88 70 79 3 0 14 0.00 0.0 0 M M M M M M M M
7 84 69 77 1 0 12 0.50 0.0 0 M M M M M M 13 M M
8 88 71 80 4 0 15 0.00 0.0 0 M M M M M M M M
9 89 68 79 3 0 14 0.00 0.0 0 M M M M M M M M
10 86 61 74 -2 0 9 0.00 0.0 0 M M M M M M M M
11 86 60 73 -3 0 8 0.00 0.0 0 M M M M M M M M
12 85 62 74 -3 0 9 0.00 0.0 0 M M M M M M M M
13 85 65 75 -2 0 10 0.00 0.0 0 M M M M M M M M
14 87 65 76 -1 0 11 0.00 0.0 0 M M M M M M M M
15 88 70 79 2 0 14 0.00 0.0 0 M M M M M M M M
16 88 67 78 1 0 13 0.00 0.0 0 M M M M M M M M
17 87 68 78 1 0 13 0.00 0.0 0 M M M M M M M M
18 89 71 80 2 0 15 0.00 0.0 0 M M M M M M M M
19 89 71 80 2 0 15 0.00 0.0 0 M M M M M M M M
20 87 70 79 1 0 14 0.16 0.0 0 M M M M M M 3 M M
21 90 71 81 3 0 16 0.07 0.0 0 M M M M M M 3 M M
22 94 70 82 4 0 17 T 0.0 0 M M M M M M M M
23 93 74 84 6 0 19 0.00 0.0 0 M M M M M M M M
24 91 74 83 5 0 18 T 0.0 0 M M M M M M M M
25 94 71 83 4 0 18 0.00 0.0 0 M M M M M M M M
26 92 74 83 4 0 18 0.00 0.0 0 M M M M M M M M
27 88 73 81 2 0 16 0.01 0.0 0 M M M M M M M M
28 90 72 81 2 0 16 0.20 0.0 0 M M M M M M M M
29 94 66 80 1 0 15 0.00 0.0 0 M M M M M M M M
30 94 68 81 2 0 16 0.55 0.0 0 M M M M M M 3 M M
31 93 69 81 2 0 16 T 0.0 0 M M M M M M M M
================================================================================
SM 2761 2130 0 439 2.20 0.0 M M M
================================================================================
AV 89.1 68.7 M FASTST M M M MAX(MPH)
MISC ----> M M M M
================================================================================
NOTES:
# LAST OF SEVERAL OCCURRENCES
COLUMN 17 PEAK WIND IN M.P.H.
PRELIMINARY LOCAL CLIMATOLOGICAL DATA (WS FORM: F-6) , PAGE 2
STATION: RUSKIN WFO
MONTH: MAY
YEAR: 2022
LATITUDE: 27 42 N
LONGITUDE: 82 24 W
[TEMPERATURE DATA] [PRECIPITATION DATA] SYMBOLS USED IN COLUMN 16
AVERAGE MONTHLY: 78.9 TOTAL FOR MONTH: 2.20 1 = FOG OR MIST
DPTR FM NORMAL: 1.7 DPTR FM NORMAL: -0.81 2 = FOG REDUCING VISIBILITY
HIGHEST: 94 ON 30,29 GRTST 24HR 0.71 ON 1- 1 TO 1/4 MILE OR LESS
LOWEST: 60 ON 11 3 = THUNDER
SNOW, ICE PELLETS, HAIL 4 = ICE PELLETS
TOTAL MONTH: 0.0 INCH 5 = HAIL
GRTST 24HR 0.0 6 = FREEZING RAIN OR DRIZZLE
GRTST DEPTH: 0 7 = DUSTSTORM OR SANDSTORM:
VSBY 1/2 MILE OR LESS
8 = SMOKE OR HAZE
[NO. OF DAYS WITH] [WEATHER - DAYS WITH] 9 = BLOWING SNOW
X = TORNADO
MAX 32 OR BELOW: 0 0.01 INCH OR MORE: 7
MAX 90 OR ABOVE: 11 0.10 INCH OR MORE: 5
MIN 32 OR BELOW: 0 0.50 INCH OR MORE: 3
MIN 0 OR BELOW: 0 1.00 INCH OR MORE: 0
[HDD (BASE 65) ]
TOTAL THIS MO. 0 CLEAR (SCALE 0-3) 0
DPTR FM NORMAL 0 PTCLDY (SCALE 4-7) 0
TOTAL FM JUL 1 300 CLOUDY (SCALE 8-10) 31
DPTR FM NORMAL -200
[CDD (BASE 65) ]
TOTAL THIS MO. 439
DPTR FM NORMAL 60 [PRESSURE DATA]
TOTAL FM JAN 1 1110 HIGHEST SLP M ON M
DPTR FM NORMAL 251 LOWEST SLP M ON M
[REMARKS]
#FINAL-05-22#