000
CXUS54 KFWD 010830
CF6TKI
PRELIMINARY LOCAL CLIMATOLOGICAL DATA (WS FORM: F-6)
STATION: MCKINNEY
MONTH: FEBRUARY
YEAR: 2022
LATITUDE: 33 10 N
LONGITUDE: 96 35 W
TEMPERATURE IN F: :PCPN: SNOW: WIND :SUNSHINE: SKY :PK WND
================================================================================
1 2 3 4 5 6A 6B 7 8 9 10 11 12 13 14 15 16 17 18
12Z AVG MX 2MIN
DY MAX MIN AVG DEP HDD CDD WTR SNW DPTH SPD SPD DIR MIN PSBL S-S WX SPD DR
================================================================================
1 70 55 63 17 2 0 0.00 M M 9.6 20 160 M M 8 30 200
2 59 32 46 0 19 0 0.77 M M 12.9 29 350 M M 9 16 38 350
3 33 20 27 -20 38 0 0.40 M M 16.6 28 360 M M 10 1468 38 360
4 36 21 29 -18 36 0 0.00 M M 11.1 18 340 M M 6 24 350
5 48 17 33 -14 32 0 0.00 M M 4.6 15 170 M M 0 20 180
6 55 23 39 -8 26 0 0.00 M M 5.7 16 180 M M 0 23 180
7 59 32 46 -1 19 0 0.00 M M 8.0 20 340 M M 0 27 340
8 66 28 47 -1 18 0 0.00 M M 8.1 20 200 M M 0 27 200
9 71 31 51 3 14 0 0.00 M M 2.9 17 350 M M 0 22 360
10 72 32 52 4 13 0 0.00 M M 2.6 16 350 M M 0 21 340
11 76 35 56 8 9 0 0.00 M M 9.6 23 20 M M 0 32 20
12 56 28 42 -6 23 0 T M M 14.5 32 20 M M 5 44 20
13 65 22 44 -4 21 0 0.00 M M 4.3 17 290 M M 0 24 300
14 72 30 51 2 14 0 0.00 M M 7.5 22 170 M M 0 29 180
15 72 39 56 7 9 0 0.00 M M 17.8 35 170 M M 0 44 180
16 69 61 65 16 0 0 0.38 M M 18.8 30 180 M M 10 18 41 200
17 68 32 50 1 15 0 0.01 M M 17.8 30 330 M M 10 39 330
18 54 24 39 -11 26 0 0.00 M M 4.5 18 360 M M 2 23 360
19 65 27 46 -4 19 0 0.00 M M 3.0 12 150 M M 0 16 120
20 67 33 50 0 15 0 0.00 M M 12.9 26 180 M M 0 34 170
21 82 55 69 19 0 4 0.01 M M 14.0 29 170 M M 6 1 43 170
22 72 32 52 2 13 0 0.31 M M 14.8 26 190 M M 4 13 34 200
23 32 22 27 -24 38 0 0.02 M M 13.9 24 10 M M 10 136 32 30
24 30 22 26 -25 39 0 T M M 10.2 17 360 M M 10 16 24 340
25 39 21 30 -21 35 0 T M M 10.9 21 10 M M 5 28 10
26 41 34 38 -14 27 0 0.04 M M 6.6 12 30 M M 10 18 15 30
27 57 31 44 -8 21 0 0.00 M M 7.4 17 330 M M 1 18 23 340
28 67 24 46 -6 19 0 0.00 M M 2.8 9 270 M M 0 15 280
================================================================================
SM 1653 863 560 4 1.94 M 273.4 M 106
================================================================================
AV 59.0 30.8 9.8 FASTST M M 4 MAX(MPH)
MISC ----> 35 170 # 44 20
================================================================================
NOTES:
# LAST OF SEVERAL OCCURRENCES
COLUMN 17 PEAK WIND IN M.P.H.
PRELIMINARY LOCAL CLIMATOLOGICAL DATA (WS FORM: F-6) , PAGE 2
STATION: MCKINNEY
MONTH: FEBRUARY
YEAR: 2022
LATITUDE: 33 10 N
LONGITUDE: 96 35 W
[TEMPERATURE DATA] [PRECIPITATION DATA] SYMBOLS USED IN COLUMN 16
AVERAGE MONTHLY: 44.9 TOTAL FOR MONTH: 1.94 1 = FOG OR MIST
DPTR FM NORMAL: -4.0 DPTR FM NORMAL: -0.63 2 = FOG REDUCING VISIBILITY
HIGHEST: 82 ON 21 GRTST 24HR 1.17 ON 2- 3 TO 1/4 MILE OR LESS
LOWEST: 17 ON 5 3 = THUNDER
SNOW, ICE PELLETS, HAIL 4 = ICE PELLETS
TOTAL MONTH: M 5 = HAIL
GRTST 24HR M ON M 6 = FREEZING RAIN OR DRIZZLE
GRTST DEPTH: M ON M 7 = DUSTSTORM OR SANDSTORM:
VSBY 1/2 MILE OR LESS
8 = SMOKE OR HAZE
[NO. OF DAYS WITH] [WEATHER - DAYS WITH] 9 = BLOWING SNOW
X = TORNADO
MAX 32 OR BELOW: 2 0.01 INCH OR MORE: 8
MAX 90 OR ABOVE: 0 0.10 INCH OR MORE: 4
MIN 32 OR BELOW: 21 0.50 INCH OR MORE: 1
MIN 0 OR BELOW: 0 1.00 INCH OR MORE: 0
[HDD (BASE 65) ]
TOTAL THIS MO. 560 CLEAR (SCALE 0-3) 15
DPTR FM NORMAL 103 PTCLDY (SCALE 4-7) 6
TOTAL FM JUL 1 1751 CLOUDY (SCALE 8-10) 7
DPTR FM NORMAL -330
[CDD (BASE 65) ]
TOTAL THIS MO. 4
DPTR FM NORMAL -2 [PRESSURE DATA]
TOTAL FM JAN 1 4 HIGHEST SLP 30.70 ON 4
DPTR FM NORMAL 2 LOWEST SLP 29.66 ON 21
[REMARKS]
#FINAL-02-22#