000
CXUS54 KFWD 010731
CF6TKI
PRELIMINARY LOCAL CLIMATOLOGICAL DATA (WS FORM: F-6)
STATION: MCKINNEY
MONTH: SEPTEMBER
YEAR: 2021
LATITUDE: 33 10 N
LONGITUDE: 96 35 W
TEMPERATURE IN F: :PCPN: SNOW: WIND :SUNSHINE: SKY :PK WND
================================================================================
1 2 3 4 5 6A 6B 7 8 9 10 11 12 13 14 15 16 17 18
12Z AVG MX 2MIN
DY MAX MIN AVG DEP HDD CDD WTR SNW DPTH SPD SPD DIR MIN PSBL S-S WX SPD DR
================================================================================
1 97 77 87 6 0 22 0.00 M M 5.4 13 170 M M 0 16 140
2 96 75 86 5 0 21 0.00 M M 7.0 17 160 M M 0 22 160
3 94 76 85 4 0 20 0.00 M M 7.6 17 170 M M 0 22 150
4 97 73 85 5 0 20 0.00 M M 6.8 15 150 M M 0 19 160
5 92 75 84 4 0 19 T M M 3.3 12 10 M M 3 16 20
6 93 71 82 2 0 17 0.00 M M 4.7 12 150 M M 0 16 130
7 93 64 79 -1 0 14 0.00 M M 4.0 13 200 M M 0 8 20 170
8 92 66 79 0 0 14 0.26 M M 6.2 46 30 M M 2 138 55 30
9 91 63 77 -2 0 12 0.00 M M 5.0 14 110 M M 0 21 120
10 91 63 77 -2 0 12 0.00 M M 5.8 15 160 M M 0 20 160
11 89 62 76 -2 0 11 0.00 M M 5.8 15 160 M M 0 21 160
12 90 63 77 -1 0 12 0.00 M M 4.8 14 180 M M 0 19 160
13 88 68 78 0 0 13 0.00 M M 6.6 17 160 M M 4 23 160
14 87 69 78 0 0 13 0.03 M M 5.3 17 130 M M 5 24 140
15 91 64 78 1 0 13 0.00 M M 5.2 15 40 M M 2 22 80
16 90 67 79 2 0 14 0.00 M M 4.4 13 90 M M 1 20 100
17 92 67 80 4 0 15 0.00 M M 3.1 13 20 M M 2 16 40
18 95 68 82 6 0 17 0.00 M M 4.0 17 20 M M 1 23 20
19 93 69 81 5 0 16 0.00 M M 3.4 10 130 M M 1 14 140
20 100 73 87 11 0 22 0.00 M M 9.9 17 180 M M 0 26 180
21 86 64 75 0 0 10 0.02 M M 11.7 24 360 M M 1 3 34 20
22 84 53 69 -6 0 4 0.00 M M 7.1 18 340 M M 0 26 40
23 84 49 67 -7 0 2 0.00 M M 1.8 10 200 M M 0 15 190
24 86 50 68 -6 0 3 0.00 M M 3.4 13 190 M M 0 17 230
25 90 55 73 -1 0 8 0.00 M M 2.7 12 130 M M 0 16 130
26 91 59 75 1 0 10 0.00 M M 5.2 17 180 M M 0 23 180
27 88 61 75 2 0 10 0.00 M M 6.5 16 140 M M 0 21 170
28 93 64 79 6 0 14 T M M 6.4 17 350 M M 3 3 24 150
29 91 71 81 9 0 16 0.00 M M 7.5 15 120 M M 1 22 150
30 88 70 79 7 0 14 T M M 8.2 25 350 M M 4 3 35 30
================================================================================
SM 2732 1969 0 408 0.31 M 168.8 M 30
================================================================================
AV 91.1 65.6 5.6 FASTST M M 1 MAX(MPH)
MISC ----> 46 30 55 30
================================================================================
NOTES:
# LAST OF SEVERAL OCCURRENCES
COLUMN 17 PEAK WIND IN M.P.H.
PRELIMINARY LOCAL CLIMATOLOGICAL DATA (WS FORM: F-6) , PAGE 2
STATION: MCKINNEY
MONTH: SEPTEMBER
YEAR: 2021
LATITUDE: 33 10 N
LONGITUDE: 96 35 W
[TEMPERATURE DATA] [PRECIPITATION DATA] SYMBOLS USED IN COLUMN 16
AVERAGE MONTHLY: 78.4 TOTAL FOR MONTH: 0.31 1 = FOG OR MIST
DPTR FM NORMAL: 1.4 DPTR FM NORMAL: -2.50 2 = FOG REDUCING VISIBILITY
HIGHEST: 100 ON 20 GRTST 24HR 0.26 ON 8- 8 TO 1/4 MILE OR LESS
LOWEST: 49 ON 23 3 = THUNDER
SNOW, ICE PELLETS, HAIL 4 = ICE PELLETS
TOTAL MONTH: M 5 = HAIL
GRTST 24HR M ON M 6 = FREEZING RAIN OR DRIZZLE
GRTST DEPTH: M ON M 7 = DUSTSTORM OR SANDSTORM:
VSBY 1/2 MILE OR LESS
8 = SMOKE OR HAZE
[NO. OF DAYS WITH] [WEATHER - DAYS WITH] 9 = BLOWING SNOW
X = TORNADO
MAX 32 OR BELOW: 0 0.01 INCH OR MORE: 3
MAX 90 OR ABOVE: 21 0.10 INCH OR MORE: 1
MIN 32 OR BELOW: 0 0.50 INCH OR MORE: 0
MIN 0 OR BELOW: 0 1.00 INCH OR MORE: 0
[HDD (BASE 65) ]
TOTAL THIS MO. 0 CLEAR (SCALE 0-3) 27
DPTR FM NORMAL -4 PTCLDY (SCALE 4-7) 3
TOTAL FM JUL 1 0 CLOUDY (SCALE 8-10) 0
DPTR FM NORMAL -2
[CDD (BASE 65) ]
TOTAL THIS MO. 408
DPTR FM NORMAL 46 [PRESSURE DATA]
TOTAL FM JAN 1 2261 HIGHEST SLP M ON M
DPTR FM NORMAL -124 LOWEST SLP 29.75 ON 1
[REMARKS]
#FINAL-09-21#