000
CXUS52 KTAE 011459
CLMTLH
CLIMATE REPORT
NATIONAL WEATHER SERVICE TALLAHASSEE FL
959 AM EST THU FEB 01 2024
...................................
...THE TALLAHASSEE CLIMATE SUMMARY FOR THE MONTH OF JANUARY 2024...
CLIMATE NORMAL PERIOD 1991 TO 2020
CLIMATE RECORD PERIOD 1896 TO 2024
WEATHER OBSERVED NORMAL DEPART LAST YEAR`S
VALUE DATE(S) VALUE FROM VALUE DATE(S)
NORMAL
................................................................
TEMPERATURE (F)
RECORD
HIGH 84 01/19/2023
LOW 6 01/21/1985
HIGHEST 80 01/24 MM MM 84 01/19
LOWEST 25 01/17 MM MM 26 01/15
AVG. MAXIMUM 64.9 63.9 1.0 70.3
AVG. MINIMUM 41.3 40.5 0.8 44.7
MEAN 53.1 52.2 0.9 57.5
DAYS MAX >= 90 0 0.0 0.0 0
DAYS MAX <= 32 0 0.0 0.0 0
DAYS MIN <= 32 7 9.6 -2.6 5
DAYS MIN <= 0 0 0.0 0.0 0
PRECIPITATION (INCHES)
RECORD
MAXIMUM 18.94 1991
MINIMUM 0.21 1957
TOTALS 5.35 4.41 0.94 6.68
SNOWFALL (INCHES)
RECORDS
TOTAL T 2014
TOTALS 0.0 MM MM 0.0
SINCE 7/1 0.0 MM MM MM
DEGREE DAYS
HEATING TOTAL 384 405 -21 265
SINCE 7/1 819 973 -154 MM
COOLING TOTAL 21 8 13 39
SINCE 1/1 21 8 13 MM
................................................................
WIND (MPH)
AVERAGE WIND SPEED 7.1
RESULTANT WIND SPEED/DIRECTION 1/350
HIGHEST WIND SPEED/DIRECTION 39/250 DATE 01/09
HIGHEST GUST SPEED/DIRECTION 55/260 DATE 01/09
SKY COVER
POSSIBLE SUNSHINE (PERCENT) MM
AVERAGE SKY COVER 0.44
NUMBER OF DAYS FAIR 12
NUMBER OF DAYS PC 14
NUMBER OF DAYS CLOUDY 5
AVERAGE RH (PERCENT) 68
WEATHER CONDITIONS. NUMBER OF DAYS WITH
THUNDERSTORM 5 MIXED PRECIP 0
HEAVY RAIN 4 RAIN 6
LIGHT RAIN 12 FREEZING RAIN 0
LT FREEZING RAIN 0 HAIL 0
HEAVY SNOW 0 SNOW 0
LIGHT SNOW 0 SLEET 0
FOG 13 FOG W/VIS <= 1/4 MILE 3
HAZE 0
- INDICATES NEGATIVE NUMBERS.
R INDICATES RECORD WAS SET OR TIED.
MM INDICATES DATA IS MISSING.
T INDICATES TRACE AMOUNT.
$$