000
CXUS54 KBMX 011110
CF6TOI
PRELIMINARY LOCAL CLIMATOLOGICAL DATA (WS FORM: F-6)
STATION: TROY
MONTH: JANUARY
YEAR: 2021
LATITUDE: 31 51 N
LONGITUDE: 86 1 W
TEMPERATURE IN F: :PCPN: SNOW: WIND :SUNSHINE: SKY :PK WND
================================================================================
1 2 3 4 5 6A 6B 7 8 9 10 11 12 13 14 15 16 17 18
12Z AVG MX 2MIN
DY MAX MIN AVG DEP HDD CDD WTR SNW DPTH SPD SPD DIR MIN PSBL S-S WX SPD DR
================================================================================
1 71 57 64 18 1 0 0.64 0.0 0 8.5 23 150 M M 9 1 29 150
2 67 46 57 11 8 0 0.00 0.0 0 2.6 15 310 M M 6 12 21 310
3 58 36 47 1 18 0 0.00 0.0 0 7.0 18 310 M M 4 23 310
4 64 31 48 2 17 0 0.00 0.0 0 1.3 9 290 M M 0 12 300
5 65 38 52 6 13 0 0.00 0.0 0 4.8 17 310 M M 2 12 25 310
6 60 30 45 -1 20 0 0.00 0.0 0 1.5 9 70 M M 0 14 60
7 51 38 45 -1 20 0 0.41 0.0 0 7.2 17 80 M M 6 1 26 100
8 49 41 45 -1 20 0 0.00 0.0 0 9.6 18 330 M M 10 26 340
9 42 37 40 -6 25 0 0.00 0.0 0 10.6 17 340 M M 10 23 340
10 49 35 42 -4 23 0 0.00 0.0 M 3.5 14 340 M M 5 17 340
11 48 41 45 -1 20 0 0.49 0.0 M 6.6 14 340 M M 10 18 16 340
12 46 39 43 -3 22 0 0.00 0.0 M 8.2 14 330 M M 10 18 17 340
13 55 32 44 -2 21 0 0.00 0.0 M 2.4 9 310 M M 6 18 13 320
14 63 28 46 0 19 0 0.00 0.0 M 5.3 16 190 M M 1 21 200
15 61 35 48 2 17 0 T M M 6.9 18 240 M M 1 25 250
16 53 30 42 -4 23 0 0.00 0.0 0 5.5 18 310 M M 0 25 310
17 58 26 42 -4 23 0 0.00 0.0 0 3.8 14 220 M M 1 20 220
18 61 29 45 -1 20 0 0.00 0.0 0 3.1 14 310 M M 0 20 300
19 70 28 49 3 16 0 0.00 0.0 0 1.0 8 350 M M 1 10 210
20 67 49 58 12 7 0 0.00 0.0 M 3.5 13 340 M M 4 16 310
21 66 50 58 11 7 0 0.04 0.0 M 4.7 16 230 M M 10 1 22 230
22 62 53 58 11 7 0 0.64 0.0 0 3.3 12 10 M M 10 18 14 10
23 69 42 56 9 9 0 0.00 0.0 0 3.0 10 90 M M 3 128 13 30
24 71 45 58 11 7 0 0.00 0.0 0 5.7 12 180 M M 6 18 140
25 80 60 70 23 0 5 T 0.0 0 9.2 24 210 M M 8 1 34 210
26 74 60 67 20 0 2 0.14 0.0 0 4.6 17 330 M M 10 18 21 330
27 68 47 58 11 7 0 0.06 0.0 M 8.5 23 300 M M 8 1 33 300
28 55 37 46 -1 19 0 0.00 0.0 0 12.7 23 350 M M 1 34 350
29 64 30 47 0 18 0 0.00 0.0 0 2.6 9 290 M M 0 14 300
30 67 33 50 3 15 0 0.00 0.0 0 5.7 16 180 M M 4 24 170
31 69 49 59 12 6 0 0.37 0.0 0 8.9 24 310 M M 9 18 33 310
================================================================================
SM 1903 1232 448 7 2.79 0.0 171.8 M 155
================================================================================
AV 61.4 39.7 5.5 FASTST M M 5 MAX(MPH)
MISC ----> # 24 210 # 34 210
================================================================================
NOTES:
# LAST OF SEVERAL OCCURRENCES
COLUMN 17 PEAK WIND IN M.P.H.
PRELIMINARY LOCAL CLIMATOLOGICAL DATA (WS FORM: F-6) , PAGE 2
STATION: TROY
MONTH: JANUARY
YEAR: 2021
LATITUDE: 31 51 N
LONGITUDE: 86 1 W
[TEMPERATURE DATA] [PRECIPITATION DATA] SYMBOLS USED IN COLUMN 16
AVERAGE MONTHLY: 50.6 TOTAL FOR MONTH: 2.79 1 = FOG OR MIST
DPTR FM NORMAL: 4.1 DPTR FM NORMAL: -1.76 2 = FOG REDUCING VISIBILITY
HIGHEST: 80 ON 25 GRTST 24HR 0.77 ON 31- 1 TO 1/4 MILE OR LESS
LOWEST: 26 ON 17 3 = THUNDER
SNOW, ICE PELLETS, HAIL 4 = ICE PELLETS
TOTAL MONTH: 0.0 INCH 5 = HAIL
GRTST 24HR 0.0 6 = FREEZING RAIN OR DRIZZLE
GRTST DEPTH: 0 7 = DUSTSTORM OR SANDSTORM:
VSBY 1/2 MILE OR LESS
8 = SMOKE OR HAZE
[NO. OF DAYS WITH] [WEATHER - DAYS WITH] 9 = BLOWING SNOW
X = TORNADO
MAX 32 OR BELOW: 0 0.01 INCH OR MORE: 8
MAX 90 OR ABOVE: 0 0.10 INCH OR MORE: 6
MIN 32 OR BELOW: 9 0.50 INCH OR MORE: 2
MIN 0 OR BELOW: 0 1.00 INCH OR MORE: 0
[HDD (BASE 65) ]
TOTAL THIS MO. 448 CLEAR (SCALE 0-3) 12
DPTR FM NORMAL -127 PTCLDY (SCALE 4-7) 10
TOTAL FM JUL 1 1078 CLOUDY (SCALE 8-10) 9
DPTR FM NORMAL -417
[CDD (BASE 65) ]
TOTAL THIS MO. 7
DPTR FM NORMAL 5 [PRESSURE DATA]
TOTAL FM JAN 1 7 HIGHEST SLP 30.48 ON 28
DPTR FM NORMAL 5 LOWEST SLP 29.74 ON 15
[REMARKS]
#FINAL-01-21#