000
CXUS51 KCLE 010800
CF6TOL
PRELIMINARY LOCAL CLIMATOLOGICAL DATA (WS FORM: F-6)
STATION: TOLEDO OH
MONTH: JULY
YEAR: 2020
LATITUDE: 41 35 N
LONGITUDE: 83 48 W
TEMPERATURE IN F: :PCPN: SNOW: WIND :SUNSHINE: SKY :PK WND
================================================================================
1 2 3 4 5 6A 6B 7 8 9 10 11 12 13 14 15 16 17 18
12Z AVG MX 2MIN
DY MAX MIN AVG DEP HDD CDD WTR SNW DPTH SPD SPD DIR MIN PSBL S-S WX SPD DR
================================================================================
1 88 63 76 3 0 11 0.00 0.0 0 5.2 16 60 M M 0 20 50
2 93 65 79 6 0 14 0.00 0.0 0 2.9 12 60 M M 1 14 60
3 96 66 81 8 0 16 0.00 0.0 0 4.5 12 320 M M 0 17 300
4 93 68 81 7 0 16 0.00 0.0 0 5.5 14 40 M M 0 8 19 30
5 94 63 79 5 0 14 0.00 0.0 0 1.6 9 290 M M 0 18 12 250
6 97 67 82 8 0 17 0.00 0.0 0 3.7 12 250 M M 1 18 240
7 98 68 83 9 0 18 T 0.0 0 3.0 13 170 M M 0 17 180
8 97 72 85 11 0 20 0.00 0.0 0 4.4 16 300 M M 0 3 21 280
9 97 70 84 10 0 19 0.00 0.0 0 3.3 14 240 M M 0 3 18 210
10 91 72 82 8 0 17 1.38 0.0 0 7.1 33 250 M M 4 1238 42 250
11 88 67 78 4 0 13 0.00 0.0 0 10.8 20 290 M M 1 27 270
12 85 68 77 3 0 12 0.00 0.0 0 4.9 14 240 M M 1 18 220
13 84 63 74 0 0 9 0.00 0.0 0 4.5 12 310 M M 2 18 280
14 86 61 74 0 0 9 0.00 0.0 0 2.1 9 210 M M 1 13 280
15 91 65 78 4 0 13 0.00 0.0 0 3.9 12 220 M M 2 16 210
16 85 72 79 5 0 14 0.09 0.0 0 6.2 15 300 M M 8 18 20 290
17 89 66 78 4 0 13 0.00 0.0 0 3.7 12 250 M M 0 1 16 230
18 95 66 81 7 0 16 0.00 0.0 0 6.5 16 240 M M 0 22 230
19 92 73 83 9 0 18 1.11 0.0 0 9.5 24 290 M M 2 123 32 280
20 88 72 80 6 0 15 0.00 0.0 0 7.8 18 250 M M 1 23 220
21 87 68 78 4 0 13 T 0.0 0 2.6 10 90 M M 2 13 90
22 83 70 77 4 0 12 0.08 0.0 0 7.4 18 250 M M 6 24 230
23 88 70 79 6 0 14 0.00 0.0 0 4.7 14 60 M M 7 1 18 30
24 88 66 77 4 0 12 0.00 0.0 0 4.3 12 350 M M 3 18 20
25 90 64 77 4 0 12 0.00 0.0 0 1.6 9 320 M M 1 11 320
26 94 66 80 7 0 15 0.00 0.0 0 5.9 15 240 M M 0 20 240
27 89 73 81 8 0 16 0.11 0.0 0 9.5 18 290 M M 4 13 24 300
28 89 64 77 4 0 12 0.00 0.0 0 8.2 20 250 M M 1 24 280
29 92 70 81 8 0 16 0.00 0.0 0 8.8 21 250 M M 5 31 260
30 84 70 77 4 0 12 0.00 0.0 0 5.9 12 60 M M 6 14 100
31 84 63 74 1 0 9 0.00 0.0 0 5.8 14 20 M M 1 18 20
================================================================================
SM 2795 2091 0 437 2.77 0.0 165.8 M 60
================================================================================
AV 90.2 67.5 5.3 FASTST M M 2 MAX(MPH)
MISC ----> 33 250 42 250
================================================================================
NOTES:
# LAST OF SEVERAL OCCURRENCES
COLUMN 17 PEAK WIND IN M.P.H.
PRELIMINARY LOCAL CLIMATOLOGICAL DATA (WS FORM: F-6) , PAGE 2
STATION: TOLEDO OH
MONTH: JULY
YEAR: 2020
LATITUDE: 41 35 N
LONGITUDE: 83 48 W
[TEMPERATURE DATA] [PRECIPITATION DATA] SYMBOLS USED IN COLUMN 16
AVERAGE MONTHLY: 78.8 TOTAL FOR MONTH: 2.77 1 = FOG OR MIST
DPTR FM NORMAL: 5.3 DPTR FM NORMAL: -0.46 2 = FOG REDUCING VISIBILITY
HIGHEST: 98 ON 7 GRTST 24HR 1.38 ON 10-10 TO 1/4 MILE OR LESS
LOWEST: 61 ON 14 3 = THUNDER
SNOW, ICE PELLETS, HAIL 4 = ICE PELLETS
TOTAL MONTH: 0.0 INCH 5 = HAIL
GRTST 24HR 0.0 6 = FREEZING RAIN OR DRIZZLE
GRTST DEPTH: 0 7 = DUSTSTORM OR SANDSTORM:
VSBY 1/2 MILE OR LESS
8 = SMOKE OR HAZE
[NO. OF DAYS WITH] [WEATHER - DAYS WITH] 9 = BLOWING SNOW
X = TORNADO
MAX 32 OR BELOW: 0 0.01 INCH OR MORE: 5
MAX 90 OR ABOVE: 15 0.10 INCH OR MORE: 3
MIN 32 OR BELOW: 0 0.50 INCH OR MORE: 2
MIN 0 OR BELOW: 0 1.00 INCH OR MORE: 2
[HDD (BASE 65) ]
TOTAL THIS MO. 0 CLEAR (SCALE 0-3) 23
DPTR FM NORMAL -3 PTCLDY (SCALE 4-7) 7
TOTAL FM JUL 1 0 CLOUDY (SCALE 8-10) 1
DPTR FM NORMAL 0
[CDD (BASE 65) ]
TOTAL THIS MO. 437
DPTR FM NORMAL 172 [PRESSURE DATA]
TOTAL FM JAN 1 742 HIGHEST SLP 30.18 ON 17
DPTR FM NORMAL 254 LOWEST SLP 29.69 ON 10
[REMARKS]
#FINAL-07-20#