000
CXUS51 KCLE 010800
CF6TOL
PRELIMINARY LOCAL CLIMATOLOGICAL DATA (WS FORM: F-6)
STATION: TOLEDO OH
MONTH: JUNE
YEAR: 2020
LATITUDE: 41 35 N
LONGITUDE: 83 48 W
TEMPERATURE IN F: :PCPN: SNOW: WIND :SUNSHINE: SKY :PK WND
================================================================================
1 2 3 4 5 6A 6B 7 8 9 10 11 12 13 14 15 16 17 18
12Z AVG MX 2MIN
DY MAX MIN AVG DEP HDD CDD WTR SNW DPTH SPD SPD DIR MIN PSBL S-S WX SPD DR
================================================================================
1 77 43 60 -5 5 0 T 0.0 0 5.6 15 250 M M 0 21 250
2 92 62 77 12 0 12 0.00 0.0 0 13.9 24 250 M M 1 33 260
3 85 63 74 8 0 9 0.00 0.0 0 10.4 25 260 M M 1 33 270
4 87 62 75 9 0 10 0.00 0.0 0 5.1 15 240 M M 3 18 250
5 91 67 79 13 0 14 0.08 0.0 0 4.0 23 310 M M 2 13 29 340
6 86 65 76 9 0 11 0.00 0.0 0 8.4 18 60 M M 2 1 24 310
7 80 53 67 0 0 2 0.00 0.0 0 4.0 14 60 M M 0 18 60
8 84 56 70 3 0 5 0.00 0.0 0 4.1 10 60 M M 0 15 70
9 97 55 76 8 0 11 0.01 0.0 0 6.5 22 200 M M 2 30 200
10 93 71 82 14 0 17 0.09 0.0 0 15.1 32 240 M M 6 38 44 240
11 80 62 71 3 0 6 T 0.0 0 13.8 29 250 M M 3 37 260
12 82 59 71 2 0 6 0.30 0.0 0 8.0 28 20 M M 4 3 43 20
13 68 52 60 -9 5 0 0.15 0.0 0 9.9 18 40 M M 2 26 60
14 71 49 60 -9 5 0 0.00 0.0 0 11.4 24 50 M M 0 30 60
15 76 52 64 -6 1 0 0.00 0.0 0 10.0 22 60 M M 1 27 60
16 83 57 70 0 0 5 0.00 0.0 0 3.6 13 90 M M 0 16 90
17 84 53 69 -1 0 4 0.00 0.0 0 4.0 15 60 M M 0 18 60
18 87 58 73 3 0 8 0.00 0.0 0 5.5 18 60 M M 0 24 50
19 92 60 76 5 0 11 0.00 0.0 0 1.9 10 110 M M 1 13 30
20 94 63 79 8 0 14 0.11 0.0 0 3.6 20 220 M M 1 25 210
21 85 66 76 5 0 11 T 0.0 0 6.2 14 250 M M 3 1 16 250
22 87 68 78 6 0 13 0.22 0.0 0 3.5 10 180 M M 5 1 14 180
23 78 62 70 -2 0 5 0.41 0.0 0 11.9 28 270 M M 7 1 36 290
24 79 60 70 -2 0 5 0.00 0.0 0 7.7 18 250 M M 4 22 260
25 83 57 70 -2 0 5 0.00 0.0 0 7.0 17 260 M M 1 22 280
26 86 59 73 1 0 8 0.47 0.0 0 5.0 41 280 M M 4 13 58 260
27 86 70 78 5 0 13 0.74 0.0 0 11.6 18 240 M M 4 13 24 250
28 88 66 77 4 0 12 0.00 0.0 0 4.8 10 60 M M 1 1 13 10
29 89 64 77 4 0 12 0.00 0.0 0 3.3 12 60 M M 1 15 40
30 89 62 76 3 0 11 0.00 0.0 0 5.1 16 60 M M 0 20 50
================================================================================
SM 2539 1796 16 240 2.58 0.0 214.9 M 59
================================================================================
AV 84.6 59.9 7.2 FASTST M M 2 MAX(MPH)
MISC ----> 41 280 58 260
================================================================================
NOTES:
# LAST OF SEVERAL OCCURRENCES
COLUMN 17 PEAK WIND IN M.P.H.
PRELIMINARY LOCAL CLIMATOLOGICAL DATA (WS FORM: F-6) , PAGE 2
STATION: TOLEDO OH
MONTH: JUNE
YEAR: 2020
LATITUDE: 41 35 N
LONGITUDE: 83 48 W
[TEMPERATURE DATA] [PRECIPITATION DATA] SYMBOLS USED IN COLUMN 16
AVERAGE MONTHLY: 72.3 TOTAL FOR MONTH: 2.58 1 = FOG OR MIST
DPTR FM NORMAL: 2.8 DPTR FM NORMAL: -0.99 2 = FOG REDUCING VISIBILITY
HIGHEST: 97 ON 9 GRTST 24HR 0.74 ON 27-27 TO 1/4 MILE OR LESS
LOWEST: 43 ON 1 3 = THUNDER
SNOW, ICE PELLETS, HAIL 4 = ICE PELLETS
TOTAL MONTH: 0.0 INCH 5 = HAIL
GRTST 24HR 0.0 6 = FREEZING RAIN OR DRIZZLE
GRTST DEPTH: 0 7 = DUSTSTORM OR SANDSTORM:
VSBY 1/2 MILE OR LESS
8 = SMOKE OR HAZE
[NO. OF DAYS WITH] [WEATHER - DAYS WITH] 9 = BLOWING SNOW
X = TORNADO
MAX 32 OR BELOW: 0 0.01 INCH OR MORE: 10
MAX 90 OR ABOVE: 6 0.10 INCH OR MORE: 7
MIN 32 OR BELOW: 0 0.50 INCH OR MORE: 1
MIN 0 OR BELOW: 0 1.00 INCH OR MORE: 0
[HDD (BASE 65) ]
TOTAL THIS MO. 16 CLEAR (SCALE 0-3) 23
DPTR FM NORMAL -19 PTCLDY (SCALE 4-7) 7
TOTAL FM JUL 1 5371 CLOUDY (SCALE 8-10) 0
DPTR FM NORMAL -774
[CDD (BASE 65) ]
TOTAL THIS MO. 240
DPTR FM NORMAL 70 [PRESSURE DATA]
TOTAL FM JAN 1 305 HIGHEST SLP 30.38 ON 16
DPTR FM NORMAL 82 LOWEST SLP 29.49 ON 10
[REMARKS]
#FINAL-06-20#