000
CXUS54 KFWD 010731
CF6TPL
PRELIMINARY LOCAL CLIMATOLOGICAL DATA (WS FORM: F-6)
STATION: TEMPLE
MONTH: APRIL
YEAR: 2023
LATITUDE: 31 8 N
LONGITUDE: 97 25 W
TEMPERATURE IN F: :PCPN: SNOW: WIND :SUNSHINE: SKY :PK WND
================================================================================
1 2 3 4 5 6A 6B 7 8 9 10 11 12 13 14 15 16 17 18
12Z AVG MX 2MIN
DY MAX MIN AVG DEP HDD CDD WTR SNW DPTH SPD SPD DIR MIN PSBL S-S WX SPD DR
================================================================================
1 78 42 60 -2 5 0 0.00 M M 5.9 15 20 M M 0 18 50
2 81 54 68 6 0 3 0.47 M M 9.4 23 170 M M 6 3 37 280
3 90 69 80 17 0 15 0.00 M M 15.2 23 150 M M 4 30 160
4 85 71 78 15 0 13 0.00 M M 19.9 25 170 M M 7 33 160
5 76 53 65 2 0 0 0.13 M M 14.9 25 320 M M 8 3 32 170
6 55 46 51 -12 14 0 0.50 M M 10.8 17 20 M M 8 3 23 20
7 55 49 52 -12 13 0 0.09 M M 10.1 16 10 M M 10 21 10
8 63 53 58 -6 7 0 0.01 M M 5.0 10 30 M M 10 M M
9 71 52 62 -2 3 0 0.00 M M 4.2 10 70 M M 8 M M
10 73 54 64 0 1 0 0.00 M M 5.2 12 100 M M 5 M M
11 74 46 60 -4 5 0 0.00 M M 5.0 13 90 M M 3 M M
12 76 45 61 -4 4 0 0.00 M M 5.1 12 140 M M 1 16 99
13 77 48 63 -2 2 0 0.00 M M 7.8 13 140 M M 1 20 170
14 74 58 66 1 0 1 0.01 M M 12.7 21 150 M M 6 23 160
15 88 60 74 9 0 9 0.00 M M 11.0 20 320 M M 3 31 170
16 72 44 58 -8 7 0 0.00 M M 7.9 13 20 M M 0 21 360
17 78 44 61 -5 4 0 0.00 M M 8.7 17 150 M M 1 24 150
18 77 59 68 2 0 3 0.00 M M 15.7 23 160 M M 6 33 160
19 82 67 75 9 0 10 0.00 M M 16.3 24 170 M M 8 31 160
20 87 62 75 8 0 10 2.70 M M 11.0 31 30 M M 9 3 44 40
21 76 57 67 0 0 2 0.00 M M 8.4 15 350 M M 3 20 340
22 76 52 64 -3 1 0 0.01 M M 8.7 16 120 M M 4 3 20 130
23 56 48 52 -15 13 0 0.06 M M 13.0 18 30 M M 9 27 30
24 67 47 57 -11 8 0 0.00 M M 7.3 12 140 M M 8 M M
25 73 59 66 -2 0 1 0.01 M M 8.6 12 100 M M 10 16 140
26 82 61 72 4 0 7 1.25 M M 11.7 23 360 M M 8 3 33 30
27 76 57 67 -1 0 2 0.01 M M 8.4 16 310 M M 5 23 320
28 80 54 67 -2 0 2 0.86 M M 11.8 33 290 M M 6 3 48 260
29 71 50 61 -8 4 0 0.00 M M 13.7 24 340 M M 1 39 340
30 89 47 68 -1 0 3 0.00 M M 8.0 16 170 M M 0 M M
================================================================================
SM 2258 1608 91 81 6.11 M 301.5 M 158
================================================================================
AV 75.3 53.6 10.0 FASTST M M 5 MAX(MPH)
MISC ----> 33 290 48 260
================================================================================
NOTES:
# LAST OF SEVERAL OCCURRENCES
COLUMN 17 PEAK WIND IN M.P.H.
PRELIMINARY LOCAL CLIMATOLOGICAL DATA (WS FORM: F-6) , PAGE 2
STATION: TEMPLE
MONTH: APRIL
YEAR: 2023
LATITUDE: 31 8 N
LONGITUDE: 97 25 W
[TEMPERATURE DATA] [PRECIPITATION DATA] SYMBOLS USED IN COLUMN 16
AVERAGE MONTHLY: 64.4 TOTAL FOR MONTH: 6.11 1 = FOG OR MIST
DPTR FM NORMAL: -1.2 DPTR FM NORMAL: 3.79 2 = FOG REDUCING VISIBILITY
HIGHEST: 90 ON 3 GRTST 24HR 2.70 ON 20-20 TO 1/4 MILE OR LESS
LOWEST: 42 ON 1 3 = THUNDER
SNOW, ICE PELLETS, HAIL 4 = ICE PELLETS
TOTAL MONTH: M 5 = HAIL
GRTST 24HR M ON M 6 = FREEZING RAIN OR DRIZZLE
GRTST DEPTH: M ON M 7 = DUSTSTORM OR SANDSTORM:
VSBY 1/2 MILE OR LESS
8 = SMOKE OR HAZE
[NO. OF DAYS WITH] [WEATHER - DAYS WITH] 9 = BLOWING SNOW
X = TORNADO
MAX 32 OR BELOW: 0 0.01 INCH OR MORE: 13
MAX 90 OR ABOVE: 1 0.10 INCH OR MORE: 6
MIN 32 OR BELOW: 0 0.50 INCH OR MORE: 4
MIN 0 OR BELOW: 0 1.00 INCH OR MORE: 2
[HDD (BASE 65) ]
TOTAL THIS MO. 91 CLEAR (SCALE 0-3) 8
DPTR FM NORMAL 10 PTCLDY (SCALE 4-7) 14
TOTAL FM JUL 1 1780 CLOUDY (SCALE 8-10) 8
DPTR FM NORMAL -349
[CDD (BASE 65) ]
TOTAL THIS MO. 81
DPTR FM NORMAL -18 [PRESSURE DATA]
TOTAL FM JAN 1 176 HIGHEST SLP M ON M
DPTR FM NORMAL 31 LOWEST SLP M ON M
[REMARKS]
#FINAL-04-23#