000
CXUS54 KFWD 010731
CF6TPL
PRELIMINARY LOCAL CLIMATOLOGICAL DATA (WS FORM: F-6)
STATION: TEMPLE
MONTH: JUNE
YEAR: 2021
LATITUDE: 31 8 N
LONGITUDE: 97 25 W
TEMPERATURE IN F: :PCPN: SNOW: WIND :SUNSHINE: SKY :PK WND
================================================================================
1 2 3 4 5 6A 6B 7 8 9 10 11 12 13 14 15 16 17 18
12Z AVG MX 2MIN
DY MAX MIN AVG DEP HDD CDD WTR SNW DPTH SPD SPD DIR MIN PSBL S-S WX SPD DR
================================================================================
1 81 65 73 -4 0 8 0.29 M M 6.2 12 340 M M 8 16 360
2 83 59 71 -6 0 6 0.02 M M 5.0 24 130 M M 3 36 130
3 72 62 67 -10 0 2 0.04 M M 2.6 7 320 M M 3 M M
4 82 65 74 -3 0 9 1.03 M M 5.1 28 100 M M 7 138 33 100
5 85 68 77 -1 0 12 0.00 M M 4.1 12 120 M M 6 1 M M
6 88 65 77 -1 0 12 0.00 M M 9.1 15 160 M M 5 18 160
7 82 68 75 -3 0 10 0.39 M M 10.5 17 160 M M 7 13 27 360
8 90 70 80 2 0 15 0.08 M M 12.9 25 340 M M 4 1 37 350
9 93 75 84 6 0 19 0.00 M M 13.1 18 160 M M 5 26 170
10 91 74 83 5 0 18 0.00 M M 14.2 20 180 M M 4 23 160
11 91 77 84 6 0 19 0.00 M M 15.5 23 170 M M 5 25 170
12 91 74 83 4 0 18 0.00 M M 8.3 15 160 M M 3 M M
13 96 71 84 5 0 19 0.00 M M 3.3 8 290 M M 1 M M
14 96 72 84 5 0 19 0.00 M M 4.1 9 360 M M 0 M M
15 95 72 84 5 0 19 0.00 M M 5.9 13 30 M M 1 16 30
16 94 69 82 3 0 17 0.00 M M 4.5 9 80 M M 0 M M
17 96 70 83 4 0 18 T M M 4.9 9 110 M M 1 16 140
18 93 73 83 4 0 18 0.00 M M 6.9 13 90 M M 1 16 100
19 94 65 80 0 0 15 0.00 M M 6.0 13 170 M M 0 18 160
20 93 73 83 3 0 18 0.00 M M 14.2 21 170 M M 2 25 160
21 97 75 86 6 0 21 0.20 M M 10.2 18 20 M M 7 38 28 20
22 84 70 77 -3 0 12 0.00 M M 7.2 16 20 M M 7 18 21 20
23 96 74 85 5 0 20 0.00 M M 10.8 17 160 M M 5 1 23 160
24 96 74 85 5 0 20 0.00 M M 13.7 18 150 M M 2 28 190
25 94 77 86 6 0 21 0.00 M M 16.5 23 170 M M 4 30 170
26 95 77 86 6 0 21 0.00 M M 16.2 22 150 M M 4 30 140
27 90 72 81 0 0 16 0.00 M M 6.5 16 120 M M 5 M M
28 84 70 77 -4 0 12 0.40 M M 5.8 15 130 M M 6 1 M M
29 89 70 80 -1 0 15 0.26 M M 7.8 21 150 M M 5 18 30 150
30 91 72 82 1 0 17 0.00 M M 5.2 9 70 M M 4 1 M M
================================================================================
SM 2702 2118 0 466 2.71 M 256.3 M 115
================================================================================
AV 90.1 70.6 8.5 FASTST M M 4 MAX(MPH)
MISC ----> 28 100 37 350
================================================================================
NOTES:
# LAST OF SEVERAL OCCURRENCES
COLUMN 17 PEAK WIND IN M.P.H.
PRELIMINARY LOCAL CLIMATOLOGICAL DATA (WS FORM: F-6) , PAGE 2
STATION: TEMPLE
MONTH: JUNE
YEAR: 2021
LATITUDE: 31 8 N
LONGITUDE: 97 25 W
[TEMPERATURE DATA] [PRECIPITATION DATA] SYMBOLS USED IN COLUMN 16
AVERAGE MONTHLY: 80.3 TOTAL FOR MONTH: 2.71 1 = FOG OR MIST
DPTR FM NORMAL: 1.3 DPTR FM NORMAL: -1.39 2 = FOG REDUCING VISIBILITY
HIGHEST: 97 ON 21 GRTST 24HR 1.03 ON 4- 4 TO 1/4 MILE OR LESS
LOWEST: 59 ON 2 3 = THUNDER
SNOW, ICE PELLETS, HAIL 4 = ICE PELLETS
TOTAL MONTH: M 5 = HAIL
GRTST 24HR M ON M 6 = FREEZING RAIN OR DRIZZLE
GRTST DEPTH: M ON M 7 = DUSTSTORM OR SANDSTORM:
VSBY 1/2 MILE OR LESS
8 = SMOKE OR HAZE
[NO. OF DAYS WITH] [WEATHER - DAYS WITH] 9 = BLOWING SNOW
X = TORNADO
MAX 32 OR BELOW: 0 0.01 INCH OR MORE: 9
MAX 90 OR ABOVE: 20 0.10 INCH OR MORE: 6
MIN 32 OR BELOW: 0 0.50 INCH OR MORE: 1
MIN 0 OR BELOW: 0 1.00 INCH OR MORE: 1
[HDD (BASE 65) ]
TOTAL THIS MO. 0 CLEAR (SCALE 0-3) 11
DPTR FM NORMAL -1 PTCLDY (SCALE 4-7) 18
TOTAL FM JUL 1 2131 CLOUDY (SCALE 8-10) 1
DPTR FM NORMAL -11
[CDD (BASE 65) ]
TOTAL THIS MO. 466
DPTR FM NORMAL 45 [PRESSURE DATA]
TOTAL FM JAN 1 825 HIGHEST SLP M ON M
DPTR FM NORMAL -11 LOWEST SLP M ON M
[REMARKS]
#FINAL-06-21#