000
CXUS53 KOAX 010930
CF6TQE
PRELIMINARY LOCAL CLIMATOLOGICAL DATA (WS FORM: F-6)
STATION: TEKAMAH NE
MONTH: OCTOBER
YEAR: 2021
LATITUDE: 41 46 N
LONGITUDE: 96 11 W
TEMPERATURE IN F: :PCPN: SNOW: WIND :SUNSHINE: SKY :PK WND
================================================================================
1 2 3 4 5 6A 6B 7 8 9 10 11 12 13 14 15 16 17 18
12Z AVG MX 2MIN
DY MAX MIN AVG DEP HDD CDD WTR SNW DPTH SPD SPD DIR MIN PSBL S-S WX SPD DR
================================================================================
1 75 63 69 10 0 4 0.01 M M 4.4 14 180 M M 10 12 17 180
2 68 59 64 5 1 0 0.02 M M 5.0 10 320 M M 10 1 19 330
3 80 48 64 6 1 0 0.00 M M 6.9 17 330 M M 1 26 350
4 82 42 62 4 3 0 0.00 M M 3.3 12 30 M M 0 17 70
5 80 44 62 5 3 0 0.00 M M 4.2 13 100 M M 1 8 18 100
6 74 48 61 4 4 0 0.00 M M 2.9 12 90 M M 5 1 16 120
7 78 53 66 10 0 1 0.00 M M 3.2 13 160 M M 5 18 16 130
8 86 50 68 12 0 3 0.00 M M 4.6 15 150 M M 0 128 21 180
9 76 54 65 10 0 0 0.00 M M 6.5 20 160 M M 0 1 26 150
10 69 46 58 3 7 0 0.00 M M 7.7 20 300 M M 1 26 290
11 76 43 60 6 5 0 0.00 M M 5.2 15 340 M M 0 8 25 20
12 79 38 59 5 6 0 0.00 M M 6.9 17 120 M M 0 24 120
13 68 45 57 4 8 0 0.39 M M 17.1 33 230 M M 3 138 46 220
14 65 39 52 -1 13 0 T M M 7.8 15 320 M M 3 21 310
15 64 37 51 -1 14 0 0.00 M M 9.5 22 290 M M 2 35 280
16 69 37 53 1 12 0 0.00 M M 7.6 16 300 M M 0 23 260
17 77 34 56 5 9 0 0.00 M M 7.1 17 190 M M 0 24 170
18 78 37 58 7 7 0 0.00 M M 11.5 28 170 M M 0 37 160
19 78 48 63 13 2 0 0.00 M M 11.2 22 160 M M 0 28 150
20 61 43 52 2 13 0 T M M 13.9 24 300 M M 9 36 300
21 51 29 40 -9 25 0 0.00 M M 10.8 24 300 M M 8 18 35 300
22 57 26 42 -7 23 0 T M M 5.4 16 140 M M 4 128 28 140
23 61 30 46 -2 19 0 0.00 M M 10.6 17 110 M M 3 1 24 110
24 53 44 49 1 16 0 1.25 M M 11.3 22 90 M M 10 13 33 90
25 56 37 47 -1 18 0 T M M 7.4 14 350 M M 2 1 18 350
26 58 40 49 2 16 0 0.00 M M 17.9 30 140 M M 8 39 140
27 57 50 54 8 11 0 1.58 M M 11.1 22 150 M M 10 13 34 160
28 56 48 52 6 13 0 0.06 M M 19.6 28 350 M M 8 36 350
29 60 36 48 2 17 0 0.00 M M 12.7 25 350 M M 3 32 340
30 69 31 50 5 15 0 0.00 M M 10.2 26 350 M M 1 37 10
31 52 30 41 -4 24 0 0.00 M M 10.2 24 330 M M 2 31 330
================================================================================
SM 2113 1309 305 8 3.31 M 273.7 M 109
================================================================================
AV 68.2 42.2 8.8 FASTST M M 4 MAX(MPH)
MISC ----> 33 230 46 220
================================================================================
NOTES:
# LAST OF SEVERAL OCCURRENCES
COLUMN 17 PEAK WIND IN M.P.H.
PRELIMINARY LOCAL CLIMATOLOGICAL DATA (WS FORM: F-6) , PAGE 2
STATION: TEKAMAH NE
MONTH: OCTOBER
YEAR: 2021
LATITUDE: 41 46 N
LONGITUDE: 96 11 W
[TEMPERATURE DATA] [PRECIPITATION DATA] SYMBOLS USED IN COLUMN 16
AVERAGE MONTHLY: 55.2 TOTAL FOR MONTH: 3.31 1 = FOG OR MIST
DPTR FM NORMAL: 3.4 DPTR FM NORMAL: 1.30 2 = FOG REDUCING VISIBILITY
HIGHEST: 86 ON 8 GRTST 24HR 1.63 ON 27-28 TO 1/4 MILE OR LESS
LOWEST: 26 ON 22 3 = THUNDER
SNOW, ICE PELLETS, HAIL 4 = ICE PELLETS
TOTAL MONTH: M 5 = HAIL
GRTST 24HR M ON M 6 = FREEZING RAIN OR DRIZZLE
GRTST DEPTH: M ON M 7 = DUSTSTORM OR SANDSTORM:
VSBY 1/2 MILE OR LESS
8 = SMOKE OR HAZE
[NO. OF DAYS WITH] [WEATHER - DAYS WITH] 9 = BLOWING SNOW
X = TORNADO
MAX 32 OR BELOW: 0 0.01 INCH OR MORE: 6
MAX 90 OR ABOVE: 0 0.10 INCH OR MORE: 3
MIN 32 OR BELOW: 5 0.50 INCH OR MORE: 2
MIN 0 OR BELOW: 0 1.00 INCH OR MORE: 2
[HDD (BASE 65) ]
TOTAL THIS MO. 305 CLEAR (SCALE 0-3) 17
DPTR FM NORMAL -116 PTCLDY (SCALE 4-7) 8
TOTAL FM JUL 1 345 CLOUDY (SCALE 8-10) 6
DPTR FM NORMAL -186
[CDD (BASE 65) ]
TOTAL THIS MO. 8
DPTR FM NORMAL -6 [PRESSURE DATA]
TOTAL FM JAN 1 1202 HIGHEST SLP 30.37 ON 31
DPTR FM NORMAL 188 LOWEST SLP 29.40 ON 13
[REMARKS]
#FINAL-10-21#