000
CXUS54 KMRX 011030
CF6TRI
PRELIMINARY LOCAL CLIMATOLOGICAL DATA (WS FORM: F-6)
STATION: TRI-CITIES AIRPORT
MONTH: MARCH
YEAR: 2023
LATITUDE: 36 28 N
LONGITUDE: 82 24 W
TEMPERATURE IN F: :PCPN: SNOW: WIND :SUNSHINE: SKY :PK WND
================================================================================
1 2 3 4 5 6A 6B 7 8 9 10 11 12 13 14 15 16 17 18
12Z AVG MX 2MIN
DY MAX MIN AVG DEP HDD CDD WTR SNW DPTH SPD SPD DIR MIN PSBL S-S WX SPD DR
================================================================================
1 77 38 58 14 7 0 0.07 0.0 0 3.3 13 250 M M 5 1 20 230
2 64 53 59 15 6 0 1.48 0.0 0 1.8 10 260 M M 10 1 13 270
3 72 53 63 19 2 0 0.43 0.0 0 12.7 38 230 M M 9 13 51 220
4 60 38 49 5 16 0 0.00 0.0 0 6.4 25 240 M M 3 38 240
5 66 31 49 5 16 0 0.00 0.0 0 0.9 8 200 M M 2 11 200
6 72 34 53 8 12 0 0.00 0.0 0 4.0 20 220 M M 5 28 230
7 67 36 52 7 13 0 0.00 0.0 0 8.1 20 300 M M 1 28 320
8 52 30 41 -4 24 0 0.00 0.0 0 3.0 9 10 M M 6 14 20
9 65 34 50 4 15 0 T 0.0 0 2.2 10 220 M M 7 14 190
10 60 39 50 4 15 0 0.17 0.0 0 8.7 24 270 M M 9 1 33 300
11 53 37 45 -1 20 0 0.00 0.0 0 4.6 15 350 M M 8 20 360
12 50 39 45 -1 20 0 0.50 0.0 0 3.6 10 120 M M 10 1 14 120
13 46 32 39 -7 26 0 0.01 0.0 0 9.6 20 290 M M 10 1 28 280
14 39 27 33 -14 32 0 T T 0 9.8 18 310 M M 8 8 29 290
15 49 20 35 -12 30 0 0.00 0.0 0 3.3 13 190 M M 1 17 190
16 65 23 44 -3 21 0 0.00 0.0 0 2.0 16 220 M M 5 20 210
17 61 40 51 3 14 0 0.19 0.0 0 4.8 25 290 M M 9 1 35 270
18 48 34 41 -7 24 0 0.00 0.0 0 11.3 23 240 M M 7 34 270
19 38 22 30 -18 35 0 0.00 0.0 0 7.1 14 300 M M 5 20 260
20 50 17 34 -14 31 0 0.00 0.0 0 1.8 9 240 M M 0 12 240
21 64 22 43 -6 22 0 0.00 0.0 0 2.8 14 150 M M 6 22 150
22 54 43 49 0 16 0 0.28 0.0 0 1.2 12 200 M M 10 1 16 210
23 75 47 61 12 4 0 0.00 0.0 0 4.5 20 250 M M 7 1 27 230
24 82 53 68 18 0 3 0.00 0.0 0 6.3 28 250 M M 5 37 220
25 75 58 67 17 0 2 0.39 0.0 0 13.5 39 290 M M 6 13 54 240
26 76 42 59 9 6 0 0.00 0.0 0 3.3 18 240 M M 3 24 240
27 76 49 63 13 2 0 T 0.0 0 6.5 23 260 M M 5 31 250
28 58 39 49 -2 16 0 0.00 0.0 0 4.6 16 330 M M 6 25 310
29 60 32 46 -5 19 0 0.00 0.0 0 5.1 14 240 M M 2 8 18 240
30 67 30 49 -2 16 0 0.00 0.0 0 1.4 8 260 M M 0 11 150
31 62 40 51 -1 14 0 0.20 0.0 0 2.2 13 290 M M 8 1 16 280
================================================================================
SM 1903 1132 494 5 3.72 T 160.4 M 178
================================================================================
AV 61.4 36.5 5.2 FASTST M M 6 MAX(MPH)
MISC ----> 39 290 54 240
================================================================================
NOTES:
# LAST OF SEVERAL OCCURRENCES
COLUMN 17 PEAK WIND IN M.P.H.
PRELIMINARY LOCAL CLIMATOLOGICAL DATA (WS FORM: F-6) , PAGE 2
STATION: TRI-CITIES AIRPORT
MONTH: MARCH
YEAR: 2023
LATITUDE: 36 28 N
LONGITUDE: 82 24 W
[TEMPERATURE DATA] [PRECIPITATION DATA] SYMBOLS USED IN COLUMN 16
AVERAGE MONTHLY: 49.0 TOTAL FOR MONTH: 3.72 1 = FOG OR MIST
DPTR FM NORMAL: 1.6 DPTR FM NORMAL: -0.24 2 = FOG REDUCING VISIBILITY
HIGHEST: 82 ON 24 GRTST 24HR 1.55 ON 1- 2 TO 1/4 MILE OR LESS
LOWEST: 17 ON 20 3 = THUNDER
SNOW, ICE PELLETS, HAIL 4 = ICE PELLETS
TOTAL MONTH: T 5 = HAIL
GRTST 24HR T ON 14-14 6 = FREEZING RAIN OR DRIZZLE
GRTST DEPTH: 0 7 = DUSTSTORM OR SANDSTORM:
VSBY 1/2 MILE OR LESS
8 = SMOKE OR HAZE
[NO. OF DAYS WITH] [WEATHER - DAYS WITH] 9 = BLOWING SNOW
X = TORNADO
MAX 32 OR BELOW: 0 0.01 INCH OR MORE: 10
MAX 90 OR ABOVE: 0 0.10 INCH OR MORE: 8
MIN 32 OR BELOW: 11 0.50 INCH OR MORE: 2
MIN 0 OR BELOW: 0 1.00 INCH OR MORE: 1
[HDD (BASE 65) ]
TOTAL THIS MO. 494 CLEAR (SCALE 0-3) 6
DPTR FM NORMAL -52 PTCLDY (SCALE 4-7) 17
TOTAL FM JUL 1 3242 CLOUDY (SCALE 8-10) 8
DPTR FM NORMAL -538
[CDD (BASE 65) ]
TOTAL THIS MO. 5
DPTR FM NORMAL 4 [PRESSURE DATA]
TOTAL FM JAN 1 5 HIGHEST SLP 30.41 ON 21
DPTR FM NORMAL 4 LOWEST SLP 29.17 ON 3
[REMARKS]
#FINAL-03-23#