000
CXUS54 KMEG 010900
CF6TUP
PRELIMINARY LOCAL CLIMATOLOGICAL DATA (WS FORM: F-6)
STATION: TUPELO
MONTH: SEPTEMBER
YEAR: 2021
LATITUDE: 34 16 N
LONGITUDE: 88 46 W
TEMPERATURE IN F: :PCPN: SNOW: WIND :SUNSHINE: SKY :PK WND
================================================================================
1 2 3 4 5 6A 6B 7 8 9 10 11 12 13 14 15 16 17 18
12Z AVG MX 2MIN
DY MAX MIN AVG DEP HDD CDD WTR SNW DPTH SPD SPD DIR MIN PSBL S-S WX SPD DR
================================================================================
1 90 72 81 1 0 16 T 0.0 0 5.9 15 360 M M 3 20 300
2 88 69 79 0 0 14 0.00 0.0 0 6.5 14 10 M M 2 18 40
3 87 64 76 -3 0 11 0.00 0.0 0 3.2 10 30 M M 0 18 14 30
4 90 67 79 0 0 14 0.00 0.0 0 2.9 10 200 M M 0 13 180
5 92 70 81 2 0 16 0.87 0.0 0 5.9 18 320 M M 4 123 32 320
6 85 66 76 -2 0 11 0.00 0.0 0 8.3 17 30 M M 2 23 40
7 89 63 76 -2 0 11 0.00 0.0 0 3.3 9 360 M M 0 10 360
8 91 65 78 0 0 13 0.00 0.0 0 4.8 17 360 M M 3 12 23 350
9 85 62 74 -4 0 9 0.00 0.0 0 6.3 21 10 M M 1 24 30
10 84 59 72 -5 0 7 0.00 0.0 0 2.1 12 40 M M 0 17 50
11 86 59 73 -4 0 8 0.00 0.0 0 2.3 9 120 M M 0 12 140
12 90 64 77 0 0 12 0.00 0.0 0 3.8 13 170 M M 0 1 16 180
13 89 71 80 4 0 15 0.00 0.0 0 4.2 12 160 M M 1 1 17 140
14 87 73 80 4 0 15 1.06 0.0 0 4.7 16 130 M M 8 13 20 140
15 83 71 77 1 0 12 0.01 0.0 0 3.5 10 50 M M 5 1 12 140
16 84 72 78 2 0 13 0.10 0.0 0 6.6 13 70 M M 9 18 17 30
17 88 75 82 7 0 17 0.05 0.0 0 8.1 14 100 M M 9 13 17 120
18 89 72 81 6 0 16 0.11 0.0 0 5.4 21 80 M M 8 1 27 70
19 85 73 79 4 0 14 0.00 0.0 0 5.3 12 120 M M 8 14 120
20 86 73 80 6 0 15 0.33 0.0 0 4.4 16 180 M M 6 13 21 180
21 90 70 80 6 0 15 0.00 0.0 0 4.2 16 340 M M 3 13 22 340
22 76 57 67 -7 0 2 0.22 0.0 0 9.3 23 350 M M 5 18 32 360
23 75 52 64 -9 1 0 0.00 0.0 0 3.6 16 360 M M 0 26 10
24 79 51 65 -8 0 0 0.00 0.0 0 1.4 8 80 M M 0 12 20
25 83 56 70 -3 0 5 0.00 0.0 0 1.8 8 250 M M 0 8 11 260
26 85 59 72 0 0 7 0.00 0.0 0 2.3 10 220 M M 0 1 14 230
27 86 59 73 1 0 8 0.00 0.0 0 3.1 10 180 M M 0 1 15 180
28 88 65 77 5 0 12 0.00 0.0 0 2.4 12 170 M M 2 16 140
29 86 67 77 6 0 12 0.13 0.0 0 3.4 22 190 M M 5 1 27 200
30 78 69 74 3 0 9 0.47 0.0 0 2.5 8 80 M M 7 12 10 80
================================================================================
SM 2574 1965 1 329 3.35 0.0 131.5 M 91
================================================================================
AV 85.8 65.5 4.4 FASTST M M 3 MAX(MPH)
MISC ----> 23 350 # 32 320
================================================================================
NOTES:
# LAST OF SEVERAL OCCURRENCES
COLUMN 17 PEAK WIND IN M.P.H.
PRELIMINARY LOCAL CLIMATOLOGICAL DATA (WS FORM: F-6) , PAGE 2
STATION: TUPELO
MONTH: SEPTEMBER
YEAR: 2021
LATITUDE: 34 16 N
LONGITUDE: 88 46 W
[TEMPERATURE DATA] [PRECIPITATION DATA] SYMBOLS USED IN COLUMN 16
AVERAGE MONTHLY: 75.7 TOTAL FOR MONTH: 3.35 1 = FOG OR MIST
DPTR FM NORMAL: 0.2 DPTR FM NORMAL: -0.22 2 = FOG REDUCING VISIBILITY
HIGHEST: 92 ON 5 GRTST 24HR 1.07 ON 14-15 TO 1/4 MILE OR LESS
LOWEST: 51 ON 24 3 = THUNDER
SNOW, ICE PELLETS, HAIL 4 = ICE PELLETS
TOTAL MONTH: 0.0 INCH 5 = HAIL
GRTST 24HR 0.0 6 = FREEZING RAIN OR DRIZZLE
GRTST DEPTH: 0 7 = DUSTSTORM OR SANDSTORM:
VSBY 1/2 MILE OR LESS
8 = SMOKE OR HAZE
[NO. OF DAYS WITH] [WEATHER - DAYS WITH] 9 = BLOWING SNOW
X = TORNADO
MAX 32 OR BELOW: 0 0.01 INCH OR MORE: 10
MAX 90 OR ABOVE: 6 0.10 INCH OR MORE: 8
MIN 32 OR BELOW: 0 0.50 INCH OR MORE: 2
MIN 0 OR BELOW: 0 1.00 INCH OR MORE: 1
[HDD (BASE 65) ]
TOTAL THIS MO. 1 CLEAR (SCALE 0-3) 17
DPTR FM NORMAL -5 PTCLDY (SCALE 4-7) 10
TOTAL FM JUL 1 1 CLOUDY (SCALE 8-10) 3
DPTR FM NORMAL -3
[CDD (BASE 65) ]
TOTAL THIS MO. 329
DPTR FM NORMAL 8 [PRESSURE DATA]
TOTAL FM JAN 1 2124 HIGHEST SLP 30.23 ON 12
DPTR FM NORMAL 3 LOWEST SLP 29.74 ON 1
[REMARKS]
#FINAL-09-21#