152
CXUS54 KMEG 010910
CF6TUP
PRELIMINARY LOCAL CLIMATOLOGICAL DATA (WS FORM: F-6)
STATION: TUPELO
MONTH: MAY
YEAR: 2020
LATITUDE: 34 16 N
LONGITUDE: 88 46 W
TEMPERATURE IN F: :PCPN: SNOW: WIND :SUNSHINE: SKY :PK WND
================================================================================
1 2 3 4 5 6A 6B 7 8 9 10 11 12 13 14 15 16 17 18
12Z AVG MX 2MIN
DY MAX MIN AVG DEP HDD CDD WTR SNW DPTH SPD SPD DIR MIN PSBL S-S WX SPD DR
================================================================================
1 81 49 65 -2 0 0 0.00 0.0 0 2.3 12 20 M M 0 14 200
2 84 56 70 3 0 5 0.00 0.0 0 6.3 15 180 M M 0 21 200
3 86 60 73 6 0 8 0.00 0.0 0 5.8 16 180 M M 2 22 190
4 87 66 77 10 0 12 0.00 0.0 0 4.2 16 190 M M 3 20 190
5 76 59 68 0 0 3 T 0.0 0 7.3 17 360 M M 3 8 24 10
6 69 47 58 -10 7 0 0.00 0.0 0 8.5 23 10 M M 1 30 310
7 73 43 58 -10 7 0 0.00 0.0 0 2.0 10 120 M M 1 14 250
8 65 49 57 -11 8 0 0.85 0.0 0 9.5 23 360 M M 7 13 29 20
9 68 42 55 -14 10 0 0.00 0.0 0 6.7 20 30 M M 0 26 40
10 76 43 60 -9 5 0 0.00 0.0 0 3.6 13 340 M M 0 17 320
11 71 48 60 -9 5 0 0.00 0.0 0 6.3 15 360 M M 4 21 340
12 76 51 64 -6 1 0 0.00 0.0 0 6.8 13 50 M M 2 17 140
13 78 61 70 0 0 5 0.00 0.0 0 5.5 14 190 M M 2 8 17 190
14 85 61 73 3 0 8 T 0.0 0 7.8 28 190 M M 3 18 37 200
15 80 66 73 3 0 8 0.35 0.0 0 6.5 21 150 M M 5 18 27 150
16 86 69 78 7 0 13 0.00 0.0 0 6.8 16 170 M M 6 21 170
17 86 69 78 7 0 13 0.67 0.0 0 8.9 23 170 M M 7 138 32 170
18 79 62 71 0 0 6 0.01 0.0 0 5.8 15 330 M M 4 1 20 360
19 70 57 64 -8 1 0 0.00 0.0 0 3.8 9 250 M M 8 13 260
20 78 54 66 -6 0 1 0.00 0.0 0 3.2 15 20 M M 3 8 18 20
21 83 57 70 -2 0 5 0.00 0.0 0 3.9 10 150 M M 3 18 14 190
22 90 65 78 6 0 13 0.95 0.0 0 6.2 20 360 M M 4 138 25 360
23 87 69 78 5 0 13 0.24 0.0 0 6.8 22 170 M M 3 138 29 170
24 87 66 77 4 0 12 0.00 0.0 0 4.6 10 130 M M 1 14 110
25 92 70 81 8 0 16 0.00 0.0 0 8.1 18 130 M M 1 18 25 140
26 77 71 74 1 0 9 0.32 0.0 0 8.4 22 140 M M 7 18 29 140
27 80 66 73 -1 0 8 1.42 0.0 0 6.8 14 250 M M 4 13 18 180
28 85 64 75 1 0 10 0.64 0.0 0 5.6 24 260 M M 5 13 33 250
29 84 64 74 0 0 9 0.00 0.0 0 4.4 10 330 M M 2 12 14 250
30 84 62 73 -1 0 8 0.00 0.0 0 6.7 16 10 M M 1 24 10
31 84 60 72 -3 0 7 0.00 0.0 0 9.1 18 30 M M 0 23 40
================================================================================
SM 2487 1826 44 192 5.45 0.0 188.2 M 92
================================================================================
AV 80.2 58.9 6.1 FASTST M M 3 MAX(MPH)
MISC ----> # 28 190 # 37 200
================================================================================
NOTES:
# LAST OF SEVERAL OCCURRENCES
COLUMN 17 PEAK WIND IN M.P.H.
PRELIMINARY LOCAL CLIMATOLOGICAL DATA (WS FORM: F-6) , PAGE 2
STATION: TUPELO
MONTH: MAY
YEAR: 2020
LATITUDE: 34 16 N
LONGITUDE: 88 46 W
[TEMPERATURE DATA] [PRECIPITATION DATA] SYMBOLS USED IN COLUMN 16
AVERAGE MONTHLY: 69.6 TOTAL FOR MONTH: 5.45 1 = FOG OR MIST
DPTR FM NORMAL: -1.1 DPTR FM NORMAL: -0.11 2 = FOG REDUCING VISIBILITY
HIGHEST: 92 ON 25 GRTST 24HR 1.42 ON 27-27 TO 1/4 MILE OR LESS
LOWEST: 42 ON 9 3 = THUNDER
SNOW, ICE PELLETS, HAIL 4 = ICE PELLETS
TOTAL MONTH: 0.0 INCH 5 = HAIL
GRTST 24HR 0.0 6 = FREEZING RAIN OR DRIZZLE
GRTST DEPTH: 0 7 = DUSTSTORM OR SANDSTORM:
VSBY 1/2 MILE OR LESS
8 = SMOKE OR HAZE
[NO. OF DAYS WITH] [WEATHER - DAYS WITH] 9 = BLOWING SNOW
X = TORNADO
MAX 32 OR BELOW: 0 0.01 INCH OR MORE: 9
MAX 90 OR ABOVE: 2 0.10 INCH OR MORE: 8
MIN 32 OR BELOW: 0 0.50 INCH OR MORE: 5
MIN 0 OR BELOW: 0 1.00 INCH OR MORE: 1
[HDD (BASE 65) ]
TOTAL THIS MO. 44 CLEAR (SCALE 0-3) 19
DPTR FM NORMAL 20 PTCLDY (SCALE 4-7) 12
TOTAL FM JUL 1 2392 CLOUDY (SCALE 8-10) 0
DPTR FM NORMAL -564
[CDD (BASE 65) ]
TOTAL THIS MO. 192
DPTR FM NORMAL -9 [PRESSURE DATA]
TOTAL FM JAN 1 279 HIGHEST SLP 30.31 ON 11
DPTR FM NORMAL 2 LOWEST SLP 29.71 ON 17
[REMARKS]
#FINAL-05-20#