000
CXUS54 KMEG 011534
CLMTUP
CLIMATE REPORT
NATIONAL WEATHER SERVICE MEMPHIS TN
1034 AM CDT FRI SEP 01 2023
...................................
...THE TUPELO CLIMATE SUMMARY FOR THE MONTH OF AUGUST 2023...
CLIMATE NORMAL PERIOD 1991 TO 2020
CLIMATE RECORD PERIOD 1930 TO 2023
WEATHER OBSERVED NORMAL DEPART LAST YEAR`S
VALUE DATE(S) VALUE FROM VALUE DATE(S)
NORMAL
................................................................
TEMPERATURE (F)
RECORD
HIGH 108 08/27/1943
LOW 51 08/09/1976
HIGHEST 101 08/25 90 11 98 08/15
08/26
LOWEST 62 08/31 69 -7 66 08/14
AVG. MAXIMUM 92.3 91.9 0.4 91.9
AVG. MINIMUM 72.3 71.2 1.1 72.9
MEAN 82.3 81.6 0.7 82.4
DAYS MAX >= 90 21 19.6 1.4 25
DAYS MAX <= 32 0 0.0 0.0 0
DAYS MIN <= 32 0 0.0 0.0 0
DAYS MIN <= 0 0 0.0 0.0 0
PRECIPITATION (INCHES)
RECORD
MAXIMUM 11.70 2003
MINIMUM 0.00 1983
TOTALS 3.87 4.07 -0.20 5.86
DAILY AVG. 0.12 0.13 -0.01 0.19
DAYS >= .01 11 8.9 2.1 15
DAYS >= .10 6 5.9 0.1 10
DAYS >= .50 2 2.9 -0.9 3
DAYS >= 1.00 1 1.3 -0.3 2
GREATEST
24 HR. TOTAL 1.60 08/10 TO 08/10
SNOWFALL (INCHES)
RECORDS
TOTAL MM MM
TOTALS 0.0 0.0 0.0 0.0
SINCE 7/1 0.0 0.0 0.0 MM
SNOWDEPTH AVG. 0 0
DAYS >= 1.0 0 0.0 0.0 0
GREATEST
SNOW DEPTH 0 0 MM
24 HR TOTAL MM
DEGREE DAYS
HEATING TOTAL 0 0 0 0
SINCE 7/1 0 0 0 MM
COOLING TOTAL 546 513 33 545
SINCE 1/1 1937 1800 137 MM
................................................................
WIND (MPH)
AVERAGE WIND SPEED 5.2
HIGHEST WIND SPEED/DIRECTION 37/340 DATE 08/10
HIGHEST GUST SPEED/DIRECTION 52/330 DATE 08/10
SKY COVER
POSSIBLE SUNSHINE (PERCENT) MM
AVERAGE SKY COVER 0.17
NUMBER OF DAYS FAIR 27
NUMBER OF DAYS PC 2
NUMBER OF DAYS CLOUDY 2
AVERAGE RH (PERCENT) 74
WEATHER CONDITIONS. NUMBER OF DAYS WITH
THUNDERSTORM 12 MIXED PRECIP 0
HEAVY RAIN 5 RAIN 6
LIGHT RAIN 10 FREEZING RAIN 0
LT FREEZING RAIN 0 HAIL 0
HEAVY SNOW 0 SNOW 0
LIGHT SNOW 0 SLEET 0
FOG 18 FOG W/VIS <= 1/4 MILE 3
HAZE 6
- INDICATES NEGATIVE NUMBERS.
R INDICATES RECORD WAS SET OR TIED.
MM INDICATES DATA IS MISSING.
T INDICATES TRACE AMOUNT.
$$