000
CXUS55 KTWC 010855
CF6TUS
PRELIMINARY LOCAL CLIMATOLOGICAL DATA (WS FORM: F-6)
STATION: TUCSON AZ
MONTH: NOVEMBER
YEAR: 2022
LATITUDE: 32 7 N
LONGITUDE: 110 56 W
TEMPERATURE IN F: :PCPN: SNOW: WIND :SUNSHINE: SKY :PK WND
================================================================================
1 2 3 4 5 6A 6B 7 8 9 10 11 12 13 14 15 16 17 18
12Z AVG MX 2MIN
DY MAX MIN AVG DEP HDD CDD WTR SNW DPTH SPD SPD DIR MIN PSBL S-S WX SPD DR
================================================================================
1 81 53 67 0 0 2 0.00 M M 8.6 20 220 M M 0 8 27 180
2 78 51 65 -2 0 0 0.00 M M 10.8 23 210 M M M 8 30 190
3 65 46 56 -10 9 0 T M M 12.6 23 320 M M 6 8 32 220
4 62 37 50 -16 15 0 0.00 M M 4.7 14 350 M M 0 19 310
5 72 36 54 -12 11 0 0.00 M M 5.4 13 160 M M 0 22 160
6 83 45 64 -1 1 0 0.00 M M 7.3 16 150 M M 0 20 160
7 83 48 66 1 0 1 0.00 M M 6.4 14 200 M M 0 19 120
8 82 48 65 1 0 0 0.00 M M 7.6 18 230 M M 0 27 220
9 76 54 65 1 0 0 0.00 M M 9.6 22 230 M M 2 8 33 240
10 67 48 58 -6 7 0 0.00 M M 6.1 15 350 M M 6 21 320
11 68 39 54 -9 11 0 0.00 M M 4.8 13 330 M M 0 17 340
12 76 42 59 -4 6 0 0.00 M M 6.4 13 140 M M 0 18 140
13 75 44 60 -2 5 0 T M M 10.7 22 290 M M 0 31 270
14 66 38 52 -10 13 0 0.00 M M 4.6 10 140 M M M 15 300
15 72 38 55 -7 10 0 0.00 M M 6.0 14 350 M M 0 19 340
16 68 38 53 -8 12 0 0.00 M M 4.9 13 350 M M M 17 360
17 72 46 59 -2 6 0 0.00 M M 7.9 22 120 M M M 29 130
18 75 44 60 0 5 0 0.00 M M 6.3 16 340 M M M 8 22 170
19 72 41 57 -3 8 0 0.00 M M 4.9 10 120 M M M 15 170
20 68 49 59 -1 6 0 0.00 M M 10.9 29 130 M M M 37 130
21 73 49 61 2 4 0 0.00 M M 10.6 24 130 M M 0 32 130
22 75 44 60 1 5 0 0.00 M M 4.7 13 120 M M 0 M M
23 74 43 59 1 6 0 0.00 M M 6.4 14 290 M M 0 28 270
24 65 36 51 -7 14 0 0.00 M M 7.3 21 340 M M 0 31 350
25 67 42 55 -3 10 0 0.00 M M 5.6 16 150 M M 0 21 140
26 70 36 53 -4 12 0 0.00 M M 4.6 13 160 M M 0 16 360
27 70 37 54 -3 11 0 0.00 M M 6.0 13 300 M M 0 19 310
28 73 42 58 1 7 0 0.00 M M 8.3 21 240 M M 0 8 27 260
29 69 46 58 2 7 0 0.00 M M 5.8 14 190 M M 0 21 190
30 76 43 60 4 5 0 0.00 M M 6.5 15 230 M M 0 8 22 170
================================================================================
SM 2173 1303 206 3 T M 212.3 M 14
================================================================================
AV 72.4 43.4 7.1 FASTST M M 1 MAX(MPH)
MISC ----> 29 130 37 130
================================================================================
NOTES:
# LAST OF SEVERAL OCCURRENCES
COLUMN 17 PEAK WIND IN M.P.H.
PRELIMINARY LOCAL CLIMATOLOGICAL DATA (WS FORM: F-6) , PAGE 2
STATION: TUCSON AZ
MONTH: NOVEMBER
YEAR: 2022
LATITUDE: 32 7 N
LONGITUDE: 110 56 W
[TEMPERATURE DATA] [PRECIPITATION DATA] SYMBOLS USED IN COLUMN 16
AVERAGE MONTHLY: 57.9 TOTAL FOR MONTH: T 1 = FOG OR MIST
DPTR FM NORMAL: -3.6 DPTR FM NORMAL: -0.56 2 = FOG REDUCING VISIBILITY
HIGHEST: 83 ON 7, 6 GRTST 24HR T ON 3- 3 TO 1/4 MILE OR LESS
LOWEST: 36 ON 26,24 3 = THUNDER
SNOW, ICE PELLETS, HAIL 4 = ICE PELLETS
TOTAL MONTH: M 5 = HAIL
GRTST 24HR M ON M 6 = FREEZING RAIN OR DRIZZLE
GRTST DEPTH: M ON M 7 = DUSTSTORM OR SANDSTORM:
VSBY 1/2 MILE OR LESS
8 = SMOKE OR HAZE
[NO. OF DAYS WITH] [WEATHER - DAYS WITH] 9 = BLOWING SNOW
X = TORNADO
MAX 32 OR BELOW: 0 0.01 INCH OR MORE: 0
MAX 90 OR ABOVE: 0 0.10 INCH OR MORE: 0
MIN 32 OR BELOW: 0 0.50 INCH OR MORE: 0
MIN 0 OR BELOW: 0 1.00 INCH OR MORE: 0
[HDD (BASE 65) ]
TOTAL THIS MO. 206 CLEAR (SCALE 0-3) 21
DPTR FM NORMAL 55 PTCLDY (SCALE 4-7) 2
TOTAL FM JUL 1 223 CLOUDY (SCALE 8-10) 7
DPTR FM NORMAL 55
[CDD (BASE 65) ]
TOTAL THIS MO. 3
DPTR FM NORMAL -43 [PRESSURE DATA]
TOTAL FM JAN 1 3707 HIGHEST SLP M ON M
DPTR FM NORMAL 284 LOWEST SLP 29.74 ON 29
[REMARKS]
#FINAL-11-22#